{"id":12142,"date":"2020-09-09T21:40:11","date_gmt":"2020-09-09T20:40:11","guid":{"rendered":"https:\/\/minesup.gov.cm\/?page_id=12142"},"modified":"2024-02-26T14:25:58","modified_gmt":"2024-02-26T13:25:58","slug":"jagora-university","status":"publish","type":"page","link":"https:\/\/www.minesup.gov.cm\/index.php\/jagora-university\/","title":{"rendered":"Jagora University"},"content":{"rendered":"<p><img loading=\"lazy\" class=\"size-full wp-image-18400 aligncenter\" src=\"http:\/\/www.minesup.gov.cm\/wp-content\/uploads\/2024\/01\/PastedGraphic-2-2.png\" alt=\"\" width=\"238\" height=\"56\" \/><\/p>\n<p style=\"text-align: center;\"><strong>IDENTIFICATION<\/strong><\/p>\n<p style=\"text-align: justify;\"><strong><span style=\"text-decoration: underline;\">Nom de l\u2019institution\u00a0:<\/span><\/strong> Jagora University<br \/>\n<strong><span style=\"text-decoration: underline;\">Nom du promoteur\u00a0:<\/span> <\/strong>Dr. Mahamouda Salouhou<br \/>\n<strong><span style=\"text-decoration: underline;\">R\u00e9gion\u00a0:<\/span><\/strong> Centre<br \/>\n<strong><span style=\"text-decoration: underline;\">D\u00e9partement\u00a0:<\/span><\/strong> Mfoundi<br \/>\n<strong><span style=\"text-decoration: underline;\">Arrondissement\u00a0:<\/span><\/strong> Yaound\u00e9<br \/>\n<strong><span style=\"text-decoration: underline;\">Site de localisation\u00a0:<\/span><\/strong> Nouvelle Route Bastos<br \/>\n<span style=\"text-decoration: underline;\"><strong>Adresse postale\u00a0:<\/strong><\/span> BP: 11 550<br \/>\n<strong><span style=\"text-decoration: underline;\">T\u00e9l\u00e9phone\u00a0:<\/span> <\/strong>+237 691250658<br \/>\n<strong><span style=\"text-decoration: underline;\">Email\u00a0:<\/span><\/strong> <a href=\"mailto:contact@jagora.org\">contact@jagora.org<\/a><br \/>\n<strong><span style=\"text-decoration: underline;\">Site web :<\/span><\/strong>\u00a0 <a href=\"http:\/\/ww.jagora.org\" target=\"_blank\" rel=\"noopener noreferrer\">www.jagora.org<\/a><br \/>\n<strong><span style=\"text-decoration: underline;\">\u2028Adresse dans les r\u00e9seaux sociaux\u00a0:<\/span><\/strong> <a href=\"https:\/\/www.facebook.com\/DjagoraUniversity\" target=\"_blank\" rel=\"noopener noreferrer\">https:\/\/www.facebook.com\/DjagoraUniversity<\/a><\/p>\n<p style=\"text-align: center;\"><strong>INFORMATIONS SUR LE STATUT D\u2019ACCR\u00c9DITATION<\/strong><\/p>\n<p style=\"text-align: justify;\"><strong><span style=\"text-decoration: underline;\">Arr\u00eat\u00e9s portant cr\u00e9ation\u00a0:<\/span><\/strong> N\u00b019\/00141\/MINESUP\/CAB du 05 Juillet 2019<br \/>\n<strong><span style=\"text-decoration: underline;\">Autorisation d\u2019ouverture\u00a0:<\/span><\/strong> N\u00b020-06354\/L\/MINESUP\/DDES\/SD du 03 septembre 2020<br \/>\n<a href=\"https:\/\/minesup.gov.cm\/wp-content\/uploads\/2023\/09\/Autorisation.pdf\">D\u00e9cision autorisant la d\u00e9localisation de programm\u00e9s de formation et de dipl\u00f4mes \u00e9trangers \u00e0 l&rsquo;\u00c9cole Sup\u00e9rieure Internationale de G\u00e9nie Num\u00e9rique de Sangm\u00e9lima de l&rsquo;Universit\u00e9 Inter-\u00c9tats Congo-Cameroun<\/a><\/p>\n<p style=\"text-align: center;\"><strong>FILI\u00c8RES, SP\u00c9CIALIT\u00c9S ET DIPL\u00d4MES AUTORIS\u00c9ES<\/strong><\/p>\n<p style=\"text-align: justify;\"><strong><span style=\"text-decoration: underline;\">Dipl\u00f4me\u00a0:<\/span><\/strong> DUT, BTS, Licence, Licence Professionnelle, Bachelor of Computer Applications, \u00a0Bachelor of Business Administration, Master, Master Professionnel, Master of Business Administration, MBA, VAE, \u00a0Doctorat PhD.<br \/>\n<strong><span style=\"text-decoration: underline;\">Fili\u00e8re :<\/span><\/strong> Management et Leadership, Gestion, Technologie de l\u2019Information et de la Communication, Aeronautique, Genie Industriel, Ing\u00e9nierie de la Sant\u00e9, Sanitaires et Social, Sciences Sociales et Transport Logistique, \u00a0Computer Applications, Data Science, Human ressources.<br \/>\n<strong><span style=\"text-decoration: underline;\">Sp\u00e9cialit\u00e9s\u00a0<\/span><\/strong>: Assurance Qualit\u00e9, Excellence Op\u00e9rationnelle, Assurance Qualit\u00e9 en A\u00e9ronautique, Management et Leadership, Informatique, Communication, T\u00e9l\u00e9communication, Comptabilit\u00e9 et Finance, Logistique et Achats, Commerce International, Entrepreunariat.<\/p>\n","protected":false},"excerpt":{"rendered":"<p>&#46;&#46;&#46;<\/p>\n","protected":false},"author":2,"featured_media":0,"parent":0,"menu_order":0,"comment_status":"closed","ping_status":"closed","template":"","meta":[],"_links":{"self":[{"href":"https:\/\/www.minesup.gov.cm\/index.php\/wp-json\/wp\/v2\/pages\/12142"}],"collection":[{"href":"https:\/\/www.minesup.gov.cm\/index.php\/wp-json\/wp\/v2\/pages"}],"about":[{"href":"https:\/\/www.minesup.gov.cm\/index.php\/wp-json\/wp\/v2\/types\/page"}],"author":[{"embeddable":true,"href":"https:\/\/www.minesup.gov.cm\/index.php\/wp-json\/wp\/v2\/users\/2"}],"replies":[{"embeddable":true,"href":"https:\/\/www.minesup.gov.cm\/index.php\/wp-json\/wp\/v2\/comments?post=12142"}],"version-history":[{"count":10,"href":"https:\/\/www.minesup.gov.cm\/index.php\/wp-json\/wp\/v2\/pages\/12142\/revisions"}],"predecessor-version":[{"id":18430,"href":"https:\/\/www.minesup.gov.cm\/index.php\/wp-json\/wp\/v2\/pages\/12142\/revisions\/18430"}],"wp:attachment":[{"href":"https:\/\/www.minesup.gov.cm\/index.php\/wp-json\/wp\/v2\/media?parent=12142"}],"curies":[{"name":"wp","href":"https:\/\/api.w.org\/{rel}","templated":true}]}}