{"id":13982,"date":"2021-07-22T14:14:59","date_gmt":"2021-07-22T13:14:59","guid":{"rendered":"https:\/\/minesup.gov.cm\/?page_id=13982"},"modified":"2025-03-05T14:51:37","modified_gmt":"2025-03-05T13:51:37","slug":"inspection-generale-des-affaires-academiques","status":"publish","type":"page","link":"https:\/\/www.minesup.gov.cm\/index.php\/inspection-generale-des-affaires-academiques\/","title":{"rendered":"Inspection G\u00e9n\u00e9rale des Affaires Acad\u00e9miques (IGA)"},"content":{"rendered":"\n<figure class=\"wp-block-table\"><table><tbody><tr><td class=\"has-text-align-center\" data-align=\"center\"><img loading=\"lazy\" width=\"1708\" height=\"1920\" class=\"wp-image-14379\" style=\"width: 160px;\" src=\"https:\/\/minesup.gov.cm\/wp-content\/uploads\/2022\/04\/Pr-FOUDA-IGA-scaled-e1650882345848.jpg\" alt=\"\" srcset=\"https:\/\/www.minesup.gov.cm\/wp-content\/uploads\/2022\/04\/Pr-FOUDA-IGA-scaled-e1650882345848.jpg 1708w, https:\/\/www.minesup.gov.cm\/wp-content\/uploads\/2022\/04\/Pr-FOUDA-IGA-scaled-e1650882345848-267x300.jpg 267w, https:\/\/www.minesup.gov.cm\/wp-content\/uploads\/2022\/04\/Pr-FOUDA-IGA-scaled-e1650882345848-911x1024.jpg 911w, https:\/\/www.minesup.gov.cm\/wp-content\/uploads\/2022\/04\/Pr-FOUDA-IGA-scaled-e1650882345848-768x863.jpg 768w, https:\/\/www.minesup.gov.cm\/wp-content\/uploads\/2022\/04\/Pr-FOUDA-IGA-scaled-e1650882345848-1366x1536.jpg 1366w\" sizes=\"(max-width: 1708px) 100vw, 1708px\" \/><br><strong>Pr FOUDA NDJODO Marcel<\/strong><br>Inspecteur G\u00e9n\u00e9ral des Affaires Acad\u00e9miques<\/td><\/tr><\/tbody><\/table><\/figure>\n\n\n\n<figure class=\"wp-block-table\"><table class=\"has-fixed-layout\"><tbody><tr><td class=\"has-text-align-center\" data-align=\"center\"><img loading=\"lazy\" width=\"630\" height=\"803\" class=\"wp-image-19499\" style=\"width: 150px;\" src=\"https:\/\/www.minesup.gov.cm\/wp-content\/uploads\/2025\/03\/WhatsApp-Image-2025-03-05-at-14.09.39-e1741182649515.jpeg\" alt=\"\" srcset=\"https:\/\/www.minesup.gov.cm\/wp-content\/uploads\/2025\/03\/WhatsApp-Image-2025-03-05-at-14.09.39-e1741182649515.jpeg 630w, https:\/\/www.minesup.gov.cm\/wp-content\/uploads\/2025\/03\/WhatsApp-Image-2025-03-05-at-14.09.39-e1741182649515-235x300.jpeg 235w\" sizes=\"(max-width: 630px) 100vw, 630px\" \/><br><strong>Pr Mbouombouo Ndassa Ibrahim<\/strong><br><em>Inspecteur des Affaires Acad\u00e9miques N\u00b0<\/em>1<\/td><td class=\"has-text-align-center\" data-align=\"center\"><br><strong>Pr ASONGWE Patricia <\/strong><br><em>Inspecteur des Affaires Acad\u00e9miques N\u00b02<\/em><\/td><td class=\"has-text-align-center\" data-align=\"center\"><img loading=\"lazy\" width=\"779\" height=\"909\" class=\"wp-image-17929\" style=\"width: 150px;\" src=\"https:\/\/minesup.gov.cm\/wp-content\/uploads\/2023\/10\/WhatsApp-Image-2023-10-10-at-20.22.49-e1697016951369.jpeg\" alt=\"\" srcset=\"https:\/\/www.minesup.gov.cm\/wp-content\/uploads\/2023\/10\/WhatsApp-Image-2023-10-10-at-20.22.49-e1697016951369.jpeg 779w, https:\/\/www.minesup.gov.cm\/wp-content\/uploads\/2023\/10\/WhatsApp-Image-2023-10-10-at-20.22.49-e1697016951369-257x300.jpeg 257w, https:\/\/www.minesup.gov.cm\/wp-content\/uploads\/2023\/10\/WhatsApp-Image-2023-10-10-at-20.22.49-e1697016951369-768x896.jpeg 768w\" sizes=\"(max-width: 779px) 100vw, 779px\" \/><br><strong>Dr AMENGLE Albert Ludovice<\/strong><br><em>Inspecteur des Affaires Acad\u00e9miques N\u00b03<\/em><\/td><td class=\"has-text-align-center\" data-align=\"center\"><img loading=\"lazy\" width=\"2053\" height=\"2560\" class=\"wp-image-14503\" style=\"width: 150px;\" src=\"https:\/\/minesup.gov.cm\/wp-content\/uploads\/2022\/04\/IA-4-scaled.jpg\" alt=\"\" srcset=\"https:\/\/www.minesup.gov.cm\/wp-content\/uploads\/2022\/04\/IA-4-scaled.jpg 2053w, https:\/\/www.minesup.gov.cm\/wp-content\/uploads\/2022\/04\/IA-4-241x300.jpg 241w, https:\/\/www.minesup.gov.cm\/wp-content\/uploads\/2022\/04\/IA-4-821x1024.jpg 821w, https:\/\/www.minesup.gov.cm\/wp-content\/uploads\/2022\/04\/IA-4-768x958.jpg 768w, https:\/\/www.minesup.gov.cm\/wp-content\/uploads\/2022\/04\/IA-4-1232x1536.jpg 1232w, https:\/\/www.minesup.gov.cm\/wp-content\/uploads\/2022\/04\/IA-4-1642x2048.jpg 1642w\" sizes=\"(max-width: 2053px) 100vw, 2053px\" \/><br><strong>Dr NKENGFACK NEMBONGWE Germaine<\/strong><br><em>Inspecteur des Affaires Acad\u00e9miques N\u00b04<\/em><\/td><\/tr><\/tbody><\/table><\/figure>\n\n\n<p style=\"text-align: justify;\"><span style=\"text-decoration: underline;\">Article 7<\/span>.- Plac\u00e9e sous l&rsquo;autorit\u00e9 d&rsquo;un Inspecteur G\u00e9n\u00e9ral, l&rsquo;Inspection G\u00e9n\u00e9rale des Affaires Acad\u00e9miques est charg\u00e9e : <br>&#8211; de l&rsquo;information du Ministre sur le respect par les institutions, les \u00e9tablissements universitaires, les \u00e9tablissements publics d&rsquo;enseignement sup\u00e9rieur \u00e0 statut particulier sous tutelle acad\u00e9mique, des normes acad\u00e9miques, ainsi que des r\u00e8gles \u00e9tablies dans les domaines de la d\u00e9ontologie et de l&rsquo;\u00e9thique universitaires ; <br>&#8211; de l&rsquo;information sur l&rsquo;\u00e9volution des m\u00e9thodes d&rsquo;enseignement et d&rsquo;\u00e9valuation dans le cadre de la promotion de la qualit\u00e9 au sein du syst\u00e8me national de l&rsquo;enseignement sup\u00e9rieur ; <br>&#8211; de l&rsquo;information du Ministre\u00b7 sur les objectifs et les projets en mati\u00e8re de renforcement des capacit\u00e9s institutionnelles des institutions universitaires ; <br>&#8211; du contr\u00f4le et de l&rsquo;\u00e9valuation des activit\u00e9s acad\u00e9miques des institutions et \u00e9tablissements universitaires publics et priv\u00e9s, ainsi que des \u00e9tablissements publics d&rsquo;enseignement sup\u00e9rieur sous tutelle acad\u00e9mique et \u00e0 statut particulier ; <br>&#8211; du contr\u00f4le et de l&rsquo;\u00e9valuation de l&rsquo;ex\u00e9cution des contrats de performance ou de gestion acad\u00e9mique sign\u00e9s entre le Minist\u00e8re et les institutions et \u00e9tablissements universitaires, ainsi que les \u00e9tablissements publics d&rsquo;enseignement sup\u00e9rieur \u00e0 statut particulier ; <br>&#8211; du contr\u00f4le et de l&rsquo;\u00e9valuation de l&rsquo;application des conventions sign\u00e9es entre l&rsquo;Etat ou les universit\u00e9s et les institutions priv\u00e9es d&rsquo;enseignement sup\u00e9rieur ; <br>-du contr\u00f4le et de l&rsquo;\u00e9valuation des activit\u00e9s de recherche, de coop\u00e9ration et de partenariat des institutions et \u00e9tablissements universitaires, en liaison avec le Conseil de l&rsquo;Enseignement Sup\u00e9rieur et de la Recherche Scientifique et Technique ; <br>&#8211; de l&rsquo;\u00e9valuation de la mise en \u0153uvre de la politique gouvernementale de recherche et de coop\u00e9ration universitaire, en rapport avec les orientations du Conseil de l&rsquo;Enseignement Sup\u00e9rieur et de la Recherche Scientifique et Technique.<\/p>\n<p style=\"text-align: justify;\"><span style=\"text-decoration: underline;\">Article 8.<\/span>&#8211; <strong>(1)<\/strong> Dans l&rsquo;accomplissement de leurs missions de contr\u00f4le et d&rsquo;\u00e9valuation, l&rsquo;Inspecteur <br>G\u00e9n\u00e9ral et les Inspecteurs ont acc\u00e8s \u00e0 tous les documents des services contr\u00f4l\u00e9s. <br>A ce titre, ils peuvent : <br>&#8211; demander par \u00e9crit des informations, explications ou documents aux responsables des services contr\u00f4l\u00e9s qui sont tenus de r\u00e9pondre dans les d\u00e9lais impartis ; <br>&#8211; disposer, sur leur demande et \u00e0 titre ponctuel, du personnel n\u00e9cessaire relevant d&rsquo;autres services du Minist\u00e8re. <br><strong>(2)<\/strong> Chaque mission d&rsquo;inspection ou de contr\u00f4le donne lieu \u00e0 la r\u00e9daction d&rsquo;un rapport adress\u00e9 au Ministre avec copie au Secr\u00e9taire G\u00e9n\u00e9ral. <br>Le Ministre adresse trimestriellement un rapport de contr\u00f4le, ainsi que le rapport annuel d&rsquo;activit\u00e9s de l&rsquo;Inspection G\u00e9n\u00e9rale des Affaires Acad\u00e9miques au Premier Ministre, Chef du Gouvernement. <br><strong>(3)<\/strong> L&rsquo;Inspection G\u00e9n\u00e9rale des Affaires Acad\u00e9miques comprend, outre l&rsquo;Inspecteur G\u00e9n\u00e9ral, quatre (04) Inspecteurs des Affaires Acad\u00e9miques.<\/p>\n\n\n<p><\/p>\n","protected":false},"excerpt":{"rendered":"<p>&#46;&#46;&#46;<\/p>\n","protected":false},"author":2,"featured_media":0,"parent":0,"menu_order":0,"comment_status":"closed","ping_status":"closed","template":"","meta":[],"_links":{"self":[{"href":"https:\/\/www.minesup.gov.cm\/index.php\/wp-json\/wp\/v2\/pages\/13982"}],"collection":[{"href":"https:\/\/www.minesup.gov.cm\/index.php\/wp-json\/wp\/v2\/pages"}],"about":[{"href":"https:\/\/www.minesup.gov.cm\/index.php\/wp-json\/wp\/v2\/types\/page"}],"author":[{"embeddable":true,"href":"https:\/\/www.minesup.gov.cm\/index.php\/wp-json\/wp\/v2\/users\/2"}],"replies":[{"embeddable":true,"href":"https:\/\/www.minesup.gov.cm\/index.php\/wp-json\/wp\/v2\/comments?post=13982"}],"version-history":[{"count":6,"href":"https:\/\/www.minesup.gov.cm\/index.php\/wp-json\/wp\/v2\/pages\/13982\/revisions"}],"predecessor-version":[{"id":19504,"href":"https:\/\/www.minesup.gov.cm\/index.php\/wp-json\/wp\/v2\/pages\/13982\/revisions\/19504"}],"wp:attachment":[{"href":"https:\/\/www.minesup.gov.cm\/index.php\/wp-json\/wp\/v2\/media?parent=13982"}],"curies":[{"name":"wp","href":"https:\/\/api.w.org\/{rel}","templated":true}]}}