{"id":13986,"date":"2021-07-22T14:48:40","date_gmt":"2021-07-22T13:48:40","guid":{"rendered":"https:\/\/minesup.gov.cm\/?page_id=13986"},"modified":"2026-02-20T11:42:21","modified_gmt":"2026-02-20T10:42:21","slug":"secretariat-general","status":"publish","type":"page","link":"https:\/\/www.minesup.gov.cm\/index.php\/secretariat-general\/","title":{"rendered":"Secr\u00e9tariat G\u00e9n\u00e9ral"},"content":{"rendered":"\n<div class=\"wp-block-image\"><figure class=\"aligncenter size-large is-resized\"><img loading=\"lazy\" src=\"https:\/\/www.minesup.gov.cm\/wp-content\/uploads\/2026\/02\/WhatsApp-Image-2026-02-19-at-09.55.59-e1771583802539-edited-3.jpeg\" alt=\"\" class=\"wp-image-20150\" width=\"-559\" height=\"-607\" srcset=\"https:\/\/www.minesup.gov.cm\/wp-content\/uploads\/2026\/02\/WhatsApp-Image-2026-02-19-at-09.55.59-e1771583802539-edited-3.jpeg 660w, https:\/\/www.minesup.gov.cm\/wp-content\/uploads\/2026\/02\/WhatsApp-Image-2026-02-19-at-09.55.59-e1771583802539-edited-3-277x300.jpeg 277w\" sizes=\"(max-width: 660px) 100vw, 660px\" \/><figcaption><strong>Pr Wilfred GABSA NYONGBET<\/strong><br><em>Secr\u00e9taire G\u00e9n\u00e9ral<\/em><\/figcaption><\/figure><\/div>\n\n\n<p style=\"text-align: justify;\"><span style=\"text-decoration: underline;\">Article 10.-<\/span> <strong>(1)<\/strong> Le Secr\u00e9tariat G\u00e9n\u00e9ral est plac\u00e9 sous l&rsquo;autorit\u00e9 d&rsquo;un Secr\u00e9taire G\u00e9n\u00e9ral, principal collaborateur du Ministre, qui suit l&rsquo;instruction des affaires du D\u00e9partement et re\u00e7oit du Ministre les d\u00e9l\u00e9gations de signature n\u00e9cessaires. <br \/>A ce titre, il : <br \/>&#8211; coordonne l&rsquo;action des services de l&rsquo;Administration Centrale et des Services Ext\u00e9rieurs et des organismes rattach\u00e9s du Minist\u00e8re et tient, \u00e0 cet effet, des r\u00e9unions de coordination dont il adresse les proc\u00e8s-verbaux au Ministre ; <br \/>&#8211; d\u00e9finit et codifie les proc\u00e9dures internes du Minist\u00e8re ; <br \/>&#8211; veille \u00e0 la formation permanente du personnel et organise, sous l&rsquo;autorit\u00e9 du Ministre, des s\u00e9minaires et des stages de recyclage, de perfectionnement ou de sp\u00e9cialisation ; <br \/>&#8211; suit, sous l&rsquo;autorit\u00e9 du Ministre, l&rsquo;action des services rattach\u00e9s dont il approuve le programme d&rsquo;actions et re\u00e7oit les comptes rendus d&rsquo;activit\u00e9s ; veille \u00e0 la c\u00e9l\u00e9rit\u00e9 dans le traitement des dossiers, centralise les archives et g\u00e8re la documentation du Minist\u00e8re. <br \/><strong>(2)<\/strong> En cas d&rsquo;absence ou d&#8217;emp\u00eachement du Secr\u00e9taire G\u00e9n\u00e9ral, le Ministre d\u00e9signe un Directeur pour assurer son int\u00e9rim. <br \/><span style=\"text-decoration: underline;\">Article 11.<\/span>&#8211; Sont rattach\u00e9es au Secr\u00e9tariat G\u00e9n\u00e9ral :<\/p>\n<ul>\n<li><strong><a href=\"https:\/\/minesup.gov.cm\/index.php\/secretariat-general\/division-des-affaires-juridiques\/\" target=\"_blank\" rel=\"noopener\">la Division des Affaires Juridiques<\/a> ;<\/strong><\/li>\n<li><strong><a href=\"https:\/\/minesup.gov.cm\/index.php\/secretariat-general\/division-des-systemes-dinformation-dsi\/\" target=\"_blank\" rel=\"noopener\">la Division des Syst\u00e8mes d&rsquo;Information<\/a> ;<\/strong><\/li>\n<li><strong><a href=\"https:\/\/minesup.gov.cm\/index.php\/secretariat-general\/cellule-du-suivi-cs\/\" target=\"_blank\" rel=\"noopener\">la Cellule de Suivi<\/a> ;<\/strong><\/li>\n<li><strong><a href=\"https:\/\/minesup.gov.cm\/index.php\/secretariat-general\/cellule-de-la-communication-celcom\/\" target=\"_blank\" rel=\"noopener\">la Cellule de Communication<\/a> ;<\/strong><\/li>\n<li><strong><a href=\"https:\/\/minesup.gov.cm\/index.php\/secretariat-general\/cellule-de-ta-traduction-celtrad\/\" target=\"_blank\" rel=\"noopener\">la Cellule de Traduction<\/a> ;<\/strong><\/li>\n<li><strong><a href=\"https:\/\/minesup.gov.cm\/index.php\/secretariat-general\/sous-direction-de-la-documentation-et-des-archives-sddar\/\" target=\"_blank\" rel=\"noopener\">la Sous-Direction de l&rsquo;Accueil, du Courrier et de Liaison<\/a> ;<\/strong><\/li>\n<li><strong><a href=\"https:\/\/minesup.gov.cm\/index.php\/secretariat-general\/sous-direction-de-laccueil-du-courrier-et-de-liaison-sdacl\/\" target=\"_blank\" rel=\"noopener\">la Sous-Direction de la Documentation et des Archives<\/a>.\u00a0<\/strong><\/li>\n<\/ul>","protected":false},"excerpt":{"rendered":"<p>&#46;&#46;&#46;<\/p>\n","protected":false},"author":2,"featured_media":0,"parent":0,"menu_order":0,"comment_status":"closed","ping_status":"closed","template":"","meta":[],"_links":{"self":[{"href":"https:\/\/www.minesup.gov.cm\/index.php\/wp-json\/wp\/v2\/pages\/13986"}],"collection":[{"href":"https:\/\/www.minesup.gov.cm\/index.php\/wp-json\/wp\/v2\/pages"}],"about":[{"href":"https:\/\/www.minesup.gov.cm\/index.php\/wp-json\/wp\/v2\/types\/page"}],"author":[{"embeddable":true,"href":"https:\/\/www.minesup.gov.cm\/index.php\/wp-json\/wp\/v2\/users\/2"}],"replies":[{"embeddable":true,"href":"https:\/\/www.minesup.gov.cm\/index.php\/wp-json\/wp\/v2\/comments?post=13986"}],"version-history":[{"count":3,"href":"https:\/\/www.minesup.gov.cm\/index.php\/wp-json\/wp\/v2\/pages\/13986\/revisions"}],"predecessor-version":[{"id":20152,"href":"https:\/\/www.minesup.gov.cm\/index.php\/wp-json\/wp\/v2\/pages\/13986\/revisions\/20152"}],"wp:attachment":[{"href":"https:\/\/www.minesup.gov.cm\/index.php\/wp-json\/wp\/v2\/media?parent=13986"}],"curies":[{"name":"wp","href":"https:\/\/api.w.org\/{rel}","templated":true}]}}