{"id":14216,"date":"2022-04-23T11:54:35","date_gmt":"2022-04-23T10:54:35","guid":{"rendered":"https:\/\/minesup.gov.cm\/?page_id=14216"},"modified":"2026-02-20T11:43:08","modified_gmt":"2026-02-20T10:43:08","slug":"collaborateurs","status":"publish","type":"page","link":"https:\/\/www.minesup.gov.cm\/index.php\/organisation\/collaborateurs\/","title":{"rendered":"Collaborateurs"},"content":{"rendered":"\n<figure class=\"wp-block-table\"><table class=\"has-fixed-layout\"><tbody><tr><td class=\"has-text-align-center\" data-align=\"center\"><img loading=\"lazy\" width=\"259\" height=\"194\" class=\"wp-image-18448\" style=\"width: 150px;\" src=\"http:\/\/www.minesup.gov.cm\/wp-content\/uploads\/2024\/03\/JFN.jpg\" alt=\"\"><br><strong>Pr Jacques FAME NDONGO<br><\/strong><em> Ministre d\u2019Etat, Ministre de l\u2019Enseignement Sup\u00e9rieur<\/em><\/td><\/tr><tr><td class=\"has-text-align-center\" data-align=\"center\"><img loading=\"lazy\" width=\"660\" height=\"715\" class=\"wp-image-20150\" style=\"width: 150px;\" src=\"https:\/\/www.minesup.gov.cm\/wp-content\/uploads\/2026\/02\/WhatsApp-Image-2026-02-19-at-09.55.59-e1771583802539-edited-3.jpeg\" alt=\"\" srcset=\"https:\/\/www.minesup.gov.cm\/wp-content\/uploads\/2026\/02\/WhatsApp-Image-2026-02-19-at-09.55.59-e1771583802539-edited-3.jpeg 660w, https:\/\/www.minesup.gov.cm\/wp-content\/uploads\/2026\/02\/WhatsApp-Image-2026-02-19-at-09.55.59-e1771583802539-edited-3-277x300.jpeg 277w\" sizes=\"(max-width: 660px) 100vw, 660px\" \/><br><strong>Pr Wilfred GABSA NYONGBET <br><\/strong><em>Secr\u00e9taire G\u00e9n\u00e9ral<\/em><\/td><\/tr><\/tbody><\/table><\/figure>\n\n\n\n<figure class=\"wp-block-table\"><table class=\"has-fixed-layout\"><tbody><tr><td class=\"has-text-align-center\" data-align=\"center\"><img loading=\"lazy\" width=\"1696\" height=\"2246\" class=\"wp-image-19490\" style=\"width: 150px;\" src=\"https:\/\/www.minesup.gov.cm\/wp-content\/uploads\/2025\/03\/DSC_0512-1-scaled-e1741020416875.jpg\" alt=\"\" srcset=\"https:\/\/www.minesup.gov.cm\/wp-content\/uploads\/2025\/03\/DSC_0512-1-scaled-e1741020416875.jpg 1696w, https:\/\/www.minesup.gov.cm\/wp-content\/uploads\/2025\/03\/DSC_0512-1-scaled-e1741020416875-227x300.jpg 227w, https:\/\/www.minesup.gov.cm\/wp-content\/uploads\/2025\/03\/DSC_0512-1-scaled-e1741020416875-773x1024.jpg 773w, https:\/\/www.minesup.gov.cm\/wp-content\/uploads\/2025\/03\/DSC_0512-1-scaled-e1741020416875-768x1017.jpg 768w, https:\/\/www.minesup.gov.cm\/wp-content\/uploads\/2025\/03\/DSC_0512-1-scaled-e1741020416875-1160x1536.jpg 1160w, https:\/\/www.minesup.gov.cm\/wp-content\/uploads\/2025\/03\/DSC_0512-1-scaled-e1741020416875-1546x2048.jpg 1546w\" sizes=\"(max-width: 1696px) 100vw, 1696px\" \/><br><strong><strong>Pr <strong><strong>Edgard&nbsp;Patrick<\/strong><\/strong> <strong><strong>ABANE<\/strong><\/strong> ENGOLO<\/strong><br><\/strong><em>Inspecteur G\u00e9n\u00e9ral des Services<\/em><\/td><td class=\"has-text-align-center\" data-align=\"center\"><img loading=\"lazy\" width=\"1708\" height=\"1920\" class=\"wp-image-14379\" style=\"width: 150px;\" src=\"http:\/\/www.minesup.gov.cm\/wp-content\/uploads\/2022\/04\/Pr-FOUDA-IGA-scaled-e1650882345848.jpg\" alt=\"\" srcset=\"https:\/\/www.minesup.gov.cm\/wp-content\/uploads\/2022\/04\/Pr-FOUDA-IGA-scaled-e1650882345848.jpg 1708w, https:\/\/www.minesup.gov.cm\/wp-content\/uploads\/2022\/04\/Pr-FOUDA-IGA-scaled-e1650882345848-267x300.jpg 267w, https:\/\/www.minesup.gov.cm\/wp-content\/uploads\/2022\/04\/Pr-FOUDA-IGA-scaled-e1650882345848-911x1024.jpg 911w, https:\/\/www.minesup.gov.cm\/wp-content\/uploads\/2022\/04\/Pr-FOUDA-IGA-scaled-e1650882345848-768x863.jpg 768w, https:\/\/www.minesup.gov.cm\/wp-content\/uploads\/2022\/04\/Pr-FOUDA-IGA-scaled-e1650882345848-1366x1536.jpg 1366w\" sizes=\"(max-width: 1708px) 100vw, 1708px\" \/><br><strong>Pr Marcel FOUDA NDJODO<\/strong><br><em>Inspecteur G\u00e9n\u00e9ral des Affaires <\/em><br><em>Acad\u00e9miques<\/em><\/td><\/tr><tr><td class=\"has-text-align-center\" data-align=\"center\"><img loading=\"lazy\" width=\"1295\" height=\"1488\" class=\"wp-image-14368\" style=\"width: 150px;\" src=\"http:\/\/www.minesup.gov.cm\/wp-content\/uploads\/2022\/04\/CT1-scaled-e1650882864555.jpg\" alt=\"\" srcset=\"https:\/\/www.minesup.gov.cm\/wp-content\/uploads\/2022\/04\/CT1-scaled-e1650882864555.jpg 1295w, https:\/\/www.minesup.gov.cm\/wp-content\/uploads\/2022\/04\/CT1-scaled-e1650882864555-261x300.jpg 261w, https:\/\/www.minesup.gov.cm\/wp-content\/uploads\/2022\/04\/CT1-scaled-e1650882864555-891x1024.jpg 891w, https:\/\/www.minesup.gov.cm\/wp-content\/uploads\/2022\/04\/CT1-scaled-e1650882864555-768x882.jpg 768w\" sizes=\"(max-width: 1295px) 100vw, 1295px\" \/><br><strong>Pr Jean Paul MBIA MANGA<br><\/strong><em>Conseiller Technique N\u00b01<\/em><\/td><td class=\"has-text-align-center\" data-align=\"center\"><br><strong>Dr Hermine G\u00e9ralde NGO NGOA<br><\/strong><em>Conseiller Technique N\u00b02<\/em><\/td><\/tr><\/tbody><\/table><\/figure>\n\n\n<p>&#8211; <a href=\"https:\/\/minesup.gov.cm\/index.php\/inspection-generale-des-services-igs\/\" target=\"_blank\" rel=\"noopener\">Inspection G\u00e9n\u00e9rale des Services (IGS)<\/a> <br>&#8211; <a href=\"https:\/\/minesup.gov.cm\/index.php\/inspection-generale-des-affaires-academiques\/\" target=\"_blank\" rel=\"noopener\">Inspection G\u00e9n\u00e9rale des Affaires Acad\u00e9miques (IGA)<\/a><\/p>\n<p style=\"text-align: center;\"><span style=\"color: #000080;\"><strong>ADMINISTRATION CENTRALE<\/strong><\/span><\/p>\n<p>&#8211; <a href=\"https:\/\/minesup.gov.cm\/index.php\/secretariat-general\/\" target=\"_blank\" rel=\"noopener\">le Secr\u00e9tariat G\u00e9n\u00e9ral<\/a> ;<\/p>\n<ul>\n<li><a href=\"https:\/\/minesup.gov.cm\/index.php\/secretariat-general\/division-des-affaires-juridiques\/\" target=\"_blank\" rel=\"noopener\">la Division des Affaires Juridiques<\/a> ;<\/li>\n<li><a href=\"https:\/\/minesup.gov.cm\/index.php\/secretariat-general\/division-des-systemes-dinformation-dsi\/\" target=\"_blank\" rel=\"noopener\">la Division des Syst\u00e8mes d&rsquo;Information<\/a> ;<\/li>\n<li><a href=\"https:\/\/minesup.gov.cm\/index.php\/secretariat-general\/cellule-du-suivi-cs\/\" target=\"_blank\" rel=\"noopener\">la Cellule de Suivi<\/a> ;<\/li>\n<li><a href=\"http:\/\/Section 4 - De la Cellule de Communication  Article 19.- (1) Plac\u00e9e sous l'autorit\u00e9 d'un Chef de Cellule, la Cellule de communication est charg\u00e9e: - de la promotion permanente de l'image du Minist\u00e8re; - de la mise en \u0153uvre de la strat\u00e9gie de communication gouvernementale au sein du Minist\u00e8re; - de la r\u00e9daction et de la publication du bulletin d'information et de toute autre publication int\u00e9ressant le Minist\u00e8re ; - de la r\u00e9daction et de la publication du bulletin d'information et de toute autre publication int\u00e9ressant le Minist\u00e8re ; - de la r\u00e9alisation des \u00e9missions sp\u00e9cialis\u00e9es du Minist\u00e8re dans les m\u00e9dias; de l'organisation des conf\u00e9rences de presse et autres actions de communication du Ministre; - du protocole et de l'organisation des c\u00e9r\u00e9monies auxquelles participe le Ministre; - de l'exploitation des articles concernant le Minist\u00e8re publi\u00e9s dans la presse nationale et internationale; - de la collecte, de l'analyse et de la conservation de la documentation journalistique et audiovisuelle du Minist\u00e8re. (2) Elle comprend, outre le Chef de Cellule, deux (02) Charg\u00e9s d'Etudes Assistants\" target=\"_blank\" rel=\"noopener\" data-wplink-url-error=\"true\">la Cellule de Communication<\/a> ;<\/li>\n<li><a href=\"https:\/\/minesup.gov.cm\/index.php\/secretariat-general\/cellule-de-ta-traduction-celtrad\/\" target=\"_blank\" rel=\"noopener\">la Cellule de Traduction<\/a> ;<\/li>\n<li><a href=\"https:\/\/minesup.gov.cm\/index.php\/secretariat-general\/sous-direction-de-laccueil-du-courrier-et-de-liaison-sdacl\/\" target=\"_blank\" rel=\"noopener\">la Sous-Direction de l&rsquo;Accueil, du Courrier et de Liaison<\/a> ;<\/li>\n<li><a href=\"https:\/\/minesup.gov.cm\/index.php\/secretariat-general\/sous-direction-de-la-documentation-et-des-archives-sddar\/\" target=\"_blank\" rel=\"noopener\">la Sous-Direction de la Documentation et des Archives<\/a>.<\/li>\n<\/ul>\n<p>&#8211; <a href=\"https:\/\/minesup.gov.cm\/index.php\/direction-du-developpement-de-lenseignement-superieur-ddes\/\" target=\"_blank\" rel=\"noopener\">la Direction du D\u00e9veloppement de l&rsquo;Enseignement Sup\u00e9rieur<\/a>; <br>&#8211; <a href=\"https:\/\/minesup.gov.cm\/index.php\/direction-de-la-coordination-des-activites-academiques-dcaa\/\" target=\"_blank\" rel=\"noopener\">la Direction de la Coordination des Activit\u00e9s Acad\u00e9miques<\/a> ; <br>&#8211; <a href=\"https:\/\/minesup.gov.cm\/index.php\/direction-des-accreditations-universitaires-et-de-la-qualite-dauq\/\" target=\"_blank\" rel=\"noopener\">la Direction des Accr\u00e9ditations Universitaires et de la Qualit\u00e9<\/a> ; <br>&#8211; <a href=\"https:\/\/minesup.gov.cm\/index.php\/direction-de-lassistance-et-des-oeuvres-universitaires-daou\/\" target=\"_blank\" rel=\"noopener\">la Direction de l&rsquo;Assistance et des \u0152uvres Universitaires<\/a> ; <br>&#8211; <a href=\"https:\/\/minesup.gov.cm\/index.php\/division-de-la-recherche-et-de-la-cooperation-universitaires-drcu\/\" target=\"_blank\" rel=\"noopener\">la Division de la Recherche et de la Coop\u00e9ration Universitaires<\/a> ; <br>&#8211; <a href=\"https:\/\/minesup.gov.cm\/index.php\/division-de-la-promotion-du-dialogue-et-de-la-solidarite-universitaires-dpdsu\/\" target=\"_blank\" rel=\"noopener\">la Division de la Promotion du Dialogue et de la Solidarit\u00e9 Universitaires<\/a>; <br>&#8211; <a href=\"https:\/\/minesup.gov.cm\/index.php\/division-des-etudes-de-la-prospective-et-des-statistiques-deps\/\" target=\"_blank\" rel=\"noopener\">la Division des Etudes, de la Prospective et des Statistiques<\/a>; <br>&#8211; <a href=\"https:\/\/minesup.gov.cm\/index.php\/direction-des-affaires-generales-dag\/\" target=\"_blank\" rel=\"noopener\">la Direction des Affaires G\u00e9n\u00e9rales<\/a>.<\/p>\n<p><\/p>","protected":false},"excerpt":{"rendered":"<p>&#46;&#46;&#46;<\/p>\n","protected":false},"author":2,"featured_media":0,"parent":14212,"menu_order":0,"comment_status":"closed","ping_status":"closed","template":"","meta":[],"_links":{"self":[{"href":"https:\/\/www.minesup.gov.cm\/index.php\/wp-json\/wp\/v2\/pages\/14216"}],"collection":[{"href":"https:\/\/www.minesup.gov.cm\/index.php\/wp-json\/wp\/v2\/pages"}],"about":[{"href":"https:\/\/www.minesup.gov.cm\/index.php\/wp-json\/wp\/v2\/types\/page"}],"author":[{"embeddable":true,"href":"https:\/\/www.minesup.gov.cm\/index.php\/wp-json\/wp\/v2\/users\/2"}],"replies":[{"embeddable":true,"href":"https:\/\/www.minesup.gov.cm\/index.php\/wp-json\/wp\/v2\/comments?post=14216"}],"version-history":[{"count":23,"href":"https:\/\/www.minesup.gov.cm\/index.php\/wp-json\/wp\/v2\/pages\/14216\/revisions"}],"predecessor-version":[{"id":20153,"href":"https:\/\/www.minesup.gov.cm\/index.php\/wp-json\/wp\/v2\/pages\/14216\/revisions\/20153"}],"up":[{"embeddable":true,"href":"https:\/\/www.minesup.gov.cm\/index.php\/wp-json\/wp\/v2\/pages\/14212"}],"wp:attachment":[{"href":"https:\/\/www.minesup.gov.cm\/index.php\/wp-json\/wp\/v2\/media?parent=14216"}],"curies":[{"name":"wp","href":"https:\/\/api.w.org\/{rel}","templated":true}]}}