{"id":14228,"date":"2022-04-23T12:11:54","date_gmt":"2022-04-23T11:11:54","guid":{"rendered":"https:\/\/minesup.gov.cm\/?page_id=14228"},"modified":"2022-04-25T16:08:19","modified_gmt":"2022-04-25T15:08:19","slug":"division-des-systemes-dinformation-dsi","status":"publish","type":"page","link":"https:\/\/www.minesup.gov.cm\/index.php\/secretariat-general\/division-des-systemes-dinformation-dsi\/","title":{"rendered":"Division des Syst\u00e8mes d&rsquo;Information (DSI)"},"content":{"rendered":"\n<div class=\"wp-block-image is-style-rounded\"><figure class=\"aligncenter size-full is-resized\"><img loading=\"lazy\" src=\"https:\/\/minesup.gov.cm\/wp-content\/uploads\/2022\/04\/DSI.jpeg\" alt=\"\" class=\"wp-image-14535\" width=\"197\" height=\"216\" srcset=\"https:\/\/www.minesup.gov.cm\/wp-content\/uploads\/2022\/04\/DSI.jpeg 660w, https:\/\/www.minesup.gov.cm\/wp-content\/uploads\/2022\/04\/DSI-274x300.jpeg 274w\" sizes=\"(max-width: 197px) 100vw, 197px\" \/><figcaption><strong>Pr. ATSA ETOUNDI Roger<\/strong>, Chef de Division<\/figcaption><\/figure><\/div>\n\n\n<p style=\"text-align: center;\"><span style=\"color: #003366;\"><strong>Section 2 &#8211; De la Division des Syst\u00e8mes d&rsquo;Information<\/strong><\/span><\/p>\n<p style=\"text-align: justify;\">Article 15.- (1) Plac\u00e9e sous l&rsquo;autorit\u00e9 d&rsquo;un Chef de Division, la Division des Syst\u00e8mes d&rsquo;Information est charg\u00e9e : <br>&#8211; de la conduite de l&rsquo;\u00e9laboration et du suivi de la mise en \u0153uvre du sch\u00e9ma directeur informatique du Minist\u00e8re ; <br>&#8211; du pilotage des Syst\u00e8mes d&rsquo;Information du Minist\u00e8re ; <br>&#8211; de la conception, du d\u00e9veloppement et de la maintenance des applications et des bases de donn\u00e9es relatives aux diff\u00e9rents sous syst\u00e8mes du Minist\u00e8re ; <br>&#8211; des \u00e9tudes de d\u00e9veloppement, de l&rsquo;exploitation et de la maintenance des applications et du r\u00e9seau informatique du Minist\u00e8re ; <br>&#8211; du d\u00e9veloppement et de l&rsquo;administration technique des sites Web du Minist\u00e8re, en liaison avec la Cellule de la Communication ; <br>&#8211; de la s\u00e9curit\u00e9 du syst\u00e8me informatique du Minist\u00e8re ; <br>&#8211; du traitement informatique et la diffusion des donn\u00e9es ; <br>&#8211; du suivi du travail collaboratif en ligne dans le cadre de la mise en \u0153uvre de l&rsquo;e-government, en liaison avec les administrations concern\u00e9es ; <br>&#8211; de la num\u00e9risation des documents du Minist\u00e8re et de leur conservation; <br>&#8211; du conseil en mati\u00e8re d&rsquo;investissement dans le domaine des technologies de l&rsquo;information et de la communication conform\u00e9ment \u00e0 la politique du Gouvernement en mati\u00e8re de l&rsquo;enseignement sup\u00e9rieur; <br>&#8211; du suivi des activit\u00e9s de coop\u00e9ration interuniversitaire dans le domaine des technologies de l&rsquo;information et de la communication ; <br>&#8211; de la maintenance des \u00e9quipements et des r\u00e9seaux informatiques du Minist\u00e8re; <br>&#8211; d&rsquo;assurer la surveillance, la d\u00e9tection et la fourniture de l&rsquo;information sur les risques informatiques et les actes des cybercriminels ; <br>&#8211; de la veille technologique en mati\u00e8re informatique ainsi que de la veille du cyberespace de l&rsquo;enseignement sup\u00e9rieur. <br>(2) Elle comprend: <br>&#8211; la Cellule du D\u00e9veloppement des Syst\u00e8mes d&rsquo;Information; <br>&#8211; la Cellule R\u00e9seaux et Gestion du Mat\u00e9riel Informatique.<\/p>\n<p style=\"text-align: justify;\"><span style=\"color: #000080;\"><strong>Paragraphe 1 &#8211; De la Cellule du D\u00e9veloppement des Syst\u00e8mes d&rsquo;Information<\/strong><\/span> <br>Article 16.- (1) Plac\u00e9e sous l&rsquo;autorit\u00e9 d&rsquo;un Chef de Cellule, la Cellule du D\u00e9veloppement des Syst\u00e8mes d&rsquo;Information est charg\u00e9e: <br>&#8211; de l&rsquo;\u00e9laboration et la mise en \u0153uvre du sch\u00e9ma directeur informatique du Minist\u00e8re; <br>&#8211; de l&rsquo;\u00e9tude et les avis techniques sur le fonctionnement des syst\u00e8mes d&rsquo;information du Minist\u00e8re; <br>&#8211; de la conception, du d\u00e9veloppement et de la maintenance des applications et des bases de donn\u00e9es relatives aux diff\u00e9rents sous-syst\u00e8mes du Minist\u00e8re; <br>&#8211; du d\u00e9veloppement et de l&rsquo;administration technique des sites web du Minist\u00e8re, en liaison avec la Cellule de Communication; <br>&#8211; de l&rsquo;archivage et de la conservation des donn\u00e9es num\u00e9riques du Minist\u00e8re, en liaison avec les structures comp\u00e9tentes concern\u00e9es ;<\/p>\n<p style=\"text-align: justify;\">&#8211; de la veille technologique en mati\u00e8re des syst\u00e8mes d&rsquo;information; <br>&#8211; de la conduite du travail collaboratif en ligne dans le cadre de la mise en \u0153uvre de l&rsquo;e-government, en collaboration avec les administrations concern\u00e9es ; <br>&#8211; du conseil en mati\u00e8re d&rsquo;investissement dans le domaine des technologies de l&rsquo;information et de la communication, en conformit\u00e9 \u00e0 la politique du gouvernement en mati\u00e8re de d\u00e9veloppement de l&rsquo;informatique dans l&rsquo;enseignement; <br>&#8211; du suivi des activit\u00e9s de coop\u00e9ration interuniversitaire dans le domaine des technologies de l&rsquo;information et de la communication, en liaison avec les structures concern\u00e9es. <br>(2) Elle comprend, outre le Chef de Cellule, deux (02) Charg\u00e9s d&rsquo;Etudes Assistants.<\/p>\n<p style=\"text-align: justify;\"><span style=\"color: #000080;\"><strong>Paragraphe 2 &#8211; De la Cellule R\u00e9seaux et Gestion du Mat\u00e9riel Informatique<\/strong><\/span> <br>Article 17.- (1) Plac\u00e9e sous l\u2019autorit\u00e9 d&rsquo;un Chef de Cellule, la Cellule R\u00e9seaux et Gestion du Mat\u00e9riel Informatique est charg\u00e9e : <br>&#8211; de la s\u00e9curit\u00e9, l\u2019administration et l\u2019int\u00e9grit\u00e9 du r\u00e9seau informatique du Minist\u00e8re ; <br>&#8211; du suivi des intranets du Minist\u00e8re, des institutions universitaires et interuniversitaires ; <br>&#8211; de l\u2019\u00e9laboration, du suivi et du contr\u00f4le de la politique de routage du Minist\u00e8re ; <br>&#8211; de la maintenance des \u00e9quipements et des r\u00e9seaux informatiques du Minist\u00e8re ; <br>&#8211; du contr\u00f4le de la qualit\u00e9 des \u00e9quipements, mat\u00e9riels et consommables informatiques du Minist\u00e8re ; <br>&#8211; de la mise en place d\u2019un syst\u00e8me de veille du cyberespace du Minist\u00e8re ; <br>&#8211; de la veille technologique en mati\u00e8re de la cybers\u00e9curit\u00e9 et administration des r\u00e9seaux informatiques du Minist\u00e8re. <br>(2) Elle comprend, outre le Chef de Cellule, deux (02) charg\u00e9s d\u2019Etudes Assistants.<\/p>\n\n\n<figure class=\"wp-block-table\"><table><tbody><tr><td class=\"has-text-align-center\" data-align=\"center\"><strong>Dr. AMOUGOU NGOUMOU<\/strong><br><em>Chef de la Cellule du D\u00e9veloppement des Syst\u00e8mes d&rsquo;Information<\/em><\/td><td class=\"has-text-align-center\" data-align=\"center\"><strong>M. GWET BI KONA Hans Melaine<\/strong><br><em>Chef de la Cellule R\u00e9seaux et Gestion du Mat\u00e9riel Informatique.<\/em><\/td><\/tr><\/tbody><\/table><\/figure>\n","protected":false},"excerpt":{"rendered":"<p>&#46;&#46;&#46;<\/p>\n","protected":false},"author":2,"featured_media":0,"parent":13986,"menu_order":0,"comment_status":"closed","ping_status":"closed","template":"","meta":[],"_links":{"self":[{"href":"https:\/\/www.minesup.gov.cm\/index.php\/wp-json\/wp\/v2\/pages\/14228"}],"collection":[{"href":"https:\/\/www.minesup.gov.cm\/index.php\/wp-json\/wp\/v2\/pages"}],"about":[{"href":"https:\/\/www.minesup.gov.cm\/index.php\/wp-json\/wp\/v2\/types\/page"}],"author":[{"embeddable":true,"href":"https:\/\/www.minesup.gov.cm\/index.php\/wp-json\/wp\/v2\/users\/2"}],"replies":[{"embeddable":true,"href":"https:\/\/www.minesup.gov.cm\/index.php\/wp-json\/wp\/v2\/comments?post=14228"}],"version-history":[{"count":0,"href":"https:\/\/www.minesup.gov.cm\/index.php\/wp-json\/wp\/v2\/pages\/14228\/revisions"}],"up":[{"embeddable":true,"href":"https:\/\/www.minesup.gov.cm\/index.php\/wp-json\/wp\/v2\/pages\/13986"}],"wp:attachment":[{"href":"https:\/\/www.minesup.gov.cm\/index.php\/wp-json\/wp\/v2\/media?parent=14228"}],"curies":[{"name":"wp","href":"https:\/\/api.w.org\/{rel}","templated":true}]}}