{"id":14254,"date":"2022-04-23T12:36:30","date_gmt":"2022-04-23T11:36:30","guid":{"rendered":"https:\/\/minesup.gov.cm\/?page_id=14254"},"modified":"2025-04-08T17:54:20","modified_gmt":"2025-04-08T16:54:20","slug":"direction-de-la-coordination-des-activites-academiques-dcaa","status":"publish","type":"page","link":"https:\/\/www.minesup.gov.cm\/index.php\/direction-de-la-coordination-des-activites-academiques-dcaa\/","title":{"rendered":"Direction de la Coordination des Activit\u00e9s Acad\u00e9miques (DCAA)"},"content":{"rendered":"<p style=\"text-align: center;\"><img loading=\"lazy\" class=\"wp-image-14465 aligncenter\" src=\"https:\/\/minesup.gov.cm\/wp-content\/uploads\/2022\/04\/DCAA-262x300.jpeg\" alt=\"\" width=\"162\" height=\"186\" srcset=\"https:\/\/www.minesup.gov.cm\/wp-content\/uploads\/2022\/04\/DCAA-262x300.jpeg 262w, https:\/\/www.minesup.gov.cm\/wp-content\/uploads\/2022\/04\/DCAA.jpeg 412w\" sizes=\"(max-width: 162px) 100vw, 162px\" \/> <strong>Pr FONGOD n\u00e9e Augustina GENLA NWAMA<\/strong><\/p>\n<p style=\"text-align: center;\"><span style=\"color: #000080;\"><strong>Chapitre 3 &#8211; DE LA DIRECTION DE LA COORDINATION DES ACTIVIT\u00c9S ACAD\u00c9MIQUES<\/strong><\/span><\/p>\n<p style=\"text-align: justify;\">Article 34.- (1) Plac\u00e9e sous l&rsquo;autorit\u00e9 d&rsquo;un Directeur, la Direction de la Coordination des Activit\u00e9s Acad\u00e9miques est charg\u00e9e: <br>&#8211; de la coordination et du suivi des activit\u00e9s acad\u00e9miques des institutions universitaires, des Instituts Priv\u00e9s d&rsquo;Enseignement Sup\u00e9rieur et des \u00e9tablissements d&rsquo;enseignement sup\u00e9rieur \u00e0 statut particulier sous tutelle acad\u00e9mique; <br>&#8211; du suivi et de l&rsquo;ex\u00e9cution effective des textes \u00e0 caract\u00e8re acad\u00e9mique et des programmes d&rsquo;enseignement homologu\u00e9s par les instances comp\u00e9tentes dans les institutions universitaires publiques et priv\u00e9es; <br>&#8211; de l&rsquo;\u00e9laboration du calendrier acad\u00e9mique et du contr\u00f4le de son ex\u00e9cution, en liaison avec les Administrations et organismes concern\u00e9s; <br>&#8211; de la coordination de l&rsquo;organisation des examens nationaux; <br>&#8211; de la coh\u00e9rence des activit\u00e9s des Institutions Universitaires, des Instituts Priv\u00e9s d&rsquo;Enseignement Sup\u00e9rieur et des Etablissements d&rsquo;Enseignement Sup\u00e9rieur \u00e0 Statut Particulier sous tutelle acad\u00e9mique avec le programme acad\u00e9mique; <br>&#8211; de la dipl\u00f4mation et de l&rsquo;authentification des dipl\u00f4mes et attestations; de la d\u00e9livrance des dipl\u00f4mes. <br>(2) Elle comprend: <br>&#8211; la Sous-Direction du Suivi des Activit\u00e9s Acad\u00e9miques; <br>&#8211; la Sous-Direction de la Dipl\u00f4mation et de l&rsquo;Authentification; <br>&#8211; la Sous-Direction des Equivalences acad\u00e9miques et professionnelles.<\/p>\n<p style=\"text-align: justify;\"><strong><span style=\"color: #000080;\">Section 1 &#8211; De la Sous-Direction du Suivi des Activit\u00e9s Acad\u00e9miques <\/span><\/strong><br>Article 35.- (1) Plac\u00e9e sous l&rsquo;autorit\u00e9 d&rsquo;un Sous-Directeur, la Sous-Direction du Suivi des Activit\u00e9s Acad\u00e9miques est charg\u00e9e: <br>&#8211; de la coordination et du suivi des activit\u00e9s acad\u00e9miques des Institutions Universitaires, des Instituts Priv\u00e9s d&rsquo;Enseignement Sup\u00e9rieur et des Etablissements d&rsquo;Enseignement Sup\u00e9rieur \u00e0 Statut Particulier sous tutelle acad\u00e9mique; <br>&#8211; du suivi de l&rsquo;ex\u00e9cution des programmes d&rsquo;enseignement homologu\u00e9s par les instances comp\u00e9tentes; <br>&#8211; de la pr\u00e9paration des dossiers \u00e0 soumettre \u00e0 la Conf\u00e9rence des Chefs d&rsquo;\u00e9tablissements; <br>&#8211; de l&rsquo;\u00e9laboration et du suivi de l&rsquo;application des textes relatifs \u00e0 la mobilit\u00e9 des \u00e9tudiants et la valorisation des acquis de l&rsquo;exp\u00e9rience, en liaison avec la Division des Affaires Juridiques; <br>&#8211; du secr\u00e9tariat et de l&rsquo;application des r\u00e9solutions de la Conf\u00e9rence des chefs d&rsquo;\u00e9tablissements. <br>(2) Elle comprend: <br>&#8211; le Service du Suivi des Activit\u00e9s Acad\u00e9miques des \u00e9tablissements facultaires ; <br>&#8211; le Service du Suivi des Activit\u00e9s Acad\u00e9miques des \u00e9tablissements technologiques et professionnels; <br>&#8211; le Service du Suivi des Activit\u00e9s Acad\u00e9miques des Etablissements Publics d&rsquo;Enseignement Sup\u00e9rieur \u00e0 statut particulier sous tutelle. <br>Article 36.- (1) Plac\u00e9 sous l&rsquo;autorit\u00e9 d&rsquo;un Chef de Service, le Service du Suivi des Activit\u00e9s Acad\u00e9miques des Etablissements Facultaires est charg\u00e9: <br>&#8211; de l&rsquo;op\u00e9rationnalisation des programmes homologu\u00e9s par les instances comp\u00e9tentes ; <br>&#8211; de la coordination de la politique de mobilit\u00e9 des \u00e9tudiants entre les facult\u00e9s; <br>&#8211; de la vulgarisation des nouvelles modalit\u00e9s de transmission des connaissances; <br>&#8211; du suivi des partenariats entre les milieux socio professionnels et les \u00e9tablissements facultaires; <br>&#8211; de la pr\u00e9paration et du suivi de l&rsquo;ex\u00e9cution des r\u00e9solutions de la Conf\u00e9rence des Chefs d&rsquo;Etablissements facultaires. <br>Article 37.- Plac\u00e9 sous l&rsquo;autorit\u00e9 d&rsquo;un Chef de Service, le Service du suivi des Activit\u00e9s Acad\u00e9miques des Etablissements Technologiques et Professionnels est charg\u00e9: <br>&#8211; de l&rsquo;op\u00e9rationnalisation des programmes homologu\u00e9s par les instances comp\u00e9tentes ; <br>&#8211; de la coordination de la politique de mobilit\u00e9 des \u00e9tudiants entre ces \u00e9tablissements; <br>&#8211; de la vulgarisation des nouvelles modalit\u00e9s de transmission des connaissances ; <br>&#8211; de la coh\u00e9rence des activit\u00e9s de ces \u00e9tablissements avec le programme acad\u00e9mique; <br>&#8211; du suivi des partenariats entre les milieux socioprofessionnels et ces \u00e9tablissements; <br>&#8211; de la pr\u00e9paration et du suivi de l&rsquo;ex\u00e9cution des r\u00e9solutions de la Conf\u00e9rence des Chefs d&rsquo;Etablissements technologiques et professionnels; <br>Article 38.- Plac\u00e9 sous l&rsquo;autorit\u00e9 d&rsquo;un Chef de Service, le Service du Suivi des Activit\u00e9s Acad\u00e9miques des Etablissements Publics d&rsquo;Enseignement Sup\u00e9rieur \u00e0 statut particulier sous tutelle est charg\u00e9: <br>&#8211; de l&rsquo;op\u00e9rationnalisation des programmes acad\u00e9miques homologu\u00e9s par les instances comp\u00e9tentes; <br>&#8211; de la coh\u00e9rence des activit\u00e9s de ces Etablissements; <br>&#8211; de la coordination de la politique de mobilit\u00e9 des \u00e9tudiants entre ces \u00e9tablissements ; <br>&#8211; de la vulgarisation des nouvelles modalit\u00e9s de transmission des connaissances ; <br>&#8211; de la coh\u00e9rence des activit\u00e9s de ces \u00e9tablissements avec le programme acad\u00e9mique; <br>&#8211; du suivi des partenariats entre les milieux socio professionnels et ces \u00e9tablissements ; <br>&#8211; de la pr\u00e9paration et du suivi de l&rsquo;ex\u00e9cution des r\u00e9solutions de la Conf\u00e9rence des Chefs des Etablissements d&rsquo;Enseignement Sup\u00e9rieur Public sous tutelle acad\u00e9mique et \u00e0 statut particulier.<\/p>\n<p style=\"text-align: justify;\"><span style=\"color: #000080;\"><strong>Section 2 &#8211; De la Sous-Direction de la Dipl\u00f4mation et de l&rsquo;Authentification <\/strong><\/span><br>Article 39.- (1) Plac\u00e9e sous l&rsquo;autorit\u00e9 d&rsquo;un Sous-Directeur, la Sous-Direction de la Dipl\u00f4mation et de l&rsquo;Authentification est charg\u00e9e de: <br>&#8211; l&rsquo;instruction des proc\u00e9dures relatives \u00e0 la d\u00e9livrance des dipl\u00f4mes nationaux; <br>&#8211; la d\u00e9livrance des dipl\u00f4mes et attestations de r\u00e9ussite aux examens nationaux relevant du Minist\u00e8re de l&rsquo;Enseignement Sup\u00e9rieur; <br>&#8211; la production des statistiques relatives aux examens et concours nationaux; la collecte, du traitement et de la conservation des archives relatives aux examens et concours nationaux relevant du Minist\u00e8re de l&rsquo;Enseignement Sup\u00e9rieur; <br>&#8211; la v\u00e9rification de la conformit\u00e9 et de l&rsquo;authenticit\u00e9 des dipl\u00f4mes nationaux. <br>(2) Elle comprend: <br>&#8211; le Service de la Dipl\u00f4mation ; <br>&#8211; le Service de la V\u00e9rification et de l&rsquo;Authentification des Dipl\u00f4mes. <br>Article 40.- (1) Plac\u00e9 sous l&rsquo;autorit\u00e9 d&rsquo;un Chef de Service, le Service de la Dipl\u00f4mation est charg\u00e9: <br>&#8211; de la formalisation, de la distribution des relev\u00e9s de notes, des attestations de r\u00e9ussite et des dipl\u00f4mes nationaux; <br>&#8211; du classement et de la conservation des bordereaux et ou proc\u00e8s-verbaux des r\u00e9sultats des examens et concours ; <br>&#8211; de la collecte et de la conservation des archives. <br>(2) Il comprend : <br>&#8211; le Bureau des Dipl\u00f4mes. <br>&#8211; le Bureau de la Conservation. <br>Article 41.- (1) Plac\u00e9 sous l&rsquo;autorit\u00e9 d&rsquo;un Chef de Service, le Service de la V\u00e9rification et de l&rsquo;Authentification des Dipl\u00f4mes est charg\u00e9: <br>&#8211; de la v\u00e9rification et du suivi des proc\u00e9dures de d\u00e9livrance des dipl\u00f4mes universitaires \u00e0 soumettre \u00e0 la signature du Ministre; <br>&#8211; de la v\u00e9rification et l&rsquo;authentification des dipl\u00f4mes nationaux d\u00e9livr\u00e9s par le Minist\u00e8re de l&rsquo;Enseignement Sup\u00e9rieur; <br>&#8211; du suivi du contentieux des examens et concours relevant du Minist\u00e8re de l&rsquo;Enseignement Sup\u00e9rieur, en liaison avec la Division des Affaires Juridiques. <br>(2) Il comprend: <br>&#8211; le Bureau de la v\u00e9rification et de l&rsquo;authentification ; <br>&#8211; le Bureau du Contentieux des examens.<\/p>\n<p style=\"text-align: justify;\"><strong><span style=\"color: #000080;\">Section 3 &#8211; De la Sous-Direction des Equivalences<\/span><\/strong> <br>Article 42.- (1) Plac\u00e9e sous l&rsquo;autorit\u00e9 d&rsquo;un Sous-Directeur, la Sous-Direction des Equivalences est charg\u00e9e: <br>&#8211; de l&rsquo;\u00e9tude et du contr\u00f4le de la comparaison des syst\u00e8mes universitaires; <br>&#8211; de la gestion et de la d\u00e9livrance des attestations de niveau des dipl\u00f4mes et titres d\u00e9livr\u00e9s par les \u00e9tablissements nationaux d&rsquo;enseignement sup\u00e9rieur non plac\u00e9s sous la tutelle du Minist\u00e8re de l&rsquo;Enseignement sup\u00e9rieur; <br>&#8211; de la d\u00e9livrance des \u00e9quivalences des dipl\u00f4mes, titres et grades \u00e9trangers; de la d\u00e9livrance des \u00e9quivalences relatives \u00e0 la valorisation des acquis de l&rsquo;exp\u00e9rience professionnelle et technique; <br>&#8211; de l&rsquo;instruction des proc\u00e9dures relatives \u00e0 la reconnaissance des programmes, des cursus nationaux et \u00e9trangers, des dipl\u00f4mes, titres et grades universitaires; <br>&#8211; de l&rsquo;instruction des proc\u00e9dures relatives \u00e0 la reconnaissance des Ecoles internationales ou \u00e9trang\u00e8res de formation ; <br>&#8211; de la pr\u00e9paration des dossiers \u00e0 soumettre aux instances en charge des \u00e9quivalences ; <br>&#8211; de la mise \u00e0 jour du fichier des \u00e9quivalences d\u00e9j\u00e0 accord\u00e9es; <br>&#8211; de l&rsquo;organisation des missions de collecte de renseignement pour l&rsquo;\u00e9valuation des titres et du tableau de correspondance entre dipl\u00f4mes nationaux; <br>&#8211; du secr\u00e9tariat de la Commission des Equivalences Acad\u00e9miques et Professionnelles. <br>(2) Elle comprend: <br>&#8211; le Service de l&rsquo;Homologation et de la Validation des Formations; <br>&#8211; le Service des Equivalences. <br>Article 43.- Plac\u00e9 sous l&rsquo;autorit\u00e9 d&rsquo;un Chef de Service, le Service de l&rsquo;Homologation et de la Validation des Formations est charg\u00e9 de : <br>&#8211; la pr\u00e9paration des dossiers relatifs \u00e0 l&rsquo;homologation et \u00e0 la validation des formations ; <br>&#8211; l&rsquo;application des r\u00e9solutions des instances statutaires d&rsquo;homologation et de validation des formations. <br>Article 44.- Plac\u00e9 sous l&rsquo;autorit\u00e9 d&rsquo;un Chef de Service, le Service des Equivalences est charg\u00e9 de : <br>&#8211; l&rsquo;instruction des proc\u00e9dures relatives \u00e0 l&rsquo;\u00e9tablissement des \u00e9quivalences des dipl\u00f4mes, titres et grades; <br>&#8211; l&rsquo;\u00e9tude des dossiers de reconnaissance des dipl\u00f4mes, <br>&#8211; des titres et grades universitaires et des \u00e9coles internationales ou \u00e9trang\u00e8res de formation; <br>&#8211; l&rsquo;application des r\u00e9solutions des instances statutaires consultatives sur les \u00e9quivalences acad\u00e9miques; <br>&#8211; l&rsquo;initiation des projets de textes relatifs aux \u00e9quivalences et \u00e0 la reconnaissance des dipl\u00f4mes et titres; <br>&#8211; la mise en \u0153uvre du r\u00e9f\u00e9rentiel de valorisation des acquis de l&rsquo;exp\u00e9rience ; la tenue du fichier des dipl\u00f4mes, titres universitaires et \u00e9tablissements d&rsquo;enseignement sup\u00e9rieur reconnus.<\/p>\n<p style=\"text-align: justify;\"><\/p>\n\n\n<figure class=\"wp-block-table\"><table class=\"has-fixed-layout\"><tbody><tr><td class=\"has-text-align-center\" data-align=\"center\"><img loading=\"lazy\" width=\"608\" height=\"695\" class=\"wp-image-14470\" style=\"width: 150px;\" src=\"https:\/\/minesup.gov.cm\/wp-content\/uploads\/2022\/04\/dcaa111.jpg\" alt=\"\" srcset=\"https:\/\/www.minesup.gov.cm\/wp-content\/uploads\/2022\/04\/dcaa111.jpg 608w, https:\/\/www.minesup.gov.cm\/wp-content\/uploads\/2022\/04\/dcaa111-262x300.jpg 262w\" sizes=\"(max-width: 608px) 100vw, 608px\" \/><br><strong>Dr <strong>AKAMBA EBENGUE NNA Jean-Blaise Tite<\/strong><\/strong><br><em>Sous-Directeur du Suivi des Activit\u00e9s Acad\u00e9miques<\/em><\/td><td class=\"has-text-align-center\" data-align=\"center\"><img loading=\"lazy\" width=\"544\" height=\"960\" class=\"wp-image-17713\" style=\"width: 150px;\" src=\"https:\/\/minesup.gov.cm\/wp-content\/uploads\/2023\/09\/WhatsApp-Image-2023-09-26-at-14.50.26.jpeg\" alt=\"\" srcset=\"https:\/\/www.minesup.gov.cm\/wp-content\/uploads\/2023\/09\/WhatsApp-Image-2023-09-26-at-14.50.26.jpeg 544w, https:\/\/www.minesup.gov.cm\/wp-content\/uploads\/2023\/09\/WhatsApp-Image-2023-09-26-at-14.50.26-170x300.jpeg 170w\" sizes=\"(max-width: 544px) 100vw, 544px\" \/><br><strong>Mme Bidjang Carine nee Kabeyene Nkoto<br><\/strong><em>Sous-Directeur de la Dipl\u00f4mation et de l&rsquo;Authentification<\/em><\/td><td class=\"has-text-align-center\" data-align=\"center\"><img loading=\"lazy\" width=\"812\" height=\"909\" class=\"wp-image-17660\" style=\"width: 150px;\" src=\"https:\/\/minesup.gov.cm\/wp-content\/uploads\/2023\/09\/WhatsApp-Image-2023-09-25-at-13.58.50-e1695657632884.jpeg\" alt=\"\" srcset=\"https:\/\/www.minesup.gov.cm\/wp-content\/uploads\/2023\/09\/WhatsApp-Image-2023-09-25-at-13.58.50-e1695657632884.jpeg 812w, https:\/\/www.minesup.gov.cm\/wp-content\/uploads\/2023\/09\/WhatsApp-Image-2023-09-25-at-13.58.50-e1695657632884-268x300.jpeg 268w, https:\/\/www.minesup.gov.cm\/wp-content\/uploads\/2023\/09\/WhatsApp-Image-2023-09-25-at-13.58.50-e1695657632884-768x860.jpeg 768w\" sizes=\"(max-width: 812px) 100vw, 812px\" \/><img loading=\"lazy\" width=\"1943\" height=\"2312\" class=\"wp-image-14550\" style=\"width: 150px;\" src=\"https:\/\/www.minesup.gov.cm\/wp-content\/uploads\/2022\/04\/Dr-Olouman-SDDAR-1.jpg\" alt=\"\" srcset=\"https:\/\/www.minesup.gov.cm\/wp-content\/uploads\/2022\/04\/Dr-Olouman-SDDAR-1.jpg 1943w, https:\/\/www.minesup.gov.cm\/wp-content\/uploads\/2022\/04\/Dr-Olouman-SDDAR-1-252x300.jpg 252w, https:\/\/www.minesup.gov.cm\/wp-content\/uploads\/2022\/04\/Dr-Olouman-SDDAR-1-861x1024.jpg 861w, https:\/\/www.minesup.gov.cm\/wp-content\/uploads\/2022\/04\/Dr-Olouman-SDDAR-1-768x914.jpg 768w, https:\/\/www.minesup.gov.cm\/wp-content\/uploads\/2022\/04\/Dr-Olouman-SDDAR-1-1291x1536.jpg 1291w, https:\/\/www.minesup.gov.cm\/wp-content\/uploads\/2022\/04\/Dr-Olouman-SDDAR-1-1721x2048.jpg 1721w\" sizes=\"(max-width: 1943px) 100vw, 1943px\" \/><br><strong><strong><strong>Dr OLOUMAN ZO\u2019O Aur\u00e9lien Alexandre<\/strong><\/strong><\/strong><br><em>Sous-Directeur des Equivalences acad\u00e9miques et professionnelles<\/em><\/td><\/tr><\/tbody><\/table><\/figure>\n","protected":false},"excerpt":{"rendered":"<p>&#46;&#46;&#46;<\/p>\n","protected":false},"author":2,"featured_media":0,"parent":0,"menu_order":0,"comment_status":"closed","ping_status":"closed","template":"","meta":[],"_links":{"self":[{"href":"https:\/\/www.minesup.gov.cm\/index.php\/wp-json\/wp\/v2\/pages\/14254"}],"collection":[{"href":"https:\/\/www.minesup.gov.cm\/index.php\/wp-json\/wp\/v2\/pages"}],"about":[{"href":"https:\/\/www.minesup.gov.cm\/index.php\/wp-json\/wp\/v2\/types\/page"}],"author":[{"embeddable":true,"href":"https:\/\/www.minesup.gov.cm\/index.php\/wp-json\/wp\/v2\/users\/2"}],"replies":[{"embeddable":true,"href":"https:\/\/www.minesup.gov.cm\/index.php\/wp-json\/wp\/v2\/comments?post=14254"}],"version-history":[{"count":6,"href":"https:\/\/www.minesup.gov.cm\/index.php\/wp-json\/wp\/v2\/pages\/14254\/revisions"}],"predecessor-version":[{"id":19528,"href":"https:\/\/www.minesup.gov.cm\/index.php\/wp-json\/wp\/v2\/pages\/14254\/revisions\/19528"}],"wp:attachment":[{"href":"https:\/\/www.minesup.gov.cm\/index.php\/wp-json\/wp\/v2\/media?parent=14254"}],"curies":[{"name":"wp","href":"https:\/\/api.w.org\/{rel}","templated":true}]}}