{"id":15217,"date":"2022-08-19T17:01:25","date_gmt":"2022-08-19T16:01:25","guid":{"rendered":"https:\/\/minesup.gov.cm\/?page_id=15217"},"modified":"2022-08-19T17:02:22","modified_gmt":"2022-08-19T16:02:22","slug":"higher-institute-of-technology-and-management-sciences-pac-lab-hitms","status":"publish","type":"page","link":"https:\/\/www.minesup.gov.cm\/index.php\/higher-institute-of-technology-and-management-sciences-pac-lab-hitms\/","title":{"rendered":"Higher Institute of Technology and Management Sciences (PAC-LAB HITMS)"},"content":{"rendered":"<p style=\"text-align: center;\"><strong>INFORMATIONS D\u2019IDENTIFICATION<\/strong><\/p>\n<p><strong>Nom de l\u2019institution\u00a0<\/strong>: Higher Institute of Technology and Management Sciences (PAC-LAB HITMS)<br \/>\n<strong>Nom du promoteur<\/strong> : WENFUA Peter SONCHIFUA<br \/>\n<strong>R\u00e9gion\u00a0<\/strong>: Sud-Ouest<br \/>\n<strong>D\u00e9partement\u00a0<\/strong>:<br \/>\n<strong>Arrondissement\u00a0<\/strong>:<br \/>\n<strong>Site de localisation\u00a0<\/strong>:<br \/>\n<strong>Adresse postale<\/strong> :\u00a0<strong><br \/>\nT\u00e9l\u00e9phone\u00a0<\/strong>: +237 676 60 74 06 \/ 691 83 48 05<br \/>\n<strong>Email<\/strong> <strong>:<\/strong><br \/>\n<strong>Site web :\u00a0<\/strong><\/p>\n<p><strong>A<\/strong><strong>dresse dans les r\u00e9seaux sociaux\u00a0<\/strong>:<\/p>\n<p style=\"text-align: center;\"><strong>INFORMATIONS SUR LE STATUT D\u2019ACCR\u00c9DITATION<\/strong><\/p>\n<p style=\"text-align: justify;\"><strong>Arr\u00eat\u00e9s portant cr\u00e9ation <\/strong>: N\u00b022\/01567\/N\/MINESUP\/SG\/DDES\/ESUP\/SDA\/OAGS du 16 Mars 2022.<br \/>\n<strong>Autorisation d\u2019ouverture<\/strong>\u00a0:N\u00b022\/01567\/N\/MINESUP\/SG\/DDES\/ESUP\/SDA\/OAGS du 16 Mars 2022.<\/p>\n<p style=\"text-align: center;\"><strong>FILI\u00c8RES, SP\u00c9CIALIT\u00c9S ET DIPL\u00d4MES AUTORIS\u00c9S<\/strong><\/p>\n<p style=\"text-align: justify;\"><strong>Cycle de formation :\u00a0<\/strong><br \/>\n<strong>Dipl\u00f4mes concern\u00e9s : HND<\/strong><br \/>\n<strong><u>Fili\u00e8re 1<\/u><\/strong><strong> : Management\u00a0<\/strong><br \/>\n<strong><u>Sp\u00e9cialit\u00e9s<\/u><\/strong> :Assistant Manager-Project Management-Logistics and Transport Management &#8211; Human Resource Management &#8211; Quality Management-Events Management.<br \/>\n<strong><u>Fili\u00e8re 2<\/u><\/strong><strong> : Business and Finance\u00a0<\/strong><br \/>\n<strong><u>Sp\u00e9cialit\u00e9s<\/u><\/strong>\u00a0: Accountancy &#8211; Marketing Trade Sale &#8211; Banking and Finance \u2013 international Trade &#8211; insurance<br \/>\n<strong><u>Fili\u00e8re 3<\/u><\/strong><strong> : Education<\/strong><br \/>\n<strong><u>Sp\u00e9cialit\u00e9s<\/u><\/strong> : Education Management and Administration &#8211; Special Education<br \/>\n<strong><u>Fili\u00e8re 4<\/u><\/strong><strong> : Environmental Sciences\u00a0<\/strong><br \/>\n<strong><u>Sp\u00e9cialit\u00e9s<\/u><\/strong>\u00a0: Risk Management &#8211; Pollution Prevention and Remediation<br \/>\n<strong><u>Fili\u00e8re 5 <\/u>: Water Engineering and Management\u00a0<\/strong><br \/>\n<strong><u>Sp\u00e9cialit\u00e9s: <\/u><\/strong>Hydrogeology and Groundwater &#8211; Management-Waste Water Management.<br \/>\n<strong><u>Fili\u00e8re 6 <\/u>:<\/strong> <strong>Chemical Engineering<\/strong><br \/>\n<strong><u>Sp\u00e9cialit\u00e9s<\/u><\/strong> :Chemical Manufacturing &#8211; Chemical Process Technology &#8211; Chemical Laboratory &#8211; Technology<br \/>\n<strong><u>Fili\u00e8re 7<\/u><\/strong><strong>\u00a0:<\/strong> <strong>Electrical and Electronic Engineering<\/strong><br \/>\n<strong><u>Sp\u00e9cialit\u00e9s<\/u><\/strong>: Maintenance of lndustrial System &#8211; Maintenance of Biomedical Equipment &#8211; Control Instrumentation and Regulation<br \/>\n<strong><u>Fili\u00e8re 8<\/u><\/strong><strong> : Petroleum and Mining Engineering<\/strong><br \/>\n<strong><u>Sp\u00e9cialit\u00e9s<\/u><\/strong>: Applied Geology &#8211; Drilling Technology &#8211; Quarries Operations &#8211; Petroleum Systems and Exploitation &#8211; Petroleum Logistics<br \/>\n<strong><u>Fili\u00e8re 9<\/u><\/strong><strong>\u00a0:<\/strong>\u00a0<strong>Medical and Biomedical Sciences<\/strong><br \/>\n<strong><u>Sp\u00e9cialit\u00e9s<\/u><\/strong>: M\u00e9dical Laboratory Sciences &#8211; Pharmacy Technology<\/p>\n","protected":false},"excerpt":{"rendered":"<p>&#46;&#46;&#46;<\/p>\n","protected":false},"author":2,"featured_media":0,"parent":0,"menu_order":0,"comment_status":"closed","ping_status":"closed","template":"","meta":[],"_links":{"self":[{"href":"https:\/\/www.minesup.gov.cm\/index.php\/wp-json\/wp\/v2\/pages\/15217"}],"collection":[{"href":"https:\/\/www.minesup.gov.cm\/index.php\/wp-json\/wp\/v2\/pages"}],"about":[{"href":"https:\/\/www.minesup.gov.cm\/index.php\/wp-json\/wp\/v2\/types\/page"}],"author":[{"embeddable":true,"href":"https:\/\/www.minesup.gov.cm\/index.php\/wp-json\/wp\/v2\/users\/2"}],"replies":[{"embeddable":true,"href":"https:\/\/www.minesup.gov.cm\/index.php\/wp-json\/wp\/v2\/comments?post=15217"}],"version-history":[{"count":0,"href":"https:\/\/www.minesup.gov.cm\/index.php\/wp-json\/wp\/v2\/pages\/15217\/revisions"}],"wp:attachment":[{"href":"https:\/\/www.minesup.gov.cm\/index.php\/wp-json\/wp\/v2\/media?parent=15217"}],"curies":[{"name":"wp","href":"https:\/\/api.w.org\/{rel}","templated":true}]}}