{"id":15221,"date":"2022-08-19T17:26:17","date_gmt":"2022-08-19T16:26:17","guid":{"rendered":"https:\/\/minesup.gov.cm\/?page_id=15221"},"modified":"2022-08-19T17:26:50","modified_gmt":"2022-08-19T16:26:50","slug":"institut-superieur-du-genie-civil-isgec","status":"publish","type":"page","link":"https:\/\/www.minesup.gov.cm\/index.php\/institut-superieur-du-genie-civil-isgec\/","title":{"rendered":"INSTITUT SUPERIEUR DU GENIE CIVIL (ISGeC)\u00a0"},"content":{"rendered":"<p style=\"text-align: center;\"><strong>INFORMATIONS D\u2019IDENTIFICATION<\/strong><\/p>\n<p><strong>Nom de l\u2019institution\u00a0<\/strong>: INSTITUT SUPERIEUR DU GENIE CIVIL (ISGeC)<br \/>\n<strong>Nom du promoteur<\/strong> : TCHEBEYOU Anaud<br \/>\n<strong>R\u00e9gion\u00a0<\/strong>: Centre<br \/>\n<strong>D\u00e9partement\u00a0<\/strong>:<br \/>\n<strong>Arrondissement\u00a0<\/strong>:<br \/>\n<strong>Site de localisation\u00a0<\/strong>:<br \/>\n<strong>Adresse postale<\/strong> :\u00a0<strong><br \/>\nT\u00e9l\u00e9phone\u00a0<\/strong>: +237\u00a0 694 23 63 62<br \/>\n<strong>Email<\/strong> <strong>:<\/strong><br \/>\n<strong>Site web :\u00a0<\/strong><\/p>\n<p><strong>A<\/strong><strong>dresse dans les r\u00e9seaux sociaux\u00a0<\/strong>:<\/p>\n<p style=\"text-align: center;\"><strong>INFORMATIONS SUR LE STATUT D\u2019ACCR\u00c9DITATION<\/strong><\/p>\n<p style=\"text-align: justify;\"><strong>Arr\u00eat\u00e9s portant cr\u00e9ation <\/strong>: N\u00b022\/01569\/L\/MINESUP\/SG\/DDES\/SD-ESUP\/SDA\/LMN du 16 Mars 2022.<br \/>\n<strong>Autorisation d\u2019ouverture<\/strong> : N\u00b022\/01569\/L\/MINESUP\/SG\/DDES\/SD-ESUP\/SDA\/LMN du 16 Mars 2022.<\/p>\n<p style=\"text-align: center;\"><strong>FILI\u00c8RES, SP\u00c9CIALIT\u00c9S ET DIPL\u00d4MES AUTORIS\u00c9S<\/strong><\/p>\n<p style=\"text-align: justify;\"><strong>Cycle de formation :\u00a0<\/strong><br \/>\n<strong>Dipl\u00f4mes concern\u00e9s :<\/strong> BTS<br \/>\n<strong><u>Fili\u00e8re 1<\/u><\/strong><strong> : G\u00e9nie Thermique<\/strong><br \/>\n<strong><u>Sp\u00e9cialit\u00e9s<\/u><\/strong> : G\u00e9nie Thermique et Energie (<u>Option<\/u> <em>Froid et Climatisation<\/em>)<br \/>\n<strong><u>Fili\u00e8re 2<\/u><\/strong><strong> : G\u00e9nie Civil\u00a0<\/strong><br \/>\n<strong><u>Sp\u00e9cialit\u00e9s<\/u><\/strong> : B\u00e2timent \u2013 G\u00e9om\u00e8tre topographe \u2013 Travaux publics \u2013 Installation sanitaire<br \/>\n<strong><u>Fili\u00e8re 3<\/u><\/strong><strong> : G\u00e9nie Electrique\u00a0<\/strong><br \/>\n<strong><u>Sp\u00e9cialit\u00e9s<\/u><\/strong> : Electrotechnique \u2013 Energies renouvelables<br \/>\n<u><\/u><\/p>\n","protected":false},"excerpt":{"rendered":"<p>&#46;&#46;&#46;<\/p>\n","protected":false},"author":2,"featured_media":0,"parent":0,"menu_order":0,"comment_status":"closed","ping_status":"closed","template":"","meta":[],"_links":{"self":[{"href":"https:\/\/www.minesup.gov.cm\/index.php\/wp-json\/wp\/v2\/pages\/15221"}],"collection":[{"href":"https:\/\/www.minesup.gov.cm\/index.php\/wp-json\/wp\/v2\/pages"}],"about":[{"href":"https:\/\/www.minesup.gov.cm\/index.php\/wp-json\/wp\/v2\/types\/page"}],"author":[{"embeddable":true,"href":"https:\/\/www.minesup.gov.cm\/index.php\/wp-json\/wp\/v2\/users\/2"}],"replies":[{"embeddable":true,"href":"https:\/\/www.minesup.gov.cm\/index.php\/wp-json\/wp\/v2\/comments?post=15221"}],"version-history":[{"count":0,"href":"https:\/\/www.minesup.gov.cm\/index.php\/wp-json\/wp\/v2\/pages\/15221\/revisions"}],"wp:attachment":[{"href":"https:\/\/www.minesup.gov.cm\/index.php\/wp-json\/wp\/v2\/media?parent=15221"}],"curies":[{"name":"wp","href":"https:\/\/api.w.org\/{rel}","templated":true}]}}