{"id":16296,"date":"2023-03-15T10:38:35","date_gmt":"2023-03-15T09:38:35","guid":{"rendered":"https:\/\/minesup.gov.cm\/?page_id=16296"},"modified":"2023-05-09T16:41:57","modified_gmt":"2023-05-09T15:41:57","slug":"kesmonds-international-university-institute-2","status":"publish","type":"page","link":"https:\/\/www.minesup.gov.cm\/index.php\/kesmonds-international-university-institute-2\/","title":{"rendered":"Kesmonds International University Institute"},"content":{"rendered":"<p><img loading=\"lazy\" class=\" wp-image-16308 aligncenter\" src=\"https:\/\/minesup.gov.cm\/wp-content\/uploads\/2023\/03\/WhatsApp-Image-2023-03-15-at-10.15.06-300x225.jpeg\" alt=\"\" width=\"279\" height=\"209\" \/><\/p>\n<p style=\"text-align: center;\"><strong>INFORMATIONS D\u2019IDENTIFICATION<\/strong><\/p>\n<p style=\"text-align: justify;\"><strong>Nom de l\u2019institution\u00a0<\/strong>: Kesmonds International University Institute<br \/>\n<strong>Nom du Repr\u00e9sentant du promoteur<\/strong> : Professor ATANGA DESMOND FUNWIE<br \/>\n<strong>R\u00e9gion\u00a0<\/strong>: Adamaoua<br \/>\n<strong>D\u00e9partement\u00a0<\/strong>: Vina<br \/>\n<strong>Arrondissement\u00a0<\/strong>: Ngaoundere 3eme<br \/>\n<strong>Site de localisation\u00a0<\/strong>: Dang en face de la mairie de Ngaoundere 3\u00e8me<br \/>\n<strong>Adresse postale<\/strong> : BP. 489 Ngaoundere<br \/>\n<strong>T\u00e9l\u00e9phone\u00a0<\/strong>: +237 695 009 100 \/ +237 683 119 311<br \/>\n<strong>Email<\/strong> : <a href=\"mailto:academics@kesmonds-edu.ac\">academics@kesmonds-edu.ac<\/a><br \/>\n<strong>Site web<\/strong> : <a href=\"http:\/\/www.kesmonds-edu.ac\" target=\"_blank\" rel=\"noopener\">www.kesmonds-edu.ac<\/a><br \/>\n<strong>Adresse dans les r\u00e9seaux sociaux\u00a0<\/strong>:\u00a0<a href=\"https:\/\/www.facebook.com\/kesmondsuniversity\" target=\"_blank\" rel=\"noopener\">https:\/\/www.facebook.com\/kesmondsuniversity<\/a> ;\u00a0<a href=\"https:\/\/twitter.com\/kiuamerica\" target=\"_blank\" rel=\"noopener\">https:\/\/twitter.com\/kiuamerica<\/a> ;\u00a0<a href=\"https:\/\/www.instagram.com\/kesmonds_int_university\/\" target=\"_blank\" rel=\"noopener\">https:\/\/www.instagram.com\/kesmonds_int_university\/<\/a> ;\u00a0<a href=\"https:\/\/www.linkedin.com\/in\/kiuamerica\/\" target=\"_blank\" rel=\"noopener\">https:\/\/www.linkedin.com\/in\/kiuamerica\/<\/a><\/p>\n<p style=\"text-align: center;\"><strong>INFORMATIONS SUR LE STATUT D\u2019ACCR\u00c9DITATION<\/strong><\/p>\n<p style=\"text-align: justify;\"><strong>Arr\u00eat\u00e9s portant cr\u00e9ation\u00a0<\/strong>: <a href=\"\/2023\/Kesmonds Cameroon Ministry of Education Authorization.pdf\">N\u00b0 21-02881\/L\/MINESUP\/SG\/DDES\/ESUP\/SDA\/MF du 25 mars 2021<\/a><br \/>\n<strong>Autorisation d\u2019ouverture<\/strong> : <a href=\"\/2023\/Kesmonds Cameroon Ministry of Education Authorization.pdf\">N\u00b0 21-02881\/L\/MINESUP\/SG\/DDES\/ESUP\/SDA\/MF du 25 mars 2021<\/a><\/p>\n","protected":false},"excerpt":{"rendered":"<p>&#46;&#46;&#46;<\/p>\n","protected":false},"author":2,"featured_media":0,"parent":0,"menu_order":0,"comment_status":"closed","ping_status":"closed","template":"","meta":[],"_links":{"self":[{"href":"https:\/\/www.minesup.gov.cm\/index.php\/wp-json\/wp\/v2\/pages\/16296"}],"collection":[{"href":"https:\/\/www.minesup.gov.cm\/index.php\/wp-json\/wp\/v2\/pages"}],"about":[{"href":"https:\/\/www.minesup.gov.cm\/index.php\/wp-json\/wp\/v2\/types\/page"}],"author":[{"embeddable":true,"href":"https:\/\/www.minesup.gov.cm\/index.php\/wp-json\/wp\/v2\/users\/2"}],"replies":[{"embeddable":true,"href":"https:\/\/www.minesup.gov.cm\/index.php\/wp-json\/wp\/v2\/comments?post=16296"}],"version-history":[{"count":2,"href":"https:\/\/www.minesup.gov.cm\/index.php\/wp-json\/wp\/v2\/pages\/16296\/revisions"}],"predecessor-version":[{"id":16498,"href":"https:\/\/www.minesup.gov.cm\/index.php\/wp-json\/wp\/v2\/pages\/16296\/revisions\/16498"}],"wp:attachment":[{"href":"https:\/\/www.minesup.gov.cm\/index.php\/wp-json\/wp\/v2\/media?parent=16296"}],"curies":[{"name":"wp","href":"https:\/\/api.w.org\/{rel}","templated":true}]}}