{"id":16365,"date":"2023-03-24T15:19:28","date_gmt":"2023-03-24T14:19:28","guid":{"rendered":"https:\/\/minesup.gov.cm\/?page_id=16365"},"modified":"2023-03-24T15:52:29","modified_gmt":"2023-03-24T14:52:29","slug":"saint-laurence-higher-institute-slhi","status":"publish","type":"page","link":"https:\/\/www.minesup.gov.cm\/index.php\/saint-laurence-higher-institute-slhi\/","title":{"rendered":"Saint Laurence Higher Institute (SLHI)"},"content":{"rendered":"<p style=\"text-align: center;\"><strong>INFORMATIONS D\u2019IDENTIFICATION<\/strong><\/p>\n<p><strong>Nom de l\u2019institution\u00a0<\/strong>: <strong>Saint Laurence Higher Institute (SLHI)<\/strong><br \/>\n<strong>Nom du Repr\u00e9sentant du promoteur<\/strong>\u00a0: Oscar LABARANG CHENYI<br \/>\n<strong>R\u00e9gion\u00a0<\/strong>: NORD-OUEST<br \/>\n<strong>D\u00e9partement\u00a0<\/strong>:<br \/>\n<strong>Arrondissement\u00a0<\/strong>:<br \/>\n<strong>Site de localisation\u00a0<\/strong>: BAMENDA\/NDOP<br \/>\n<strong>Adresse postale<\/strong>\u00a0:<br \/>\n<strong>T\u00e9l\u00e9phone\u00a0<\/strong>: 675 07 09 09<br \/>\n<strong>Email<\/strong>\u00a0:<br \/>\n<strong>Site web<\/strong>\u00a0:<br \/>\n<strong>Adresse dans les r\u00e9seaux sociaux\u00a0<\/strong>:<\/p>\n<p style=\"text-align: center;\"><strong>INFORMATIONS SUR LE STATUT D\u2019ACCR\u00c9DITATION<\/strong><\/p>\n<p style=\"text-align: justify;\"><strong>Arr\u00eat\u00e9s portant cr\u00e9ation <\/strong>: N\u00b01708245\/L\/MINESUP\/SG\/DDES\/ESUP\/SDA\/DAGS du 09 Ao\u00fbt 2017<br \/>\n<strong>Autorisation d\u2019ouverture<\/strong>\u00a0: N\u00b02107\/MINESUP\/SG\/DDES\/ESUP\/SDA\/\u2026 du 02 d\u00e9cembre 2021<\/p>\n<p style=\"text-align: center;\"><strong>Cycles de formation et dipl\u00f4mes\u00a0autoris\u00e9s :\u00a0 HND<\/strong><\/p>\n<ul>\n<li><strong>HND<\/strong><\/li>\n<\/ul>\n<p style=\"text-align: justify;\"><strong><u>Fili\u00e8re 1<\/u><\/strong><strong>\u00a0:\u00a0Business and finance <\/strong><br \/>\n<strong><u>Sp\u00e9cialit\u00e9s<\/u><\/strong>: Banking and Finance; \u00a0Marketing-Trade-Sale; Accountancy;<br \/>\n<strong><u>Fili\u00e8re 2<\/u><\/strong><strong>\u00a0:\u00a0Education<\/strong><br \/>\n<strong><u>Sp\u00e9cialit\u00e9s<\/u><\/strong><strong>\u00a0: <\/strong>didactics, curriculum Development and Teaching \u2013 Vocational Guidance and Counseling<br \/>\n<strong><u>Fili\u00e8re 3<\/u><\/strong><strong>\u00a0: Computer Engineering<\/strong><br \/>\n<strong><u>Sp\u00e9cialit\u00e9s<\/u><\/strong>\u00a0: Computer Engineering (<strong><u>Option\u00a0<\/u>:\u00a0 <\/strong>\u00a0Software Engineering) \u2013 Computer Maintenance (<strong><u>Option\u00a0:<\/u><\/strong> Hardware Maintenance)<br \/>\n<strong><u>Fili\u00e8re 4<\/u><\/strong><strong>:<\/strong>\u00a0<strong>Civil Engineering<\/strong><br \/>\n<strong><u>Sp\u00e9cialit\u00e9<\/u><\/strong><strong>\u00a0:<\/strong>\u00a0 Civil Engineering Technology<br \/>\n<strong><u>Fili\u00e8re 5<\/u><\/strong><strong>\u00a0:<\/strong>\u00a0<strong>Electrical and Engineering<\/strong><br \/>\n<strong><u>Sp\u00e9cialit\u00e9s<\/u><\/strong><strong>\u00a0: <\/strong>Electronics\u00a0&#8211; Electrotechnics<br \/>\n<strong><u>Fili\u00e8re 6\u00a0<\/u><\/strong><strong>: MedicaI and Biom\u00e9dical Sciences<\/strong><br \/>\n<strong><u>Sp\u00e9cialit\u00e9s<\/u><\/strong>: Nursing; Medical Laboratory Sciences; Health Care Management;<\/p>\n","protected":false},"excerpt":{"rendered":"<p>&#46;&#46;&#46;<\/p>\n","protected":false},"author":2,"featured_media":0,"parent":0,"menu_order":0,"comment_status":"closed","ping_status":"closed","template":"","meta":[],"_links":{"self":[{"href":"https:\/\/www.minesup.gov.cm\/index.php\/wp-json\/wp\/v2\/pages\/16365"}],"collection":[{"href":"https:\/\/www.minesup.gov.cm\/index.php\/wp-json\/wp\/v2\/pages"}],"about":[{"href":"https:\/\/www.minesup.gov.cm\/index.php\/wp-json\/wp\/v2\/types\/page"}],"author":[{"embeddable":true,"href":"https:\/\/www.minesup.gov.cm\/index.php\/wp-json\/wp\/v2\/users\/2"}],"replies":[{"embeddable":true,"href":"https:\/\/www.minesup.gov.cm\/index.php\/wp-json\/wp\/v2\/comments?post=16365"}],"version-history":[{"count":4,"href":"https:\/\/www.minesup.gov.cm\/index.php\/wp-json\/wp\/v2\/pages\/16365\/revisions"}],"predecessor-version":[{"id":16376,"href":"https:\/\/www.minesup.gov.cm\/index.php\/wp-json\/wp\/v2\/pages\/16365\/revisions\/16376"}],"wp:attachment":[{"href":"https:\/\/www.minesup.gov.cm\/index.php\/wp-json\/wp\/v2\/media?parent=16365"}],"curies":[{"name":"wp","href":"https:\/\/api.w.org\/{rel}","templated":true}]}}