{"id":18461,"date":"2024-04-04T17:35:49","date_gmt":"2024-04-04T16:35:49","guid":{"rendered":"http:\/\/www.minesup.gov.cm\/?page_id=18461"},"modified":"2024-05-15T10:27:43","modified_gmt":"2024-05-15T09:27:43","slug":"meridian-higher-institute-of-professional-studies-mhips","status":"publish","type":"page","link":"https:\/\/www.minesup.gov.cm\/index.php\/meridian-higher-institute-of-professional-studies-mhips\/","title":{"rendered":"Meridian Higher Institute of Professional Studies (MHIPS)"},"content":{"rendered":"<p style=\"text-align: center;\"><strong>INFORMATIONS D\u2019IDENTIFICATION<\/strong><\/p>\n<p style=\"text-align: justify;\"><strong>Nom de l\u2019institution\u00a0<\/strong>: Meridian Higher Institute of Professional Studies (MHIPS)<br \/>\n<strong>Nom du promoteur<\/strong> : TANI Emmanuel LUKONG<br \/>\n<strong>R\u00e9gion\u00a0<\/strong>: Sud-Ouest<br \/>\n<strong>D\u00e9partement\u00a0<\/strong>: Fako<br \/>\n<strong>Arrondissement <\/strong>: Buea Sub Division<br \/>\n<strong>Site de localisation\u00a0<\/strong>: Mt Cameroon Sports Complex<br \/>\n<strong>Adresse postale<\/strong> : BP : 40 Buea, SWR Cameroon<br \/>\n<strong>T\u00e9l\u00e9phone\u00a0<\/strong>: 659 42 22 33 \/ 675 55 46 34<br \/>\n<strong>Email<\/strong> : <a href=\"mailto:info@mgueduc.org\">info@mgueduc.org<\/a><br \/>\n<strong>Site web<\/strong> : <a href=\"http:\/\/www.mgueduc.org\" target=\"_blank\" rel=\"noopener\">www.mgueduc.org<\/a><br \/>\n<strong>Adresse dans les r\u00e9seaux sociaux\u00a0<\/strong>:<\/p>\n<p style=\"text-align: center;\"><strong>INFORMATIONS SUR LE STATUT D&rsquo;<\/strong><b>ACCR\u00c9DITATION<\/b><\/p>\n<p style=\"text-align: justify;\"><strong><span style=\"text-decoration: underline;\">Autorisation sp\u00e9ciale de cr\u00e9ation et d&rsquo;ouverture<\/span>\u00a0<\/strong>: N\u00b018-00524\/L\/MINESUP\/SG\/DDES\/SD-ESUP\/SDA\/OPC du 12 Janvier 2018<\/p>\n<p style=\"text-align: center;\"><strong>F<\/strong><strong>ILI\u00c8RES ET SP\u00c9CIALIT\u00c9S AUTORIS\u00c9ES<\/strong><\/p>\n<p style=\"text-align: justify;\"><strong>Diploma<\/strong>: HND\/Associate\/BSc.<br \/>\n<strong><u>Field of study :<\/u><\/strong> <strong>Education and Professional Development ; Specialties<\/strong>: Education (Didactics, Educational Planning and Curriculum Development).<br \/>\n<strong><u>Field of stu<\/u><u>dy :<\/u> Engineering and Technology <\/strong><strong>; Specialties\u00a0:<\/strong> Civil Engineering &#8211; Hardware Maintenance &#8211; Software Engineering and Computing &#8211; Onformation and Communication Technology &#8211; Electrical and Electronics Engineering.<br \/>\n<strong><u>Field of study :<\/u><\/strong> <strong>Busisness and Finance and Management ; Specialties :<\/strong> Accoutuancy &#8211; Marketing &#8211; Banking and Finance &#8211; International and Logistic &#8211;\u00a0 Insurance &#8211; Management &#8211; Shipping Management.<br \/>\n<strong><u>Field of study :<\/u> Medical and Biomedical Studies ; Specialties :<\/strong> Nursing &#8211;\u00a0 Medical Laboratory Studies &#8211; Healthcare Management.<\/p>\n","protected":false},"excerpt":{"rendered":"<p>&#46;&#46;&#46;<\/p>\n","protected":false},"author":2,"featured_media":0,"parent":0,"menu_order":0,"comment_status":"closed","ping_status":"closed","template":"","meta":[],"_links":{"self":[{"href":"https:\/\/www.minesup.gov.cm\/index.php\/wp-json\/wp\/v2\/pages\/18461"}],"collection":[{"href":"https:\/\/www.minesup.gov.cm\/index.php\/wp-json\/wp\/v2\/pages"}],"about":[{"href":"https:\/\/www.minesup.gov.cm\/index.php\/wp-json\/wp\/v2\/types\/page"}],"author":[{"embeddable":true,"href":"https:\/\/www.minesup.gov.cm\/index.php\/wp-json\/wp\/v2\/users\/2"}],"replies":[{"embeddable":true,"href":"https:\/\/www.minesup.gov.cm\/index.php\/wp-json\/wp\/v2\/comments?post=18461"}],"version-history":[{"count":7,"href":"https:\/\/www.minesup.gov.cm\/index.php\/wp-json\/wp\/v2\/pages\/18461\/revisions"}],"predecessor-version":[{"id":18519,"href":"https:\/\/www.minesup.gov.cm\/index.php\/wp-json\/wp\/v2\/pages\/18461\/revisions\/18519"}],"wp:attachment":[{"href":"https:\/\/www.minesup.gov.cm\/index.php\/wp-json\/wp\/v2\/media?parent=18461"}],"curies":[{"name":"wp","href":"https:\/\/api.w.org\/{rel}","templated":true}]}}