{"id":19847,"date":"2025-09-02T12:58:01","date_gmt":"2025-09-02T11:58:01","guid":{"rendered":"https:\/\/www.minesup.gov.cm\/?page_id=19847"},"modified":"2025-09-03T18:19:42","modified_gmt":"2025-09-03T17:19:42","slug":"daja-higher-institute-dhi","status":"publish","type":"page","link":"https:\/\/www.minesup.gov.cm\/index.php\/daja-higher-institute-dhi\/","title":{"rendered":"DAJA Higher Institute (DHI)"},"content":{"rendered":"<p><img loading=\"lazy\" class=\" wp-image-19854 aligncenter\" src=\"https:\/\/www.minesup.gov.cm\/wp-content\/uploads\/2025\/09\/WhatsApp-Image-2025-09-02-at-19.05.31-e1756918555104-300x210.jpeg\" alt=\"\" width=\"234\" height=\"164\" srcset=\"https:\/\/www.minesup.gov.cm\/wp-content\/uploads\/2025\/09\/WhatsApp-Image-2025-09-02-at-19.05.31-e1756918555104-300x210.jpeg 300w, https:\/\/www.minesup.gov.cm\/wp-content\/uploads\/2025\/09\/WhatsApp-Image-2025-09-02-at-19.05.31-e1756918555104-768x538.jpeg 768w, https:\/\/www.minesup.gov.cm\/wp-content\/uploads\/2025\/09\/WhatsApp-Image-2025-09-02-at-19.05.31-e1756918555104.jpeg 810w\" sizes=\"(max-width: 234px) 100vw, 234px\" \/><\/p>\n<p style=\"text-align: center;\"><span style=\"text-decoration: underline;\"><strong>INFORMATIONS D\u2019IDENTIFICATION<\/strong><\/span><\/p>\n<p><strong>Nom de l\u2019institution\u00a0<\/strong>: DAJA Higher Institute (DHI)<br \/>\n<strong>Nom du promoteur<\/strong> : Dr JULIUS ATEMAFAC<br \/>\n<strong>R\u00e9gion\u00a0<\/strong>: Sud-Ouest<br \/>\n<strong>D\u00e9partement\u00a0<\/strong>: Fako<br \/>\n<strong>Arrondissement <\/strong>: Buea sub division<br \/>\n<strong>Site de localisation\u00a0<\/strong>: Mt Carmel Junction. 1003 DAJA Avenue, Mile 18; Buea, SWR, Cameroon<br \/>\n<strong>Adresse postale<\/strong> :<br \/>\n<strong>T\u00e9l\u00e9phone\u00a0<\/strong>: 672 49 58 53\u00a0 \/\u00a0 687 67 22 89\u00a0 \u00a0.\u00a0 Fax : 866-207-0983<br \/>\n<strong>Email<\/strong> : <a href=\"mailto:edu@dajaedu.org\" target=\"_blank\" rel=\"noopener\">edu@dajaedu.org<\/a><br \/>\n<strong>Site web<\/strong> : <a href=\"http:\/\/www.dajaedu.org\" target=\"_blank\" rel=\"noopener\">www.dajaedu.org<\/a><br \/>\n<strong>Adresse dans les r\u00e9seaux sociaux\u00a0<\/strong>:<\/p>\n<p style=\"text-align: center;\"><span style=\"text-decoration: underline;\"><strong>INFORMATIONS SUR LE STATUT D&rsquo;<\/strong><b>ACCR\u00c9DITATION<\/b><\/span><\/p>\n<p><strong>Autorisation sp\u00e9ciale de cr\u00e9ation et d&rsquo;ouverture\u00a0<\/strong>: 25-07445\/NHA\/MINESUP\/DDES\/ESUP\/SDA\/NS du 28 ao\u00fbt 2025<\/p>\n<p style=\"text-align: center;\"><span style=\"text-decoration: underline;\"><strong>F<\/strong><strong>ILI\u00c8RES ET SP\u00c9CIALIT\u00c9S AUTORIS\u00c9E<\/strong><\/span><\/p>\n<p style=\"text-align: justify;\"><strong>HND\/Associate\/BSc\/MSc\/MBA\/DNP\/Ed.D<\/strong><\/p>\n<p style=\"text-align: justify;\"><span style=\"text-decoration: underline;\"><strong><em>Field 1:<\/em><\/strong><\/span> Education, specialties: Didactics, Curriculum Development and Teaching, Education Management and Administration, Distance and Continuing Education, Vocational Guidance and Counseling, Andragogy.<\/p>\n<p style=\"text-align: justify;\"><span style=\"text-decoration: underline;\"><strong><em>Field 2:<\/em><\/strong><\/span> Management, specialties: Assistant Managers, Management of non-governmental Organizations (NGOs), Project Management, Quality Management, Logistics and Transport Management, Information Systems Management, Human Resource Management, Events Management, Local Government Management (options: Accounting and Finance, Local Government Administration, Local Government Taxation).<\/p>\n<p style=\"text-align: justify;\"><strong><em><span style=\"text-decoration: underline;\">Field 3<\/span><\/em>:<\/strong> Business And Finance, specialties: Accountancy, Marketing-Trade-Sale, International trade, Insurance, Banking and Finance, Microfinance, Business Management, Health Care Management, Health Care Administration.<\/p>\n<p style=\"text-align: justify;\"><span style=\"text-decoration: underline;\"><em><strong>Field 4:<\/strong> <\/em><\/span>Computers Engineering, specialties: E-Commerce and Digital Marketing, Computer engineering, Software Engineering, Computer Science Networks, Data Base Management, Computer Graphics and Web Design, Computer Maintenance (option: Hardware Maintenance).<\/p>\n<p style=\"text-align: justify;\"><em><strong><span style=\"text-decoration: underline;\">Field 5:<\/span><\/strong><\/em> <span style=\"text-decoration: underline;\">Medical and Biomedical Sciences, specialties: Nursing, Midwifery, Physiotherapy, Pharmacy Technology, <\/span>Medical Laboratory Sciences, Dental Assistant, Health Care Management, Health Sanitary Inspector.<\/p>\n<p style=\"text-align: justify;\"><strong><em>Field 6:<\/em><\/strong> Home Economics and Social Work, specialties: Fashion, Clothing and Textiles, Beauty, Esthetics (option: Beauty Care and Cosmetics), Hairdressing Professions.<\/p>\n<p style=\"text-align: justify;\"><em><strong>Field 7:<\/strong> <\/em>Agricultural and Food Sciences, specialties: Agricultural Engineering, Food Technology, Animal Production, Crop Production Technology, Fisheries Management, Agro Pastoral Adviser, Agro Pastoral Entrepreneurship, Agricultural Business Technics, aquaculture, Agricultural Production Technology.<\/p>\n<p style=\"text-align: justify;\"><strong><em>Field 8:<\/em><\/strong> Tourism and Hotel Management and Catering, specialties: Tourism and travel agency Management, Hotel Management and catering.<\/p>\n<p style=\"text-align: justify;\"><strong><em>Field 9:<\/em> <\/strong>Communication, specialties: Advertising and Public Relations, Corporate Communication, Printing, Editing and Publishing.<\/p>\n","protected":false},"excerpt":{"rendered":"<p>&#46;&#46;&#46;<\/p>\n","protected":false},"author":2,"featured_media":0,"parent":0,"menu_order":0,"comment_status":"closed","ping_status":"closed","template":"","meta":[],"_links":{"self":[{"href":"https:\/\/www.minesup.gov.cm\/index.php\/wp-json\/wp\/v2\/pages\/19847"}],"collection":[{"href":"https:\/\/www.minesup.gov.cm\/index.php\/wp-json\/wp\/v2\/pages"}],"about":[{"href":"https:\/\/www.minesup.gov.cm\/index.php\/wp-json\/wp\/v2\/types\/page"}],"author":[{"embeddable":true,"href":"https:\/\/www.minesup.gov.cm\/index.php\/wp-json\/wp\/v2\/users\/2"}],"replies":[{"embeddable":true,"href":"https:\/\/www.minesup.gov.cm\/index.php\/wp-json\/wp\/v2\/comments?post=19847"}],"version-history":[{"count":9,"href":"https:\/\/www.minesup.gov.cm\/index.php\/wp-json\/wp\/v2\/pages\/19847\/revisions"}],"predecessor-version":[{"id":19863,"href":"https:\/\/www.minesup.gov.cm\/index.php\/wp-json\/wp\/v2\/pages\/19847\/revisions\/19863"}],"wp:attachment":[{"href":"https:\/\/www.minesup.gov.cm\/index.php\/wp-json\/wp\/v2\/media?parent=19847"}],"curies":[{"name":"wp","href":"https:\/\/api.w.org\/{rel}","templated":true}]}}