{"id":4137,"date":"2018-10-30T11:58:10","date_gmt":"2018-10-30T10:58:10","guid":{"rendered":"https:\/\/minesup.gov.cm\/?page_id=4137"},"modified":"2018-10-30T12:01:06","modified_gmt":"2018-10-30T11:01:06","slug":"4137-2","status":"publish","type":"page","link":"https:\/\/www.minesup.gov.cm\/index.php\/centre\/4137-2\/","title":{"rendered":"Citec Higher Institute of Technology and Management"},"content":{"rendered":"<p style=\"text-align: center;\"><strong>INFORMATIONS D\u2019IDENTIFICATION<\/strong><\/p>\n<p><strong>Nom de l\u2019institution\u00a0<\/strong>: Citec Higher Institute of Technology and Management<br \/>\n<strong>Nom du promoteur<\/strong>\u00a0: AMIN EFUETNGU Martin<br \/>\n<strong>R\u00e9gion\u00a0<\/strong>: Centre<br \/>\n<strong>D\u00e9partement\u00a0<\/strong>:<br \/>\n<strong>Arrondissement\u00a0<\/strong>:<br \/>\n<strong>Site de localisation\u00a0<\/strong>: Yaound\u00e9 &#8211; Nsimeyong<br \/>\n<strong>Adresse postale<\/strong>\u00a0:<br \/>\n<strong>B.P<\/strong>. BP: 8283<br \/>\n<strong>T\u00e9l\u00e9phone\u00a0<\/strong>:\u00a0+237 677 17 35 28\u00a0 675 37 84\u00a0 61<br \/>\n<strong>Email<\/strong>\u00a0:<br \/>\n<strong>Site web<\/strong>\u00a0:<br \/>\n<strong>Adresse dans les r\u00e9seaux sociaux\u00a0<\/strong>:<\/p>\n<p style=\"text-align: center;\"><strong>INFORMATIONS SUR LE STATUT D\u2019ACCR\u00c9DITATION<\/strong><\/p>\n<p><strong>Arr\u00eat\u00e9s portant cr\u00e9ation <\/strong>: N\u00b011\/0043\/MINESUP du 12 janvier 2011<br \/>\n<strong>Autorisation d\u2019ouverture<\/strong>\u00a0: N\u00b012\/0389\/MINESUP du 17 ao\u00fbt 2012<\/p>\n<p style=\"text-align: center;\"><strong>FILI\u00c8RES, SP\u00c9CIALIT\u00c9S ET DIPLOMES AUTORIS\u00c9ES<\/strong><\/p>\n<p style=\"text-align: justify;\"><strong>HND<\/strong><br \/>\nFili\u00e8re 1 : Engineering and Technology<br \/>\nSp\u00e9cialit\u00e9s : Computer Engineering (Option : Hardware Maintenance).<br \/>\nFili\u00e8re 2 : Business, Finance and Management<br \/>\nSp\u00e9cialit\u00e9s : Banking and Finance &#8211; Accountancy &#8211; Insurance &#8211; Management &#8211; Marketing &#8211; Secretarial Studies, Public Service and Administration (Options : Executive Secretarial Studies ; Public Service and Administration).<br \/>\nFili\u00e8re\u00a0 3 : Education and Professional Development<br \/>\nSp\u00e9cialit\u00e9 : Education (Options : Distance and Continuing Education ; Professional Studies in Education ; Vocational Guidance and Students Counseling).<\/p>\n<p style=\"text-align: justify;\"><strong>HPD<\/strong><br \/>\nFili\u00e8re : Gestion des Entreprises et des Administrations<br \/>\nSp\u00e9cialit\u00e9 : Ressources Humaines.<\/p>\n<p style=\"text-align: justify;\"><strong>Licence Professionnelle de l\u2019Universit\u00e9 de Bamenda<\/strong><br \/>\nFili\u00e8re 1 : Banking, Finance and Management<br \/>\nSp\u00e9cialit\u00e9s : Banking and Finance &#8211; Accountancy &#8211; Insurance &#8211; Management &#8211; Marketing &#8211; Secretarial Studies, Public Service and Administration (Options : Executive Secretarial Studies ; Public Service and Administration).<br \/>\nFili\u00e8re 2 : Engineering and Technology.<br \/>\nSp\u00e9cialit\u00e9s : Computer Engineering (Option : Hardware Maintenance).<br \/>\nFili\u00e8re\u00a0 3 : Education and Professional Development<br \/>\nSp\u00e9cialit\u00e9 : Education (Options : Distance and Continuing Education ; Professional Studies in Education ; Vocational Guidance and Students Counseling).<br \/>\nFili\u00e8re 4 : Management of Enterprises and Administration<br \/>\nSp\u00e9cialit\u00e9 : Human Resources.<\/p>\n","protected":false},"excerpt":{"rendered":"<p>&#46;&#46;&#46;<\/p>\n","protected":false},"author":2,"featured_media":0,"parent":1728,"menu_order":0,"comment_status":"closed","ping_status":"closed","template":"","meta":[],"_links":{"self":[{"href":"https:\/\/www.minesup.gov.cm\/index.php\/wp-json\/wp\/v2\/pages\/4137"}],"collection":[{"href":"https:\/\/www.minesup.gov.cm\/index.php\/wp-json\/wp\/v2\/pages"}],"about":[{"href":"https:\/\/www.minesup.gov.cm\/index.php\/wp-json\/wp\/v2\/types\/page"}],"author":[{"embeddable":true,"href":"https:\/\/www.minesup.gov.cm\/index.php\/wp-json\/wp\/v2\/users\/2"}],"replies":[{"embeddable":true,"href":"https:\/\/www.minesup.gov.cm\/index.php\/wp-json\/wp\/v2\/comments?post=4137"}],"version-history":[{"count":0,"href":"https:\/\/www.minesup.gov.cm\/index.php\/wp-json\/wp\/v2\/pages\/4137\/revisions"}],"up":[{"embeddable":true,"href":"https:\/\/www.minesup.gov.cm\/index.php\/wp-json\/wp\/v2\/pages\/1728"}],"wp:attachment":[{"href":"https:\/\/www.minesup.gov.cm\/index.php\/wp-json\/wp\/v2\/media?parent=4137"}],"curies":[{"name":"wp","href":"https:\/\/api.w.org\/{rel}","templated":true}]}}