{"id":4145,"date":"2018-10-30T12:22:01","date_gmt":"2018-10-30T11:22:01","guid":{"rendered":"https:\/\/minesup.gov.cm\/?page_id=4145"},"modified":"2018-10-30T12:27:19","modified_gmt":"2018-10-30T11:27:19","slug":"ecole-superieure-de-commerce-et-de-gestion-des-entreprises-sup-de-co","status":"publish","type":"page","link":"https:\/\/www.minesup.gov.cm\/index.php\/centre\/ecole-superieure-de-commerce-et-de-gestion-des-entreprises-sup-de-co\/","title":{"rendered":"Ecole Sup\u00e9rieure  de Commerce et de Gestion des Entreprises (SUP DE CO )"},"content":{"rendered":"<p style=\"text-align: center;\"><strong>INFORMATIONS D\u2019IDENTIFICATION<\/strong><\/p>\n<p><strong>Nom de l\u2019institution\u00a0<\/strong>: Ecole Sup\u00e9rieure\u00a0 de Commerce et de Gestion des Entreprises (SUP DE CO )<br \/>\n<strong>Nom du promoteur<\/strong>\u00a0: NYANGANG Robert<br \/>\n<strong>R\u00e9gion\u00a0<\/strong>: Centre<br \/>\n<strong>D\u00e9partement\u00a0<\/strong>:<br \/>\n<strong>Arrondissement\u00a0<\/strong>:<br \/>\n<strong>Site de localisation\u00a0<\/strong>: Yaound\u00e9 (Ngousso)<br \/>\n<strong>Adresse postale<\/strong>\u00a0:<br \/>\n<strong>B.P\u00a0: <\/strong>\u00a011151<br \/>\n<strong>T\u00e9l\u00e9phone\u00a0<\/strong>:\u00a0+237 699 53 24 33 \/ 677 75 54 04 \/ 696 70 60 29 \/ 696 40 06 21 \/ 677 01 13 57<br \/>\n<strong>Email<\/strong>\u00a0:<br \/>\n<strong>Site web<\/strong>\u00a0:<br \/>\n<strong>Adresse dans les r\u00e9seaux sociaux\u00a0<\/strong>:<\/p>\n<p style=\"text-align: center;\"><strong>INFORMATIONS SUR LE STATUT D\u2019ACCR\u00c9DITATION<\/strong><\/p>\n<p style=\"text-align: left;\"><strong>Arr\u00eat\u00e9s portant cr\u00e9ation <\/strong>: N\u00b005\/0011\/MINESUP du 12 janvier 2005<br \/>\n<strong>Autorisation d\u2019ouverture<\/strong>\u00a0: N\u00b005\/0033\/MINESUP du 12 janvier 2005\u00a0; compl\u00e9t\u00e9 par l\u2019arr\u00eat\u00e9 N\u00b007\/0132\/MINESUP du 21 septembre 2007<\/p>\n<p style=\"text-align: center;\"><strong>FILI\u00c8RES, SP\u00c9CIALIT\u00c9S ET DIPLOMES AUTORIS\u00c9ES<\/strong><\/p>\n<p style=\"text-align: justify;\"><strong>BTS <\/strong><br \/>\nFili\u00e8re 1 : Commerciale\u00a0 et de\u00a0 Gestion<br \/>\nSp\u00e9cialit\u00e9s : Comptabilit\u00e9 et Gestion des Entreprises &#8211; Technique Commerciale et Marketing &#8211; Banque &#8211; Informatique de Gestion &#8211; Commerce International &#8211; Assurances &#8211; Action Commerciale &#8211; Gestion Logistique et Transport.<br \/>\nFili\u00e8re 2 : Communication<br \/>\nSp\u00e9cialit\u00e9 : Information-Communication (Option : Communication d\u2019Entreprise).<\/p>\n<p style=\"text-align: justify;\"><strong>Master de l\u2019Universit\u00e9 de Yaound\u00e9 II et de l\u2019Ecole Sup\u00e9rieure de Commerce et de Gestion de Clermont Ferrand<\/strong><br \/>\nFili\u00e8re : Sciences de Gestion<br \/>\nSp\u00e9cialit\u00e9s : Finance et Contr\u00f4le de Gestion &#8211; Marketing, Distribution &#8211; Gestion des Ressources Humaines.<\/p>\n<p style=\"text-align: justify;\"><strong>MBA sous la tutelle acad\u00e9mique de l\u2019Universit\u00e9 de Yaound\u00e9 II et en partenariat avec l\u2019Ecole Sup\u00e9rieure de Gestion (ESG) du Groupe<\/strong><br \/>\nFili\u00e8re : Sciences de Gestion<br \/>\nSp\u00e9cialit\u00e9s : Audit et Contr\u00f4le Interne &#8211; Marketing et Publicit\u00e9.<\/p>\n<p style=\"text-align: justify;\"><strong>Bachelor sous la tutelle acad\u00e9mique de l\u2019Universit\u00e9 de Yaound\u00e9 II et en partenariat avec l\u2019Ecole Sup\u00e9rieure de Comerce (ESG) du Groupe Studialis<\/strong><br \/>\nFili\u00e8re : Sciences de Gestion<br \/>\nSp\u00e9cialit\u00e9s : Finance &#8211; Marketing et Publicit\u00e9.<\/p>\n<p style=\"text-align: justify;\"><strong>Master sous la tutelle acad\u00e9mique de l\u2019Universit\u00e9 de Yaound\u00e9 II et en partenariat avec l\u2019Ecole Sup\u00e9rieure de Comerce (ESG) du Groupe Studialis<\/strong><br \/>\nFili\u00e8re : Sciences de Gestion<br \/>\nSp\u00e9cialit\u00e9 : Management.<\/p>\n<p style=\"text-align: justify;\"><strong>MBA sous la tutelle acad\u00e9mique de l\u2019Universit\u00e9 de Yaound\u00e9 II et en partenariat avec l\u2019Ecole Sup\u00e9rieure de Comerce (ESG) du Groupe Studialis <\/strong><br \/>\nFili\u00e8re : Sciences de Gestion<br \/>\nSp\u00e9cialit\u00e9s : Finance &#8211; Audit &#8211; Marketing et Publicit\u00e9<\/p>\n","protected":false},"excerpt":{"rendered":"<p>&#46;&#46;&#46;<\/p>\n","protected":false},"author":2,"featured_media":0,"parent":1728,"menu_order":0,"comment_status":"closed","ping_status":"closed","template":"","meta":[],"_links":{"self":[{"href":"https:\/\/www.minesup.gov.cm\/index.php\/wp-json\/wp\/v2\/pages\/4145"}],"collection":[{"href":"https:\/\/www.minesup.gov.cm\/index.php\/wp-json\/wp\/v2\/pages"}],"about":[{"href":"https:\/\/www.minesup.gov.cm\/index.php\/wp-json\/wp\/v2\/types\/page"}],"author":[{"embeddable":true,"href":"https:\/\/www.minesup.gov.cm\/index.php\/wp-json\/wp\/v2\/users\/2"}],"replies":[{"embeddable":true,"href":"https:\/\/www.minesup.gov.cm\/index.php\/wp-json\/wp\/v2\/comments?post=4145"}],"version-history":[{"count":0,"href":"https:\/\/www.minesup.gov.cm\/index.php\/wp-json\/wp\/v2\/pages\/4145\/revisions"}],"up":[{"embeddable":true,"href":"https:\/\/www.minesup.gov.cm\/index.php\/wp-json\/wp\/v2\/pages\/1728"}],"wp:attachment":[{"href":"https:\/\/www.minesup.gov.cm\/index.php\/wp-json\/wp\/v2\/media?parent=4145"}],"curies":[{"name":"wp","href":"https:\/\/api.w.org\/{rel}","templated":true}]}}