{"id":7427,"date":"2019-06-19T13:10:15","date_gmt":"2019-06-19T11:10:15","guid":{"rendered":"https:\/\/minesup.gov.cm\/?page_id=7427"},"modified":"2019-06-19T13:10:15","modified_gmt":"2019-06-19T11:10:15","slug":"institut-superieur-des-sciences-de-la-sante-de-bangangte-isss","status":"publish","type":"page","link":"https:\/\/www.minesup.gov.cm\/index.php\/region-de-louest\/institut-superieur-des-sciences-de-la-sante-de-bangangte-isss\/","title":{"rendered":"Institut Sup\u00e9rieur des Sciences de la Sant\u00e9  de Bangangt\u00e9 (ISSS)"},"content":{"rendered":"<p><strong>INFORMATIONS D\u2019IDENTIFICATION<\/strong><\/p>\n<p><strong>Nom de l\u2019institution\u00a0<\/strong>: <strong>Institut Sup\u00e9rieur des Sciences de la Sant\u00e9\u00a0 de Bangangt\u00e9 (ISSS)<\/strong><\/p>\n<p><strong>Nom du promoteur<\/strong>\u00a0: <strong><em>KAPTUE Lazare<\/em><\/strong><br \/>\n<strong>R\u00e9gion\u00a0<\/strong>: Ouest<br \/>\n<strong>D\u00e9partement\u00a0<\/strong>:<br \/>\n<strong>Arrondissement\u00a0<\/strong>:<br \/>\n<strong>Site de localisation\u00a0<\/strong>:<br \/>\n<strong>Adresse postale<\/strong>\u00a0:<br \/>\n<strong>B.P<\/strong>.\u00a0:<br \/>\n<strong>T\u00e9l\u00e9phone\u00a0<\/strong>: +237<br \/>\n<strong>Email<\/strong>\u00a0:<br \/>\n<strong>Site web<\/strong>\u00a0:<br \/>\n<strong>Adresse dans les r\u00e9seaux sociaux\u00a0<\/strong>:<\/p>\n<p><strong>INFORMATIONS SUR LE STATUT D\u2019ACCR\u00c9DITATION<\/strong><\/p>\n<p><strong>Arr\u00eat\u00e9s portant cr\u00e9ation <\/strong>: N\u00b005\/0008\/MINESUP du <strong>12\u00a0janvier 2005<\/strong>.<\/p>\n<p><strong>Autorisation d\u2019ouverture<\/strong>\u00a0: N\u00b005\/0035\/MINESUP du 12\u00a0janvier 2005.<\/p>\n<p><strong>Compl\u00e9t\u00e9 par l\u2019arr\u00eat\u00e9<\/strong> N\u00b008\/0278\/MINSUP du 03 octobre 2008<\/p>\n<p><strong>FILI\u00c8RES, SP\u00c9CIALIT\u00c9S ET DIPL\u00d4MES AUTORIS\u00c9ES<\/strong><\/p>\n<p><strong>Dipl\u00f4me\u00a0: <\/strong>Licence, Master, Doctorat en M\u00e9decine\u00a0 de l\u2019Universit\u00e9 de Yaound\u00e9 I et la Facult\u00e9 de M\u00e9decine et de Pharmacie de l\u2019Universit\u00e9 Paul Sabatier.<\/p>\n<p><strong><u>\u00a0Fili\u00e8re<\/u><\/strong><strong>\u00a0: Professions M\u00e9dicales, M\u00e9dico-Sanitaires et Pharmaceutiques<\/strong><\/p>\n<p><strong><u>Sp\u00e9cialit\u00e9s<\/u><\/strong><strong>\u00a0<\/strong>: M\u00e9decine &#8211; Pharmacie &#8211; Chirurgie Dentaire &#8211; Etudes V\u00e9t\u00e9rinaires &#8211; Soins Infirmiers.<\/p>\n","protected":false},"excerpt":{"rendered":"<p>&#46;&#46;&#46;<\/p>\n","protected":false},"author":2,"featured_media":0,"parent":1749,"menu_order":0,"comment_status":"closed","ping_status":"closed","template":"","meta":[],"_links":{"self":[{"href":"https:\/\/www.minesup.gov.cm\/index.php\/wp-json\/wp\/v2\/pages\/7427"}],"collection":[{"href":"https:\/\/www.minesup.gov.cm\/index.php\/wp-json\/wp\/v2\/pages"}],"about":[{"href":"https:\/\/www.minesup.gov.cm\/index.php\/wp-json\/wp\/v2\/types\/page"}],"author":[{"embeddable":true,"href":"https:\/\/www.minesup.gov.cm\/index.php\/wp-json\/wp\/v2\/users\/2"}],"replies":[{"embeddable":true,"href":"https:\/\/www.minesup.gov.cm\/index.php\/wp-json\/wp\/v2\/comments?post=7427"}],"version-history":[{"count":0,"href":"https:\/\/www.minesup.gov.cm\/index.php\/wp-json\/wp\/v2\/pages\/7427\/revisions"}],"up":[{"embeddable":true,"href":"https:\/\/www.minesup.gov.cm\/index.php\/wp-json\/wp\/v2\/pages\/1749"}],"wp:attachment":[{"href":"https:\/\/www.minesup.gov.cm\/index.php\/wp-json\/wp\/v2\/media?parent=7427"}],"curies":[{"name":"wp","href":"https:\/\/api.w.org\/{rel}","templated":true}]}}