{"id":7467,"date":"2019-06-19T14:01:25","date_gmt":"2019-06-19T12:01:25","guid":{"rendered":"https:\/\/minesup.gov.cm\/?page_id=7467"},"modified":"2019-06-23T22:36:00","modified_gmt":"2019-06-23T20:36:00","slug":"institut-superieur-de-gestion-et-dhotellerie-isgho","status":"publish","type":"page","link":"https:\/\/www.minesup.gov.cm\/index.php\/centre\/institut-superieur-de-gestion-et-dhotellerie-isgho\/","title":{"rendered":"Institut Sup\u00e9rieur de Gestion et d\u2019H\u00f4tellerie (ISGHO)"},"content":{"rendered":"<p style=\"text-align: center;\"><strong>INFORMATIONS D\u2019IDENTIFICATION<\/strong><\/p>\n<p><strong>Nom de l\u2019institution\u00a0<\/strong>: Institut Sup\u00e9rieur de Gestion et d\u2019H\u00f4tellerie (ISGHO)<br \/>\n<strong>Nom du promoteur<\/strong>\u00a0: NGAYOU Emmanuel<br \/>\n<strong>R\u00e9gion\u00a0<\/strong>: Centre<br \/>\n<strong>D\u00e9partement\u00a0<\/strong>: Mfoundi<br \/>\n<strong>Arrondissement\u00a0<\/strong>: Yaound\u00e9<br \/>\n<strong>Site de localisation\u00a0<\/strong>: Ekoundoum<br \/>\n<strong>Adresse postale<\/strong>\u00a0:<br \/>\n<strong>B.P<\/strong>. : 12550<br \/>\n<strong>T\u00e9l\u00e9phone\u00a0<\/strong>: 22 30 29 58<br \/>\n<strong>Email<\/strong>\u00a0:<br \/>\n<strong>Site web<\/strong>\u00a0:<br \/>\n<strong>Adresse dans les r\u00e9seaux sociaux\u00a0<\/strong>:<\/p>\n<p style=\"text-align: center;\"><strong>INFORMATIONS SUR LE STATUT D\u2019ACCR\u00c9DITATION<\/strong><\/p>\n<p><strong>Arr\u00eat\u00e9s portant cr\u00e9ation <\/strong>: N\u00b012\/0639\/MINESUP du 23 novembre 2012<br \/>\n<strong>Autorisation d\u2019ouverture<\/strong>\u00a0: N\u00b013\/0590\/MINESUP du 02 d\u00e9cembre 2013<\/p>\n<p style=\"text-align: center;\"><strong>FILI\u00c8RES, SP\u00c9CIALIT\u00c9S ET DIPL\u00d4MES AUTORIS\u00c9ES<\/strong><\/p>\n<p style=\"text-align: justify;\"><strong>\u00a0Dipl\u00f4me\u00a0: BTS<\/strong><br \/>\n<strong><u>Fili\u00e8re 1<\/u><\/strong><strong>\u00a0:<\/strong><strong> Commerciale et de Gestion<\/strong><br \/>\n<strong><u>Sp\u00e9cialit\u00e9s<\/u><\/strong> : Comptabilit\u00e9 et Gestion des Entreprises &#8211; Banque &#8211; Informatique de Gestion &#8211; Secr\u00e9tariat et Bureautique (<em><u>Options<\/u><\/em>\u00a0: Secr\u00e9tariat de Direction\u00a0; Secr\u00e9tariat Bureautique Bilingue).<br \/>\n<u>Fili\u00e8re 2<\/u> : Touristique et Sociale<br \/>\n<u>Sp\u00e9cialit\u00e9s<\/u> : Economie Sociale et Familiale &#8211; H\u00f4tellerie et\u00a0 Restauration &#8211; Tourisme et Loisirs.<br \/>\n<strong><u>Dipl\u00f4me<\/u><\/strong><strong> HND<\/strong><br \/>\n<u>Fili\u00e8re1<\/u>\u00a0: Business, Finance and Management<br \/>\n<u>Sp\u00e9cialit\u00e9s<\/u>\u00a0: Accountancy &#8211; Banking and Finance &#8211; Management &#8211; Marketing &#8211; Insurance &#8211; Secretarial Studies, Public Service and Administration.<br \/>\n<u>Fili\u00e8re 2<\/u>\u00a0: Home Economics, Tourism and Hotel Management<br \/>\n<u>Sp\u00e9cialit\u00e9s<\/u>\u00a0: Tourism and Hotel Management (Option : Food Management and Catering ; Beverage and Restaurant Management) &#8211; Hospitality Management.<br \/>\n<u>Fili\u00e8re 3<\/u>\u00a0: Education and Professional Development<br \/>\n<u>Sp\u00e9cialit\u00e9s<\/u>\u00a0: Education (Options\u00a0: Didactics\u00a0; Education Planning and Curriculum\u00a0Development\u00a0; Curriculum Studies and Teaching) &#8211; Guidance and Students Counseling.<\/p>\n","protected":false},"excerpt":{"rendered":"<p>&#46;&#46;&#46;<\/p>\n","protected":false},"author":2,"featured_media":0,"parent":1728,"menu_order":0,"comment_status":"closed","ping_status":"closed","template":"","meta":[],"_links":{"self":[{"href":"https:\/\/www.minesup.gov.cm\/index.php\/wp-json\/wp\/v2\/pages\/7467"}],"collection":[{"href":"https:\/\/www.minesup.gov.cm\/index.php\/wp-json\/wp\/v2\/pages"}],"about":[{"href":"https:\/\/www.minesup.gov.cm\/index.php\/wp-json\/wp\/v2\/types\/page"}],"author":[{"embeddable":true,"href":"https:\/\/www.minesup.gov.cm\/index.php\/wp-json\/wp\/v2\/users\/2"}],"replies":[{"embeddable":true,"href":"https:\/\/www.minesup.gov.cm\/index.php\/wp-json\/wp\/v2\/comments?post=7467"}],"version-history":[{"count":0,"href":"https:\/\/www.minesup.gov.cm\/index.php\/wp-json\/wp\/v2\/pages\/7467\/revisions"}],"up":[{"embeddable":true,"href":"https:\/\/www.minesup.gov.cm\/index.php\/wp-json\/wp\/v2\/pages\/1728"}],"wp:attachment":[{"href":"https:\/\/www.minesup.gov.cm\/index.php\/wp-json\/wp\/v2\/media?parent=7467"}],"curies":[{"name":"wp","href":"https:\/\/api.w.org\/{rel}","templated":true}]}}