{"id":7816,"date":"2019-06-24T11:57:58","date_gmt":"2019-06-24T09:57:58","guid":{"rendered":"https:\/\/minesup.gov.cm\/?page_id=7816"},"modified":"2019-06-24T11:57:58","modified_gmt":"2019-06-24T09:57:58","slug":"higher-institute-of-professionalism-and-technology-hemipt","status":"publish","type":"page","link":"https:\/\/www.minesup.gov.cm\/index.php\/region-nord-ouest\/higher-institute-of-professionalism-and-technology-hemipt\/","title":{"rendered":"Higher Institute of Professionalism and Technology (HEMIPT)"},"content":{"rendered":"<p><strong>INFORMATIONS D\u2019IDENTIFICATION<\/strong><\/p>\n<p><strong>Nom de l\u2019institution\u00a0<\/strong>: <strong>Higher Institute of Professionalism and Technology (HEMIPT)<\/strong><br \/>\n<strong>Nom du promoteur<\/strong>\u00a0: <strong>NYUYDINE Marine KOGLIM <\/strong><br \/>\n<strong>R\u00e9gion\u00a0<\/strong>: Nord-Ouest<br \/>\n<strong>D\u00e9partement\u00a0<\/strong>: Mbui<br \/>\n<strong>Arrondissement\u00a0<\/strong>: Kumbo<br \/>\n<strong>Site de localisation\u00a0<\/strong>: Kumbo<\/p>\n<p><strong>Adresse postale<\/strong>\u00a0: <strong>B.P<\/strong>.<br \/>\n<strong>T\u00e9l\u00e9phone\u00a0<\/strong>: +237\u00a0675\u00a0283\u00a0496\/ 691\u00a0933 667<br \/>\n<strong>Email<\/strong>\u00a0:<br \/>\n<strong>Site web<\/strong>\u00a0:<br \/>\n<strong>Adresse dans les r\u00e9seaux sociaux\u00a0<\/strong>:<\/p>\n<p><strong>INFORMATIONS SUR LE STATUT D\u2019ACCR\u00c9DITATION<\/strong><\/p>\n<p><strong>Arr\u00eat\u00e9s portant cr\u00e9ation <\/strong>: N\u00b017-08144\/L\/MINESUP\/DDES\/ESUP\/SDA\/MM du 04 ao\u00fbt 2017<br \/>\n<strong>Autorisation d\u2019ouverture<\/strong>\u00a0: N\u00b017-08144\/L\/MINESUP\/DDES\/ESUP\/SDA\/MM du 04 ao\u00fbt 2017<\/p>\n<p><strong>FILI\u00c8RES, SP\u00c9CIALIT\u00c9S ET DIPL\u00d4MES AUTORIS\u00c9S<\/strong><\/p>\n<p><strong>Dipl\u00f4me HND<\/strong><\/p>\n<p><strong><u>Fili\u00e8re 1<\/u><\/strong><strong> :\u00a0 Business Finance and Management<\/strong><\/p>\n<p><strong><u>Sp\u00e9cialit\u00e9s<\/u><\/strong> : Accountancy \u2013 Banking and Finance \u2013 Management \u2013 Marketing \u2013 Insurance \u2013 Executive Secretarial Studies \u2013 Transport and Logistic<\/p>\n<p><strong><u>Fili\u00e8re 2<\/u><\/strong><strong> : Education and Vocational Development<\/strong><\/p>\n<p><strong><u>Sp\u00e9cialit\u00e9s<\/u><\/strong> : Science of Education \u2013 Didactics \u2013 Guidance and Counselling<\/p>\n<p><strong><u>Fili\u00e8re 3<\/u><\/strong><strong> : Home Economics and Tourism <\/strong><\/p>\n<p><strong><u>Sp\u00e9cialit\u00e9s<\/u><\/strong> : Home Economics (Option: Clothing and Textiles)<\/p>\n<p><strong><u>Fili\u00e8re 4<\/u><\/strong><strong> : Biomedical Sciences<\/strong><\/p>\n<p><strong><u>Sp\u00e9cialit\u00e9s<\/u><\/strong> : Nursing \u2013 Medical Laboratory Studies<\/p>\n<p><strong>\u00a0<\/strong><\/p>\n","protected":false},"excerpt":{"rendered":"<p>&#46;&#46;&#46;<\/p>\n","protected":false},"author":2,"featured_media":0,"parent":1747,"menu_order":0,"comment_status":"closed","ping_status":"closed","template":"","meta":[],"_links":{"self":[{"href":"https:\/\/www.minesup.gov.cm\/index.php\/wp-json\/wp\/v2\/pages\/7816"}],"collection":[{"href":"https:\/\/www.minesup.gov.cm\/index.php\/wp-json\/wp\/v2\/pages"}],"about":[{"href":"https:\/\/www.minesup.gov.cm\/index.php\/wp-json\/wp\/v2\/types\/page"}],"author":[{"embeddable":true,"href":"https:\/\/www.minesup.gov.cm\/index.php\/wp-json\/wp\/v2\/users\/2"}],"replies":[{"embeddable":true,"href":"https:\/\/www.minesup.gov.cm\/index.php\/wp-json\/wp\/v2\/comments?post=7816"}],"version-history":[{"count":0,"href":"https:\/\/www.minesup.gov.cm\/index.php\/wp-json\/wp\/v2\/pages\/7816\/revisions"}],"up":[{"embeddable":true,"href":"https:\/\/www.minesup.gov.cm\/index.php\/wp-json\/wp\/v2\/pages\/1747"}],"wp:attachment":[{"href":"https:\/\/www.minesup.gov.cm\/index.php\/wp-json\/wp\/v2\/media?parent=7816"}],"curies":[{"name":"wp","href":"https:\/\/api.w.org\/{rel}","templated":true}]}}