{"id":7827,"date":"2019-06-24T12:19:04","date_gmt":"2019-06-24T10:19:04","guid":{"rendered":"https:\/\/minesup.gov.cm\/?page_id=7827"},"modified":"2019-06-24T12:19:04","modified_gmt":"2019-06-24T10:19:04","slug":"jomatt-polytechnic-institute-of-education","status":"publish","type":"page","link":"https:\/\/www.minesup.gov.cm\/index.php\/region-nord-ouest\/jomatt-polytechnic-institute-of-education\/","title":{"rendered":"Jomatt Polytechnic Institute of Education"},"content":{"rendered":"<p><strong>INFORMATIONS D\u2019IDENTIFICATION<\/strong><\/p>\n<p><strong>Nom de l\u2019institution\u00a0<\/strong>: <strong>Jomatt Polytechnic Institute of Education<\/strong><\/p>\n<p><strong>Nom du promoteur<\/strong>\u00a0: <strong><em>MBAH MBAKUH Jerry<\/em><\/strong><\/p>\n<p><strong>R\u00e9gion\u00a0<\/strong>: Nord-Ouest<br \/>\n<strong>D\u00e9partement\u00a0<\/strong>: Mezam<br \/>\n<strong>Arrondissement\u00a0<\/strong>:<br \/>\n<strong>Site de localisation\u00a0<\/strong>: Bamenda<\/p>\n<p><strong>Adresse postale<\/strong>\u00a0: <strong>B.P<\/strong>.\u00a0 492<\/p>\n<p><strong>T\u00e9l\u00e9phone\u00a0<\/strong>: +237\u00a0677\u00a0631 114<br \/>\n<strong>Email<\/strong>\u00a0:<br \/>\n<strong>Site web<\/strong>\u00a0:<br \/>\n<strong>Adresse dans les r\u00e9seaux sociaux\u00a0<\/strong>:<\/p>\n<p><strong>INFORMATIONS SUR LE STATUT D\u2019ACCR\u00c9DITATION<\/strong><\/p>\n<p><strong>Arr\u00eat\u00e9 portant cr\u00e9ation <\/strong>: N\u00b016-07755\/N\/MINESUP\/SG\/DDES\/ESUP\/SDA\/NJN\/ebm du 19 juillet 2016<\/p>\n<p><strong>Autorisation d\u2019ouverture<\/strong>\u00a0: N\u00b016-07755\/N\/MINESUP\/SG\/DDES\/ESUP\/SDA\/NJN\/ebm du 19 juillet 2016<\/p>\n<p><strong>FILI\u00c8RES, SP\u00c9CIALIT\u00c9S ET DIPL\u00d4MES AUTORIS\u00c9S<\/strong><\/p>\n<p><strong>Dipl\u00f4me\u00a0: HND<\/strong><\/p>\n<p><strong><u>Fili\u00e8re 1<\/u><\/strong><strong>\u00a0: Business, Finance and Management<\/strong><\/p>\n<p><strong><u>Sp\u00e9cialit\u00e9s<\/u><\/strong><strong>\u00a0<\/strong>:Accountancy -Banking and Finance\u00a0&#8211; Marketing &#8211; Management\u00a0&#8211; Executive Secretarial Studies, Public Services and Administration (<em><u>Options<\/u><\/em>\u00a0: Bilingual Secretarial Studies ; Executive Secretarial Studies)- Insurance &#8211; Transport and Logistics &#8211; Shipping Administration &#8211; Human Resource Management.<\/p>\n<p><strong><u>Fili\u00e8re 2<\/u><\/strong><strong>\u00a0: Engineering and Technology<\/strong><\/p>\n<p><strong><u>Sp\u00e9cialit\u00e9s<\/u><\/strong><strong>\u00a0<\/strong>:Electrical and Electronics Engineering- Civil and Structural Engineering- Computer Engineering (<em><u>Options<\/u><\/em>:Hardware Maintenance; Software Maintenance ; Information and Communication Technology) -Welding-Carpentry and Building Science.<\/p>\n<p><strong><u>Fili\u00e8re 3<\/u><\/strong><strong>\u00a0: Teaching Education and Professional Development<\/strong><\/p>\n<p><strong><u>Sp\u00e9cialit\u00e9<\/u><\/strong><strong>\u00a0<\/strong>:Didactics &#8211; Educational Planning and Curriculum Development- Vocational Guidance and Counseling.<\/p>\n<p><strong><u>Fili\u00e8re 4<\/u><\/strong><strong> : Home Economics, Tourism and Hotel Management<\/strong><\/p>\n<p><strong><u>Sp\u00e9cialit\u00e9s<\/u><\/strong>:Home Economics (<em><u>Options<\/u><\/em>: Fashion Design; Clothing and Textiles)- Tourism and Hotel Management (<em><u>Option<\/u> :<\/em> Food Management and Catering).<\/p>\n<p><strong><u>Fili\u00e8re 5<\/u><\/strong><strong> :\u00a0 Medical and Biomedical Studies<\/strong><\/p>\n<p><strong><u>Sp\u00e9cialit\u00e9s<\/u><\/strong>: Nursing &#8211;\u00a0M\u00e9dical Laboratory Studies &#8211; Midwifery &#8211; Physiotherapy.<\/p>\n<p><strong><u>Fili\u00e8re 6<\/u><\/strong><strong> : Agriculture<\/strong><\/p>\n","protected":false},"excerpt":{"rendered":"<p>&#46;&#46;&#46;<\/p>\n","protected":false},"author":2,"featured_media":0,"parent":1747,"menu_order":0,"comment_status":"closed","ping_status":"closed","template":"","meta":[],"_links":{"self":[{"href":"https:\/\/www.minesup.gov.cm\/index.php\/wp-json\/wp\/v2\/pages\/7827"}],"collection":[{"href":"https:\/\/www.minesup.gov.cm\/index.php\/wp-json\/wp\/v2\/pages"}],"about":[{"href":"https:\/\/www.minesup.gov.cm\/index.php\/wp-json\/wp\/v2\/types\/page"}],"author":[{"embeddable":true,"href":"https:\/\/www.minesup.gov.cm\/index.php\/wp-json\/wp\/v2\/users\/2"}],"replies":[{"embeddable":true,"href":"https:\/\/www.minesup.gov.cm\/index.php\/wp-json\/wp\/v2\/comments?post=7827"}],"version-history":[{"count":0,"href":"https:\/\/www.minesup.gov.cm\/index.php\/wp-json\/wp\/v2\/pages\/7827\/revisions"}],"up":[{"embeddable":true,"href":"https:\/\/www.minesup.gov.cm\/index.php\/wp-json\/wp\/v2\/pages\/1747"}],"wp:attachment":[{"href":"https:\/\/www.minesup.gov.cm\/index.php\/wp-json\/wp\/v2\/media?parent=7827"}],"curies":[{"name":"wp","href":"https:\/\/api.w.org\/{rel}","templated":true}]}}