{"id":7834,"date":"2019-06-24T12:28:49","date_gmt":"2019-06-24T10:28:49","guid":{"rendered":"https:\/\/minesup.gov.cm\/?page_id=7834"},"modified":"2019-07-25T15:27:18","modified_gmt":"2019-07-25T13:27:18","slug":"access-higher-institute-of-professional-studies-access-hips","status":"publish","type":"page","link":"https:\/\/www.minesup.gov.cm\/index.php\/region-du-littoral\/access-higher-institute-of-professional-studies-access-hips\/","title":{"rendered":"Access Higher Institute of Professional Studies (Access-HIPS)"},"content":{"rendered":"<p style=\"text-align: center;\"><strong>INFORMATIONS D\u2019IDENTIFICATION<\/strong><\/p>\n<p><strong>Nom de l\u2019institution\u00a0<\/strong>: Access Higher Institute of Professional Studies (Access-HIPS)<br \/>\n<strong>Nom du promoteur<\/strong>\u00a0: LEKE Charles<br \/>\n<strong>R\u00e9gion\u00a0<\/strong>: Littoral<br \/>\n<strong>D\u00e9partement\u00a0<\/strong>: Wouri<br \/>\n<strong>Arrondissement\u00a0<\/strong>: Douala 1<sup>er<\/sup><br \/>\n<strong>Site de localisation\u00a0<\/strong>: Bonapriso-rue Njonjo<br \/>\n<strong>Adresse postale<\/strong>\u00a0: <strong>15029 <\/strong>Douala<strong><br \/>\nT\u00e9l\u00e9phone\u00a0<\/strong>: +237\u00a0: 699 94 71 93 \/ 679 44 10 72<br \/>\n<strong>Email<\/strong>\u00a0:\u00a0\u00a0accesshigherinstitute@gmail.com\u00a0 \/ accesships@yahoo.com<br \/>\n<strong>Site web:\u00a0\u00a0<\/strong><span style=\"font-size: 15.2015px;\">accesshigherinstitute.org<\/span><\/p>\n<p><strong>A<\/strong><strong>dresse dans les r\u00e9seaux sociaux\u00a0<\/strong>:<\/p>\n<p style=\"text-align: center;\"><strong>INFORMATIONS SUR LE STATUT D\u2019ACCR\u00c9DITATION<\/strong><\/p>\n<p><strong>Arr\u00eat\u00e9s portant cr\u00e9ation <\/strong>: N\u00b015\/02237\/L\/ MINESUP\/SG\/DDES\/ESUP\/SSIPES\/OAGS du 16 mars 2015.<br \/>\n<strong>Autorisation d\u2019ouverture<\/strong>\u00a0: N\u00b015\/02237\/L\/ MINESUP\/SG\/DDES\/ESUP\/SSIPES\/OAGS du 16 mars 2015.<\/p>\n<p style=\"text-align: center;\"><strong>FILI\u00c8RES, SP\u00c9CIALIT\u00c9S ET DIPL\u00d4MES AUTORIS\u00c9S<\/strong><\/p>\n<ul>\n<li><strong><u>ANCIEN REGIME<\/u><\/strong><\/li>\n<\/ul>\n<p><strong>HND <\/strong><\/p>\n<p style=\"text-align: justify;\"><strong><u>Fili\u00e8re 1<\/u><\/strong><strong>\u00a0: Business, Finance and Management<\/strong><br \/>\n<strong><u>Sp\u00e9cialit\u00e9s<\/u><\/strong>\u00a0: Accountancy &#8211; Banking and Finance &#8211; Management &#8211; Marketing &#8211; Insurance &#8211; Secretarial Studies, Public Service and Administration (Options: Executive Secretarial Studies ; Bilingual Secretarial Studies).<br \/>\n<strong><u>Fili\u00e8re 2<\/u><\/strong><strong> : Engineering and Technology<\/strong><br \/>\n<strong><u>Sp\u00e9cialit\u00e9<\/u><\/strong> : Computer Engineering<br \/>\n<strong><u>Fili\u00e8re 3<\/u><\/strong><strong> : Home Economics, Tourism and Hospitality Management<\/strong><br \/>\n<strong><u>Sp\u00e9cialit\u00e9s<\/u><\/strong> : Transport and Logistic &#8211; Shipping Administration.<br \/>\n<strong><u>Fili\u00e8re 4<\/u><\/strong><strong> : Teaching,Education and Professional Development<\/strong><br \/>\n<strong><u>Sp\u00e9cialit\u00e9<\/u><\/strong> : Education<\/p>\n<p><strong>HPD<\/strong><\/p>\n<p><strong><u>Fili\u00e8re 1<\/u><\/strong><strong> : Management of Enterprise and Administration<\/strong><br \/>\n<strong><u>Sp\u00e9cialit\u00e9s<\/u><\/strong> : Human Resources Management &#8211; Small and Medium Size Enterprise.<br \/>\n<strong><u>Fili\u00e8re 2<\/u><\/strong><strong>\u00a0: Law<\/strong><br \/>\n<strong><u>Sp\u00e9cialit\u00e9s<\/u><\/strong>\u00a0: Judicial Careers &#8211; Law Affairs<\/p>\n","protected":false},"excerpt":{"rendered":"<p>&#46;&#46;&#46;<\/p>\n","protected":false},"author":2,"featured_media":0,"parent":1743,"menu_order":0,"comment_status":"closed","ping_status":"closed","template":"","meta":[],"_links":{"self":[{"href":"https:\/\/www.minesup.gov.cm\/index.php\/wp-json\/wp\/v2\/pages\/7834"}],"collection":[{"href":"https:\/\/www.minesup.gov.cm\/index.php\/wp-json\/wp\/v2\/pages"}],"about":[{"href":"https:\/\/www.minesup.gov.cm\/index.php\/wp-json\/wp\/v2\/types\/page"}],"author":[{"embeddable":true,"href":"https:\/\/www.minesup.gov.cm\/index.php\/wp-json\/wp\/v2\/users\/2"}],"replies":[{"embeddable":true,"href":"https:\/\/www.minesup.gov.cm\/index.php\/wp-json\/wp\/v2\/comments?post=7834"}],"version-history":[{"count":0,"href":"https:\/\/www.minesup.gov.cm\/index.php\/wp-json\/wp\/v2\/pages\/7834\/revisions"}],"up":[{"embeddable":true,"href":"https:\/\/www.minesup.gov.cm\/index.php\/wp-json\/wp\/v2\/pages\/1743"}],"wp:attachment":[{"href":"https:\/\/www.minesup.gov.cm\/index.php\/wp-json\/wp\/v2\/media?parent=7834"}],"curies":[{"name":"wp","href":"https:\/\/api.w.org\/{rel}","templated":true}]}}