{"id":7870,"date":"2019-06-24T13:33:27","date_gmt":"2019-06-24T11:33:27","guid":{"rendered":"https:\/\/minesup.gov.cm\/?page_id=7870"},"modified":"2019-06-24T13:33:27","modified_gmt":"2019-06-24T11:33:27","slug":"institut-superieur-de-commerce-et-dadministration-des-collectivites-iscac","status":"publish","type":"page","link":"https:\/\/www.minesup.gov.cm\/index.php\/region-du-littoral\/institut-superieur-de-commerce-et-dadministration-des-collectivites-iscac\/","title":{"rendered":"Institut Sup\u00e9rieur de Commerce et d\u2019Administration des Collectivit\u00e9s (ISCAC)"},"content":{"rendered":"<p><strong>INFORMATIONS D\u2019IDENTIFICATION<\/strong><\/p>\n<p>&nbsp;<\/p>\n<p><strong>Nom de l\u2019institution\u00a0<\/strong>: <strong>Institut Sup\u00e9rieur de Commerce et d\u2019Administration des Collectivit\u00e9s (ISCAC)<\/strong><\/p>\n<p><strong>Nom du promoteur<\/strong>\u00a0: <strong>KAMGANG Mo\u00efse<\/strong><\/p>\n<p><strong>R\u00e9gion\u00a0<\/strong>: Littoral<br \/>\n<strong>D\u00e9partement\u00a0<\/strong>: Wouri<br \/>\n<strong>Arrondissement\u00a0<\/strong>: Douala 5<sup>\u00e8me<\/sup><br \/>\n<strong>Site de localisation\u00a0<\/strong>: Kotto<br \/>\n<strong>Adresse postale<\/strong>\u00a0: 1127 Douala<br \/>\n<strong>T\u00e9l\u00e9phone\u00a0<\/strong>: 699 92 74 61<br \/>\n<strong>Email<\/strong>\u00a0:<br \/>\n<strong>Site web<\/strong>\u00a0:<br \/>\n<strong>Adresse dans les r\u00e9seaux sociaux\u00a0<\/strong>:<\/p>\n<p><strong>INFORMATIONS SUR LE STATUT D\u2019ACCR\u00c9DITATION<\/strong><\/p>\n<p><strong>Arr\u00eat\u00e9s portant cr\u00e9ation<\/strong> : N\u00b016\/00368\/L\/MINESUP\/SG\/DDES\/ESUP\/SDA\/OAGS du 15 janvier 2016<br \/>\n<strong>Autorisation d\u2019ouverture<\/strong>\u00a0: N\u00b016\/00368\/L\/MINESUP\/SG\/DDES\/ESUP\/SDA\/OAGS du 15 janvier 2016<\/p>\n<p><strong>FILI\u00c8RES, SP\u00c9CIALIT\u00c9S ET DIPL\u00d4MES AUTORIS\u00c9S<\/strong><\/p>\n<p><strong><u>ANCIEN REGIME<\/u><\/strong><\/p>\n<ul>\n<li><strong>BTS<\/strong><\/li>\n<\/ul>\n<p><strong><u>Fili\u00e8re 1<\/u><\/strong><strong>\u00a0<\/strong>: <strong>Commerciale et de Gestion <\/strong><\/p>\n<p><strong><u>Sp\u00e9cialit\u00e9s<\/u><\/strong><strong>\u00a0<\/strong>: Action Commerciale &#8211; Commerce International &#8211; Gestion Logistique et Transport &#8211; Comptabilit\u00e9 et Gestion des Entreprises &#8211; Banque &#8211; Informatique de Gestion.<\/p>\n<p><strong>\u00a0<\/strong><strong>DSEP<\/strong><\/p>\n<p><strong><u>Fili\u00e8re 1<\/u><\/strong><strong>\u00a0: Finance<\/strong>&#8211;<strong>Comptabilit\u00e9\u00a0<\/strong><\/p>\n<p><strong><u>Fili\u00e8re 2<\/u><\/strong><strong>\u00a0: Expertise<\/strong> <strong>Comptable<\/strong><\/p>\n<p><strong><u>Fili\u00e8re 3<\/u><\/strong><strong>\u00a0: Gestion des Entreprises et des Administrations\u00a0<\/strong><\/p>\n<p><strong><u>Fili\u00e8re 4<\/u><\/strong><strong>\u00a0: Marketing<\/strong>, <strong>Commerce et Vente<\/strong><\/p>\n","protected":false},"excerpt":{"rendered":"<p>&#46;&#46;&#46;<\/p>\n","protected":false},"author":2,"featured_media":0,"parent":1743,"menu_order":0,"comment_status":"closed","ping_status":"closed","template":"","meta":[],"_links":{"self":[{"href":"https:\/\/www.minesup.gov.cm\/index.php\/wp-json\/wp\/v2\/pages\/7870"}],"collection":[{"href":"https:\/\/www.minesup.gov.cm\/index.php\/wp-json\/wp\/v2\/pages"}],"about":[{"href":"https:\/\/www.minesup.gov.cm\/index.php\/wp-json\/wp\/v2\/types\/page"}],"author":[{"embeddable":true,"href":"https:\/\/www.minesup.gov.cm\/index.php\/wp-json\/wp\/v2\/users\/2"}],"replies":[{"embeddable":true,"href":"https:\/\/www.minesup.gov.cm\/index.php\/wp-json\/wp\/v2\/comments?post=7870"}],"version-history":[{"count":0,"href":"https:\/\/www.minesup.gov.cm\/index.php\/wp-json\/wp\/v2\/pages\/7870\/revisions"}],"up":[{"embeddable":true,"href":"https:\/\/www.minesup.gov.cm\/index.php\/wp-json\/wp\/v2\/pages\/1743"}],"wp:attachment":[{"href":"https:\/\/www.minesup.gov.cm\/index.php\/wp-json\/wp\/v2\/media?parent=7870"}],"curies":[{"name":"wp","href":"https:\/\/api.w.org\/{rel}","templated":true}]}}