{"id":7911,"date":"2019-06-24T14:13:19","date_gmt":"2019-06-24T12:13:19","guid":{"rendered":"https:\/\/minesup.gov.cm\/?page_id=7911"},"modified":"2019-06-24T14:13:19","modified_gmt":"2019-06-24T12:13:19","slug":"nstitut-superieur-des-hautes-etudes-commerciales-et-industrielles-sigmen-societe-civile-nanf-socinan-sarl","status":"publish","type":"page","link":"https:\/\/www.minesup.gov.cm\/index.php\/region-du-littoral\/nstitut-superieur-des-hautes-etudes-commerciales-et-industrielles-sigmen-societe-civile-nanf-socinan-sarl\/","title":{"rendered":"nstitut Sup\u00e9rieur des Hautes Etudes Commerciales et Industrielles SIGMEN Soci\u00e9t\u00e9 Civile NANF (SOCINAN) SARL"},"content":{"rendered":"<p><strong>INFORMATIONS D\u2019IDENTIFICATION<\/strong><\/p>\n<p><strong>Nom de l\u2019institution\u00a0<\/strong>:<strong> Institut Sup\u00e9rieur des Hautes Etudes Commerciales et Industrielles SIGMEN <\/strong>Soci\u00e9t\u00e9 Civile NANF (SOCINAN) SARL<\/p>\n<p><strong>Nom du promoteur<\/strong>\u00a0: <strong>Paul NANFAH<\/strong><br \/>\n<strong>R\u00e9gion\u00a0<\/strong>: Littoral<br \/>\n<strong>D\u00e9partement\u00a0<\/strong>: Wouri<br \/>\n<strong>Arrondissement\u00a0<\/strong>: Douala 5<sup>\u00e8me<\/sup><br \/>\n<strong>Site de localisation\u00a0<\/strong>: 5<sup>\u00e8me<\/sup> arrondissement<\/p>\n<p><strong>Adresse Postale<\/strong> : 5816 Douala<br \/>\n<strong>T\u00e9l\u00e9phone\u00a0<\/strong>: 33 47 26 92<strong> \/ <\/strong>699 96 57 03<br \/>\n<strong>Email<\/strong>\u00a0:<br \/>\n<strong>Site web<\/strong>\u00a0:<br \/>\n<strong>Adresse dans les r\u00e9seaux sociaux\u00a0<\/strong>:<\/p>\n<p><strong>INFORMATIONS SUR LE STATUT D\u2019ACCR\u00c9DITATION<\/strong><\/p>\n<p><strong>Arr\u00eat\u00e9s portant cr\u00e9ation <\/strong>: N\u00b013\/0405\/MINESUP\/SG\/DDES du 10 septembre 2013<\/p>\n<p><strong>Autorisation d\u2019ouverture<\/strong>\u00a0: N\u00b014\/0403\/MINESUP\/SG\/DDES\/ du 04 juillet 2014<\/p>\n<p><strong>FILI\u00c8RES, SP\u00c9CIALIT\u00c9S ET DIPL\u00d4MES AUTORIS\u00c9S<\/strong><\/p>\n<p><strong><u>ANCIEN REGIME<\/u><\/strong><\/p>\n<ul>\n<li><strong>BTS<\/strong><\/li>\n<\/ul>\n<p><strong><u>Fili\u00e8re 1<\/u><\/strong><strong>\u00a0: Commerciale et Gestion<\/strong><\/p>\n<p><strong><u>Sp\u00e9cialit\u00e9s<\/u><\/strong><strong>\u00a0<\/strong>: Action Commerciale\u00a0&#8211; Banque\u00a0&#8211; Commerce International\u00a0&#8211; Comptabilit\u00e9 et Gestion de Entreprises\u00a0&#8211; Informatique de Gestion\u00a0&#8211; Secr\u00e9tariat Bureautique (<em>Options<\/em>\u00a0: Secr\u00e9tariat de Direction\u00a0; Secr\u00e9tariat Bureautique Bilingue)\u00a0&#8211; Gestion Logistique et Transport &#8211; Assurances.<\/p>\n<p><strong><u>Fili\u00e8re 2<\/u><\/strong><strong>\u00a0: Touristique et Sociale<\/strong><\/p>\n<p><strong><u>Sp\u00e9cialit\u00e9s<\/u><\/strong><strong>\u00a0<\/strong>: Economie Sociale et Familiale &#8211; Tourisme et Loisirs.<\/p>\n<p>&nbsp;<\/p>\n<p>&nbsp;<\/p>\n","protected":false},"excerpt":{"rendered":"<p>&#46;&#46;&#46;<\/p>\n","protected":false},"author":2,"featured_media":0,"parent":1743,"menu_order":0,"comment_status":"closed","ping_status":"closed","template":"","meta":[],"_links":{"self":[{"href":"https:\/\/www.minesup.gov.cm\/index.php\/wp-json\/wp\/v2\/pages\/7911"}],"collection":[{"href":"https:\/\/www.minesup.gov.cm\/index.php\/wp-json\/wp\/v2\/pages"}],"about":[{"href":"https:\/\/www.minesup.gov.cm\/index.php\/wp-json\/wp\/v2\/types\/page"}],"author":[{"embeddable":true,"href":"https:\/\/www.minesup.gov.cm\/index.php\/wp-json\/wp\/v2\/users\/2"}],"replies":[{"embeddable":true,"href":"https:\/\/www.minesup.gov.cm\/index.php\/wp-json\/wp\/v2\/comments?post=7911"}],"version-history":[{"count":0,"href":"https:\/\/www.minesup.gov.cm\/index.php\/wp-json\/wp\/v2\/pages\/7911\/revisions"}],"up":[{"embeddable":true,"href":"https:\/\/www.minesup.gov.cm\/index.php\/wp-json\/wp\/v2\/pages\/1743"}],"wp:attachment":[{"href":"https:\/\/www.minesup.gov.cm\/index.php\/wp-json\/wp\/v2\/media?parent=7911"}],"curies":[{"name":"wp","href":"https:\/\/api.w.org\/{rel}","templated":true}]}}