{"id":7953,"date":"2019-06-24T15:14:11","date_gmt":"2019-06-24T13:14:11","guid":{"rendered":"https:\/\/minesup.gov.cm\/?page_id=7953"},"modified":"2019-06-24T15:14:11","modified_gmt":"2019-06-24T13:14:11","slug":"the-vaal-institut-of-technology-vit","status":"publish","type":"page","link":"https:\/\/www.minesup.gov.cm\/index.php\/region-du-littoral\/the-vaal-institut-of-technology-vit\/","title":{"rendered":"The Vaal Institut of Technology (VIT)"},"content":{"rendered":"<p><strong>INFORMATIONS D\u2019IDENTIFICATION<\/strong><\/p>\n<p><strong>Nom de l\u2019institution\u00a0<\/strong>: The Vaal Institut of Technology (VIT)<br \/>\n<strong>Nom du promoteur<\/strong>\u00a0: DEFFO TCHOMTCHOUA Rom\u00e9o<br \/>\n<strong>R\u00e9gion\u00a0<\/strong>: Littoral<br \/>\n<strong>D\u00e9partement\u00a0<\/strong>: Wouri<br \/>\n<strong>Arrondissement\u00a0<\/strong>: Douala 5<sup>\u00e8me<\/sup><br \/>\n<strong>Site de localisation\u00a0<\/strong>: Makepe \u00e0 c\u00f4t\u00e9 de l\u2019H\u00f4pital G\u00e9n\u00e9ral<br \/>\n<strong>Adresse postale<\/strong>\u00a0: 8794 Douala<br \/>\n<strong>T\u00e9l\u00e9phone\u00a0<\/strong>: 699 90 74 00<br \/>\n<strong>Email<\/strong>\u00a0:<br \/>\n<strong>Site web<\/strong>\u00a0:<br \/>\n<strong>Adresse dans les r\u00e9seaux sociaux\u00a0<\/strong>:<\/p>\n<p><strong>INFORMATIONS SUR LE STATUT D\u2019ACCR\u00c9DITATION<\/strong><\/p>\n<p><strong>Arr\u00eat\u00e9s portant cr\u00e9ation <\/strong>: N\u00b017-09388\/L\/MINESUP\/SG\/DDES\/ESUP\/SDA\/OPC du 19 septembre 2017<\/p>\n<p><strong>Autorisation d\u2019ouverture<\/strong>\u00a0: N\u00b017-09388\/L\/MINESUP\/SG\/DDES\/ESUP\/SDA\/OPC du 19 septembre 2017<\/p>\n<p><strong>FILI\u00c8RES, SP\u00c9CIALIT\u00c9S ET DIPL\u00d4MES AUTORIS\u00c9S<\/strong><\/p>\n<p><strong><u>NOUVEAU REGIME<\/u><\/strong><\/p>\n<ul>\n<li><strong>BTS<\/strong><\/li>\n<\/ul>\n<p><strong><u>Fili\u00e8re 1<\/u><\/strong><strong>\u00a0: G\u00e9nie \u00e9lectrique<\/strong><\/p>\n<p><strong><u>Sp\u00e9cialit\u00e9s<\/u><\/strong><strong>\u00a0<\/strong>: Electrotechnique &#8211; Maintenance des syst\u00e8mes \u00e9lectroniques &#8211; Contr\u00f4le, Instrumentation et R\u00e9gulation &#8211; Maintenance des \u00e9quipements industriels.<\/p>\n<p><strong><u>Fili\u00e8re 2<\/u><\/strong><strong>\u00a0<\/strong>: <strong>Chimie, G\u00e9nie Chimique et des proc\u00e9d\u00e9s<\/strong><\/p>\n<p><strong><u>Sp\u00e9cialit\u00e9s<\/u><\/strong><strong>\u00a0:<\/strong> Chimie g\u00e9n\u00e9rale &#8211; G\u00e9nie chimique et des proc\u00e9d\u00e9s<\/p>\n<p><strong><u>Fili\u00e8re 3<\/u><\/strong><strong>\u00a0: G\u00e9nie civil<\/strong><\/p>\n<p><strong><u>Sp\u00e9cialit\u00e9s<\/u><\/strong>\u00a0: B\u00e2timent &#8211; Travaux publics &#8211; G\u00e9otechnique et G\u00e9ologie appliqu\u00e9e &#8211; G\u00e9om\u00e8tre Topographe &#8211; Installation sanitaire &#8211; Urbanisme<\/p>\n<p><strong><u>Fili\u00e8re 4<\/u><\/strong><strong>\u00a0: G\u00e9nie m\u00e9canique et Productique<\/strong><\/p>\n<p><strong><u>Sp\u00e9cialit\u00e9s<\/u><\/strong>\u00a0: M\u00e9canique et \u00e9lectronique automobiles (Options\u00a0: Maintenance apr\u00e8s-vente automobile\u00a0; M\u00e9catronique) &#8211; Technologie de la Marine marchande.<\/p>\n<p><strong><u>Fili\u00e8re 5<\/u><\/strong><strong>\u00a0: G\u00e9nie thermique<\/strong><\/p>\n<p><strong><u>Sp\u00e9cialit\u00e9<\/u><\/strong><strong>\u00a0<\/strong>: G\u00e9nie thermique Energie (Options\u00a0: &#8211; Froid et Climatisation\u00a0; Maintenance des syst\u00e8mes fluides)<\/p>\n<p><strong><u>Fili\u00e8re 6<\/u><\/strong><strong>\u00a0: Commerce \u2013 Vente<\/strong><\/p>\n<p><strong><u>Sp\u00e9cialit\u00e9s<\/u><\/strong><strong>\u00a0:<\/strong> Commerce International &#8211; Marketing-Commerce-Vente<\/p>\n<p><strong><u>Fili\u00e8re 7<\/u><\/strong><strong>\u00a0: Gestion<\/strong><\/p>\n<p><strong><u>Sp\u00e9cialit\u00e9s<\/u><\/strong><strong>\u00a0:<\/strong> Gestion des Collectivit\u00e9s territoriales (Options\u00a0: Comptabilit\u00e9 et Finances publiques<strong>\u00a0; <\/strong>Fiscalit\u00e9 des collectivit\u00e9s territoriales\u00a0; Administration des collectivit\u00e9s territoriales)<strong> &#8211; <\/strong>Assurance<strong> &#8211; <\/strong>Gestion logistique et transport<strong> &#8211; <\/strong>Gestion de la qualit\u00e9<strong> &#8211; <\/strong>Management \u00e9v\u00e8nementiel<strong> &#8211; <\/strong>Micro finance<strong> &#8211; <\/strong>Gestion des ONG<strong> &#8211; <\/strong>Gestion des projets<strong> &#8211; <\/strong>Gestion des Syst\u00e8mes d\u2019Information<strong> &#8211; <\/strong>Assistant Manager<strong> &#8211; <\/strong>Ressources humaines<strong> &#8211; <\/strong>Banque et Finance <strong>\u00a0&#8211; <\/strong>Comptabilit\u00e9 et Gestion des entreprises<strong> &#8211; <\/strong>Statistiques.<\/p>\n<p><strong><u>Fili\u00e8re 8<\/u><\/strong><strong>\u00a0: Carri\u00e8res judiciaire<\/strong><\/p>\n<p><strong><u>Sp\u00e9cialit\u00e9s<\/u><\/strong><strong>\u00a0<\/strong>: Assistanat judiciaire &#8211; Droit des affaires et de l\u2019entreprise &#8211; Droit foncier et domanial &#8211; Gestion fiscale &#8211; Douane et Transit.<\/p>\n<p><strong><u>Fili\u00e8re 9<\/u><\/strong><strong>\u00a0: Tourisme, H\u00f4tellerie et Restauration<\/strong><\/p>\n<p><strong><u>Sp\u00e9cialit\u00e9s<\/u><\/strong><strong>\u00a0:<\/strong> H\u00f4tellerie (Options\u00a0:- Gestion et Management h\u00f4teliers &#8211; Management et techniques d\u2019h\u00e9bergement) &#8211; Restauration (Options\u00a0: &#8211; G\u00e9nie culinaire &#8211; Commercialisation et services de restauration) &#8211; Tourisme et loisirs (Option\u00a0: Management touristique)<\/p>\n<p><strong><u>Fili\u00e8re 10<\/u><\/strong><strong>\u00a0: Arts et M\u00e9tiers de la Culture<\/strong><\/p>\n<p><strong><u>Sp\u00e9cialit\u00e9s<\/u><\/strong><strong>\u00a0<\/strong>: Design (Options\u00a0: Design Produit &#8211; Design Mode &#8211; Design Graphique &#8211; Design Int\u00e9rieur) &#8211; Industrie du textile et de l\u2019Habillement (Options\u00a0: &#8211; Industrie du Textile &#8211; Industrie de l\u2019Habillement).<\/p>\n<p><strong><u>Fili\u00e8re 11<\/u><\/strong><strong>\u00a0: Information et Communication<\/strong><\/p>\n<p><strong><u>Sp\u00e9cialit\u00e9<\/u><\/strong><strong>\u00a0:<\/strong> Communication des organisations.<\/p>\n<p><strong><u>Fili\u00e8re 12<\/u><\/strong><strong>\u00a0: G\u00e9nie Informatique<\/strong><\/p>\n<p><strong><u>Sp\u00e9cialit\u00e9s<\/u><\/strong><strong>\u00a0:<\/strong> G\u00e9nie logiciel &#8211; Infographie et Web-design &#8211; Maintenance des syst\u00e8mes informatiques &#8211; Informatique industrielle et Automatisme &#8211; E-Commerce et Marketing num\u00e9rique.<\/p>\n<p><strong><u>Fili\u00e8re 13<\/u><\/strong><strong>\u00a0: R\u00e9seaux et T\u00e9l\u00e9communications<\/strong><\/p>\n<p><strong><u>Sp\u00e9cialit\u00e9s<\/u><\/strong><strong>\u00a0:<\/strong> T\u00e9l\u00e9communications \u2013 R\u00e9seaux et S\u00e9curit\u00e9.<\/p>\n<p><strong>\u00a0<\/strong><\/p>\n<p><strong>\u00a0\u00a0\u00a0\u00a0\u00a0\u00a0\u00a0\u00a0\u00a0\u00a0\u00a0\u00a0\u00a0\u00a0\u00a0\u00a0\u00a0\u00a0\u00a0\u00a0\u00a0\u00a0\u00a0\u00a0\u00a0\u00a0\u00a0\u00a0\u00a0\u00a0\u00a0\u00a0\u00a0\u00a0\u00a0\u00a0\u00a0\u00a0\u00a0\u00a0\u00a0\u00a0\u00a0\u00a0\u00a0\u00a0\u00a0\u00a0\u00a0\u00a0\u00a0\u00a0\u00a0\u00a0\u00a0\u00a0\u00a0\u00a0\u00a0\u00a0\u00a0\u00a0\u00a0\u00a0\u00a0 <u>ANCIEN REGIME<\/u><\/strong><\/p>\n<p><strong><u>\u00a0<\/u><\/strong><\/p>\n<ul>\n<li><strong>HND<\/strong><\/li>\n<\/ul>\n<p><strong><u>Fili\u00e8re 1<\/u><\/strong><strong> : Business Finance and Management<\/strong><\/p>\n<p><strong><u>Sp\u00e9cialit\u00e9s <\/u><\/strong>: Accountancy &#8211; Banking and Finance &#8211; Management &#8211; Insurance &#8211; Marketing &#8211; Secretarial Studies &#8211; Transport and Logistics.<\/p>\n<p><strong><u>Fili\u00e8re 2<\/u><\/strong><strong> : Home Economics, Tourism and Hotel Management<\/strong><\/p>\n<p><strong><u>Sp\u00e9cialit\u00e9s <\/u><\/strong>: Tourism and Hotel Management &#8211; Hospitality Management.<\/p>\n<p><strong><u>Fili\u00e8re 3<\/u><\/strong><strong> : Engineering and Technology<\/strong><\/p>\n<p><strong><u>Sp\u00e9cialit\u00e9s<\/u><\/strong>: Computer Engineering &#8211; Electrical and Electronics Engineering.<\/p>\n<p><strong><u>Fili\u00e8re 4<\/u><\/strong><strong> : Medical and Biomedical Studies<\/strong><\/p>\n<p><strong><u>Sp\u00e9cialit\u00e9 <\/u><\/strong>\u00a0Health Care Management.<\/p>\n","protected":false},"excerpt":{"rendered":"<p>&#46;&#46;&#46;<\/p>\n","protected":false},"author":2,"featured_media":0,"parent":1743,"menu_order":0,"comment_status":"closed","ping_status":"closed","template":"","meta":[],"_links":{"self":[{"href":"https:\/\/www.minesup.gov.cm\/index.php\/wp-json\/wp\/v2\/pages\/7953"}],"collection":[{"href":"https:\/\/www.minesup.gov.cm\/index.php\/wp-json\/wp\/v2\/pages"}],"about":[{"href":"https:\/\/www.minesup.gov.cm\/index.php\/wp-json\/wp\/v2\/types\/page"}],"author":[{"embeddable":true,"href":"https:\/\/www.minesup.gov.cm\/index.php\/wp-json\/wp\/v2\/users\/2"}],"replies":[{"embeddable":true,"href":"https:\/\/www.minesup.gov.cm\/index.php\/wp-json\/wp\/v2\/comments?post=7953"}],"version-history":[{"count":0,"href":"https:\/\/www.minesup.gov.cm\/index.php\/wp-json\/wp\/v2\/pages\/7953\/revisions"}],"up":[{"embeddable":true,"href":"https:\/\/www.minesup.gov.cm\/index.php\/wp-json\/wp\/v2\/pages\/1743"}],"wp:attachment":[{"href":"https:\/\/www.minesup.gov.cm\/index.php\/wp-json\/wp\/v2\/media?parent=7953"}],"curies":[{"name":"wp","href":"https:\/\/api.w.org\/{rel}","templated":true}]}}