{"id":7955,"date":"2019-06-24T15:16:40","date_gmt":"2019-06-24T13:16:40","guid":{"rendered":"https:\/\/minesup.gov.cm\/?page_id=7955"},"modified":"2019-06-24T15:16:40","modified_gmt":"2019-06-24T13:16:40","slug":"institut-superieur-de-gestion-et-dhotellerie-kella-gamo-sidonie-isgh-kgs","status":"publish","type":"page","link":"https:\/\/www.minesup.gov.cm\/index.php\/region-du-littoral\/institut-superieur-de-gestion-et-dhotellerie-kella-gamo-sidonie-isgh-kgs\/","title":{"rendered":"Institut Sup\u00e9rieur de Gestion et d\u2019Hotellerie KELLA GAMO Sidonie (ISGH-KGS)"},"content":{"rendered":"<p><strong>INFORMATIONS D\u2019IDENTIFICATION<\/strong><\/p>\n<p><strong>Nom de l\u2019institution\u00a0<\/strong>: <strong>Institut Sup\u00e9rieur de Gestion et d\u2019Hotellerie KELLA GAMO Sidonie (ISGH-KGS)<br \/>\nNom du promoteur<\/strong>\u00a0: Mme KELLA GAMO \u00e9pse SEUDIEU<br \/>\n<strong>R\u00e9gion\u00a0<\/strong>: Littoral<br \/>\n<strong>D\u00e9partement\u00a0<\/strong>: Wouri<br \/>\n<strong>Arrondissement\u00a0<\/strong>: Douala 2<sup>\u00e8me<\/sup><br \/>\n<strong>Site de localisation\u00a0<\/strong>: Deido<br \/>\n<strong>Adresse postale<\/strong>\u00a0: 580 Douala<br \/>\n<strong>T\u00e9l\u00e9phone\u00a0<\/strong>: 699 49 89 58<br \/>\n<strong>Email<\/strong>\u00a0:<br \/>\n<strong>Site web<\/strong>\u00a0:<br \/>\n<strong>Adresse dans les r\u00e9seaux sociaux\u00a0<\/strong>:<\/p>\n<p><strong>INFORMATIONS SUR LE STATUT D\u2019ACCR\u00c9DITATION<\/strong><\/p>\n<p><strong>Arr\u00eat\u00e9s portant cr\u00e9ation <\/strong>: L\/MINESUP\/SG\/DDES\/ESUP\/SDA\/AOSB du 13 mars 2019<br \/>\n<strong>Autorisation d\u2019ouverture<\/strong>\u00a0: L\/MINESUP\/SG\/DDES\/ESUP\/SDA\/AOSB du 13 mars 2019<\/p>\n<p><strong>FILI\u00c8RES, SP\u00c9CIALIT\u00c9S ET DIPL\u00d4MES AUTORIS\u00c9S<\/strong><\/p>\n<p><strong><u>NOUVEAU REGIME<\/u><\/strong><\/p>\n<ul>\n<li><strong>BTS <\/strong><\/li>\n<\/ul>\n<p><strong><u>Fili\u00e8re<\/u><\/strong><strong>\u00a0<\/strong>: <strong>Tourisme, H\u00f4tellerie et Restauration<\/strong>.<\/p>\n<p><strong><u>Sp\u00e9cialit\u00e9s<\/u><\/strong>\u00a0: <strong>1-<\/strong> <strong><u>H\u00f4tellerie<\/u><\/strong> (<strong><u>Options<\/u><\/strong>\u00a0: Gestion et Management H\u00f4telier &#8211; Management et Technique d\u2019H\u00e9bergement)\u00a0; <strong>2-<\/strong> <strong><u>Restauration<\/u><\/strong>\u00a0(<strong><u>Options<\/u><\/strong>\u00a0: G\u00e9nie Culinaire \u2013 Commercialisation et Service de Restauration)\u00a0; <strong>3- <u>Tourisme et Loisirs<\/u>\u00a0(<u>Option<\/u>\u00a0: Management Touristique)<\/strong><\/p>\n<p><strong><u>Fili\u00e8re<\/u><\/strong><strong>\u00a0: Commerce-Vente. <\/strong><\/p>\n<p><strong><u>Sp\u00e9cialit\u00e9s<\/u><\/strong><strong>\u00a0: <\/strong>Commerce International\u00a0; Marketing \u2013 Commerce \u2013 Vente.<\/p>\n<p><strong><u>Fili\u00e8re<\/u><\/strong><strong>\u00a0<\/strong>: <strong>Gestion<\/strong>.<\/p>\n<p><strong><u>Sp\u00e9cialit\u00e9s<\/u><\/strong>\u00a0: Management Ev\u00e8nementiel\u00a0; Comptabilit\u00e9 et Gestion des Entreprises<em>.<\/em><\/p>\n<p><strong>\u00a0<\/strong><\/p>\n","protected":false},"excerpt":{"rendered":"<p>&#46;&#46;&#46;<\/p>\n","protected":false},"author":2,"featured_media":0,"parent":1743,"menu_order":0,"comment_status":"closed","ping_status":"closed","template":"","meta":[],"_links":{"self":[{"href":"https:\/\/www.minesup.gov.cm\/index.php\/wp-json\/wp\/v2\/pages\/7955"}],"collection":[{"href":"https:\/\/www.minesup.gov.cm\/index.php\/wp-json\/wp\/v2\/pages"}],"about":[{"href":"https:\/\/www.minesup.gov.cm\/index.php\/wp-json\/wp\/v2\/types\/page"}],"author":[{"embeddable":true,"href":"https:\/\/www.minesup.gov.cm\/index.php\/wp-json\/wp\/v2\/users\/2"}],"replies":[{"embeddable":true,"href":"https:\/\/www.minesup.gov.cm\/index.php\/wp-json\/wp\/v2\/comments?post=7955"}],"version-history":[{"count":0,"href":"https:\/\/www.minesup.gov.cm\/index.php\/wp-json\/wp\/v2\/pages\/7955\/revisions"}],"up":[{"embeddable":true,"href":"https:\/\/www.minesup.gov.cm\/index.php\/wp-json\/wp\/v2\/pages\/1743"}],"wp:attachment":[{"href":"https:\/\/www.minesup.gov.cm\/index.php\/wp-json\/wp\/v2\/media?parent=7955"}],"curies":[{"name":"wp","href":"https:\/\/api.w.org\/{rel}","templated":true}]}}