{"id":7957,"date":"2019-06-24T15:20:04","date_gmt":"2019-06-24T13:20:04","guid":{"rendered":"https:\/\/minesup.gov.cm\/?page_id=7957"},"modified":"2019-06-24T15:20:04","modified_gmt":"2019-06-24T13:20:04","slug":"institut-superieur-des-sciences-et-des-energies-renouvelables-isser","status":"publish","type":"page","link":"https:\/\/www.minesup.gov.cm\/index.php\/region-du-littoral\/institut-superieur-des-sciences-et-des-energies-renouvelables-isser\/","title":{"rendered":"Institut Sup\u00e9rieur des Sciences et des Energies Renouvelables (ISSER)"},"content":{"rendered":"<p><strong>INFORMATIONS D\u2019IDENTIFICATION<\/strong><\/p>\n<p><strong>Nom de l\u2019institution\u00a0<\/strong>: Institut Sup\u00e9rieur des Sciences et des Energies Renouvelables (ISSER)<br \/>\n<strong>Nom du promoteur<\/strong>\u00a0: TEPONG TSINDE Raoul<br \/>\n<strong>R\u00e9gion\u00a0<\/strong>: Littoral<br \/>\n<strong>D\u00e9partement\u00a0<\/strong>: Wouri<br \/>\n<strong>Arrondissement\u00a0<\/strong>: Douala 3<sup>\u00e8me<\/sup><br \/>\n<strong>Site de localisation\u00a0<\/strong>: Yassa<br \/>\n<strong>Adresse postale<\/strong>\u00a0:<br \/>\n<strong>T\u00e9l\u00e9phone\u00a0<\/strong>: 676 81 79 99<br \/>\n<strong>Email<\/strong>\u00a0:<br \/>\n<strong>Site web<\/strong>\u00a0:<br \/>\n<strong>Adresse dans les r\u00e9seaux sociaux\u00a0<\/strong>:<\/p>\n<p><strong>INFORMATIONS SUR LE STATUT D\u2019ACCR\u00c9DITATION<\/strong><\/p>\n<p><strong>Arr\u00eat\u00e9s portant cr\u00e9ation <\/strong>: L\/MINESUP\/SG\/DDES\/ESUP\/SDA\/AEO du 26 f\u00e9vrier 2019<br \/>\n<strong>Autorisation d\u2019ouverture<\/strong>\u00a0: L\/MINESUP\/SG\/DDES\/ESUP\/SDA\/AEO du 26 f\u00e9vrier 2019<\/p>\n<p><strong>FILI\u00c8RES, SP\u00c9CIALIT\u00c9S ET DIPL\u00d4MES AUTORIS\u00c9S<\/strong><\/p>\n<p><strong><u>NOUVEAU REGIME<\/u><\/strong><\/p>\n<ul>\n<li><strong>BTS<\/strong><\/li>\n<\/ul>\n<p><strong><u>Fili\u00e8re<\/u><\/strong> : <strong>G\u00e9nie Informatique<\/strong><\/p>\n<p><strong><u>Sp\u00e9cialit\u00e9s<\/u><\/strong>\u00a0: G\u00e9nie Logiciel \u2013 Infographie et Web-design \u2013 Maintenance des Syst\u00e8mes Informatiques \u2013 Informatique Industrielle et Automatisme \u2013 E-Commerce et Marketing Num\u00e9rique.<\/p>\n<p><strong><u>Fili\u00e8re<\/u><\/strong> : <strong>Carri\u00e8res Juridiques<\/strong><\/p>\n<p><strong><u>Sp\u00e9cialit\u00e9s<\/u><\/strong>\u00a0: Assistanat Judiciaire \u2013 Droit des Affaires et de l\u2019Entreprise \u2013 Droit Foncier et Domanial \u2013 M\u00e9tier de la Bourse \u2013 Gestion Fiscale \u2013 Douane et Transit.<\/p>\n<p><strong><u>Fili\u00e8re<\/u><\/strong>\u00a0: <strong>Commerce-Vente<\/strong><\/p>\n<p><strong><u>Sp\u00e9cialit\u00e9s<\/u><\/strong>\u00a0: Commerce International \u2013 Marketing Commerce Vente.<\/p>\n<p><strong><u>Fili\u00e8re<\/u><\/strong> : <strong>R\u00e9seaux et T\u00e9l\u00e9communications<\/strong><\/p>\n<p><strong><u>Sp\u00e9cialit\u00e9s<\/u><\/strong>\u00a0: T\u00e9l\u00e9communications \u2013 R\u00e9seaux et S\u00e9curit\u00e9<\/p>\n<p><strong><u>Fili\u00e8re<\/u><\/strong>\u00a0: <strong>G\u00e9nie Electrique<\/strong><\/p>\n<p><strong><u>Sp\u00e9cialit\u00e9s<\/u><\/strong>\u00a0: Electrotechnique \u2013 Maintenance des Syst\u00e8mes Electroniques \u2013 Energies Renouvelables \u2013 Contr\u00f4le, Instrumentation et R\u00e9gulation \u2013 Maintenance des Equipements Industriels \u2013 Maintenance des Appareils Biom\u00e9dicaux.<\/p>\n<p><strong><u>Fili\u00e8re<\/u><\/strong>\u00a0: <strong>Chimie, G\u00e9nie Chimique et des Proc\u00e9d\u00e9s<\/strong><\/p>\n<p><strong><u>Sp\u00e9cialit\u00e9s<\/u><\/strong><strong>\u00a0<\/strong>: Chimie G\u00e9n\u00e9rales \u2013 G\u00e9nie Chimiques et des Proc\u00e9d\u00e9s<\/p>\n<p><strong><u>Fili\u00e8re<\/u><\/strong> : <strong>Information et Communication<\/strong><\/p>\n<p><strong><u>Sp\u00e9cialit\u00e9s<\/u><\/strong> : Journalisme \u2013 Communication des Organisations<\/p>\n","protected":false},"excerpt":{"rendered":"<p>&#46;&#46;&#46;<\/p>\n","protected":false},"author":2,"featured_media":0,"parent":1743,"menu_order":0,"comment_status":"closed","ping_status":"closed","template":"","meta":[],"_links":{"self":[{"href":"https:\/\/www.minesup.gov.cm\/index.php\/wp-json\/wp\/v2\/pages\/7957"}],"collection":[{"href":"https:\/\/www.minesup.gov.cm\/index.php\/wp-json\/wp\/v2\/pages"}],"about":[{"href":"https:\/\/www.minesup.gov.cm\/index.php\/wp-json\/wp\/v2\/types\/page"}],"author":[{"embeddable":true,"href":"https:\/\/www.minesup.gov.cm\/index.php\/wp-json\/wp\/v2\/users\/2"}],"replies":[{"embeddable":true,"href":"https:\/\/www.minesup.gov.cm\/index.php\/wp-json\/wp\/v2\/comments?post=7957"}],"version-history":[{"count":0,"href":"https:\/\/www.minesup.gov.cm\/index.php\/wp-json\/wp\/v2\/pages\/7957\/revisions"}],"up":[{"embeddable":true,"href":"https:\/\/www.minesup.gov.cm\/index.php\/wp-json\/wp\/v2\/pages\/1743"}],"wp:attachment":[{"href":"https:\/\/www.minesup.gov.cm\/index.php\/wp-json\/wp\/v2\/media?parent=7957"}],"curies":[{"name":"wp","href":"https:\/\/api.w.org\/{rel}","templated":true}]}}