{"id":7965,"date":"2019-06-24T15:28:20","date_gmt":"2019-06-24T13:28:20","guid":{"rendered":"https:\/\/minesup.gov.cm\/?page_id=7965"},"modified":"2019-06-24T15:28:20","modified_gmt":"2019-06-24T13:28:20","slug":"canadian-higher-institute-of-technology-chit","status":"publish","type":"page","link":"https:\/\/www.minesup.gov.cm\/index.php\/region-du-littoral\/canadian-higher-institute-of-technology-chit\/","title":{"rendered":"Canadian Higher Institute of Technology (CHIT)"},"content":{"rendered":"<p><strong>INFORMATIONS D\u2019IDENTIFICATION<\/strong><\/p>\n<p><strong>Nom de l\u2019institution\u00a0<\/strong>: Canadian Higher Institute of Technology (CHIT)<br \/>\n<strong>Nom du promoteur<\/strong>\u00a0: WAMKEUE R\u00e9n\u00e9<br \/>\n<strong>R\u00e9gion\u00a0<\/strong>: Littoral<br \/>\n<strong>D\u00e9partement\u00a0<\/strong>: Wouri<br \/>\n<strong>Arrondissement\u00a0<\/strong>:<br \/>\n<strong>Site de localisation\u00a0<\/strong>:<br \/>\n<strong>Adresse postale<\/strong>\u00a0: 86 Douala<br \/>\n<strong>T\u00e9l\u00e9phone\u00a0<\/strong>: 699 36 71 43<br \/>\n<strong>Email<\/strong>\u00a0:<br \/>\n<strong>Site web<\/strong>\u00a0:<br \/>\n<strong>Adresse dans les r\u00e9seaux sociaux\u00a0<\/strong>:<\/p>\n<p><strong>INFORMATIONS SUR LE STATUT D\u2019ACCR\u00c9DITATION<\/strong><\/p>\n<p><strong>Arr\u00eat\u00e9s portant cr\u00e9ation <\/strong>: L\/MINESUP\/SG\/DDES\/ESUP\/SDA\/AEO du 07 novembre 2018<br \/>\n<strong>Autorisation d\u2019ouverture<\/strong>\u00a0: L\/MINESUP\/SG\/DDES\/ESUP\/SDA\/AEO du 07 novembre 2018<\/p>\n<p><strong>FILI\u00c8RES, SP\u00c9CIALIT\u00c9S ET DIPL\u00d4MES AUTORIS\u00c9S<\/strong><\/p>\n<p><strong><u>NOUVEAU REGIME <\/u><\/strong><\/p>\n<ul>\n<li><strong>BTS<\/strong><\/li>\n<\/ul>\n<p><strong><u>Fili\u00e8re<\/u><\/strong>\u00a0: <strong>Commerce-Vente<\/strong><\/p>\n<p><strong><u>Sp\u00e9cialit\u00e9s<\/u><\/strong>\u00a0: Commerce International \u2013 Marketing Commerce Vente<\/p>\n<p><strong><u>Fili\u00e8re<\/u><\/strong>\u00a0: <strong>Gestion<\/strong><\/p>\n<p><strong><u>Sp\u00e9cialit\u00e9s<\/u><\/strong>\u00a0: Banque et Finance \u2013 Comptabilit\u00e9 et Gestion des Entreprises \u2013 Gestion des Ressources Humaines<\/p>\n<p><strong><u>Fili\u00e8re<\/u><\/strong> : <strong>G\u00e9nie Electrique<\/strong><\/p>\n<p><strong><u>Sp\u00e9cialit\u00e9s<\/u><\/strong>\u00a0: Electrotechnique \u2013 Maintenance des Syst\u00e8mes Electroniques<\/p>\n<p><strong><u>Fili\u00e8re<\/u><\/strong> <strong>: G\u00e9nie Civil<\/strong><\/p>\n<p><strong><u>Sp\u00e9cialit\u00e9s<\/u><\/strong>\u00a0: B\u00e2timent \u2013 Travaux Publics<\/p>\n<p><strong><u>Fili\u00e8re<\/u><\/strong> : <strong>G\u00e9nie Thermique<\/strong><\/p>\n<p><strong><u>Sp\u00e9cialit\u00e9<\/u><\/strong>\u00a0: G\u00e9nie Thermique et Energie (<strong><u>Option<\/u><\/strong>\u00a0: Froid et Climatisation)<\/p>\n<p><strong><u>Fili\u00e8re<\/u><\/strong> : <strong>G\u00e9nie M\u00e9canique et Productique<\/strong><\/p>\n<p><strong><u>Sp\u00e9cialit\u00e9<\/u><\/strong><strong>\u00a0: <\/strong>Construction et Fabrication M\u00e9canique<strong> (<u>Option<\/u>\u00a0: <\/strong>Construction M\u00e9canique)<\/p>\n<p><strong><u>Fili\u00e8re<\/u><\/strong> : <strong>G\u00e9nie Informatique<\/strong><\/p>\n<p><strong><u>Sp\u00e9cialit\u00e9s<\/u><\/strong>\u00a0: Maintenance des Syst\u00e8mes Informatiques<\/p>\n<p>&nbsp;<\/p>\n","protected":false},"excerpt":{"rendered":"<p>&#46;&#46;&#46;<\/p>\n","protected":false},"author":2,"featured_media":0,"parent":1743,"menu_order":0,"comment_status":"closed","ping_status":"closed","template":"","meta":[],"_links":{"self":[{"href":"https:\/\/www.minesup.gov.cm\/index.php\/wp-json\/wp\/v2\/pages\/7965"}],"collection":[{"href":"https:\/\/www.minesup.gov.cm\/index.php\/wp-json\/wp\/v2\/pages"}],"about":[{"href":"https:\/\/www.minesup.gov.cm\/index.php\/wp-json\/wp\/v2\/types\/page"}],"author":[{"embeddable":true,"href":"https:\/\/www.minesup.gov.cm\/index.php\/wp-json\/wp\/v2\/users\/2"}],"replies":[{"embeddable":true,"href":"https:\/\/www.minesup.gov.cm\/index.php\/wp-json\/wp\/v2\/comments?post=7965"}],"version-history":[{"count":0,"href":"https:\/\/www.minesup.gov.cm\/index.php\/wp-json\/wp\/v2\/pages\/7965\/revisions"}],"up":[{"embeddable":true,"href":"https:\/\/www.minesup.gov.cm\/index.php\/wp-json\/wp\/v2\/pages\/1743"}],"wp:attachment":[{"href":"https:\/\/www.minesup.gov.cm\/index.php\/wp-json\/wp\/v2\/media?parent=7965"}],"curies":[{"name":"wp","href":"https:\/\/api.w.org\/{rel}","templated":true}]}}