{"id":8060,"date":"2019-06-25T11:01:10","date_gmt":"2019-06-25T09:01:10","guid":{"rendered":"https:\/\/minesup.gov.cm\/?page_id=8060"},"modified":"2019-06-25T11:01:10","modified_gmt":"2019-06-25T09:01:10","slug":"impact-higher-institute-of-leadership-and-international-development","status":"publish","type":"page","link":"https:\/\/www.minesup.gov.cm\/index.php\/region-de-lextreme-de-nord\/impact-higher-institute-of-leadership-and-international-development\/","title":{"rendered":"Impact Higher Institute of Leadership and International Development"},"content":{"rendered":"<p><strong>INFORMATIONS D\u2019IDENTIFICATION<\/strong><\/p>\n<p><strong>Nom de l\u2019institution\u00a0<\/strong>: Impact Higher Institute of Leadership and International Development<br \/>\n<strong>Nom du promoteur<\/strong>\u00a0: FOUMANE MEBA Dieudonn\u00e9<br \/>\n<strong>R\u00e9gion\u00a0<\/strong>: Extr\u00eame nord<br \/>\n<strong>D\u00e9partement\u00a0<\/strong>:<br \/>\n<strong>Arrondissement\u00a0<\/strong>:<br \/>\n<strong>Site de localisation\u00a0<\/strong>:<br \/>\n<strong>Adresse postale<\/strong>\u00a0: Maroua<br \/>\n<strong>B.P<\/strong>.\u00a0: 330<br \/>\n<strong>T\u00e9l\u00e9phone\u00a0<\/strong>: +237\u00a0699\u00a0989\u00a0827\/655037203<br \/>\n<strong>Email<\/strong>\u00a0:<br \/>\n<strong>Site web<\/strong>\u00a0:<br \/>\n<strong>Adresse dans les r\u00e9seaux sociaux\u00a0<\/strong>:<\/p>\n<p><strong>INFORMATIONS SUR LE STATUT D\u2019ACCR\u00c9DITATION<\/strong><\/p>\n<p><strong>Arr\u00eat\u00e9s portant cr\u00e9ation <\/strong>:<br \/>\n<strong>Autorisation d\u2019ouverture<\/strong>\u00a0:<\/p>\n<p><strong>FILI\u00c8RES, SP\u00c9CIALIT\u00c9S ET DIPL\u00d4MES AUTORIS\u00c9S<\/strong><\/p>\n<p><strong>Dipl\u00f4me BTS<\/strong><\/p>\n<p>Fili\u00e8re 1\u00a0: Commerce-vente <em><u>Sp\u00e9cialit\u00e9s\u00a0<\/u>: Commerce International\u00a0; Marketing, commerce vente<\/em><\/p>\n<p>Fili\u00e8re 2\u00a0: Gestion\u00a0 <em><u>Sp\u00e9cialit\u00e9s\u00a0:<\/u> Gestion des ong\u00a0; Gestion des projets\u00a0; Micro finances\u00a0; Assistant manager\u00a0: Ressources humaines\u00a0; Management du sport\u00a0; Gestion des collectivit\u00e9s territoriales\u00a0; banques et finances\u00a0; comptabilit\u00e9 et gestion des entreprises\u00a0; Gestion des syst\u00e8mes d\u2019informations\u00a0; Gestion logistique et transport<\/em><\/p>\n<p>Fili\u00e8re 3\u00a0: Carri\u00e8res juridiques\u00a0 <em><u>Sp\u00e9cialit\u00e9s<\/u>\u00a0: Assistanat judiciaire\u00a0; Droit foncier et domanial\u00a0; Gestion fiscale\u00a0; Droit des affaires et de l\u2019Entreprise<\/em><\/p>\n<p>Fili\u00e8re 4\u00a0: Tourisme <em><u>Sp\u00e9cialit\u00e9s\u00a0:<\/u> tourisme et loisirs<\/em><\/p>\n<p><strong>Fili\u00e8re 5\u00a0: <\/strong>Information et communication <em><u>Sp\u00e9cialit\u00e9s\u00a0<\/u>: Communication des organisations<\/em><\/p>\n<p>Fili\u00e8re 6\u00a0: Sciences de l\u2019Education<em> <u>Sp\u00e9cialit\u00e9s\u00a0<\/u>: Administration scolaire\u00a0; Orientation Scolaire et Professionnelle<\/em><\/p>\n<p>Fili\u00e8re 7\u00a0: G\u00e9nie informatique <em><u>Sp\u00e9cialit\u00e9s\u00a0:<\/u><\/em> <em>G\u00e9nie logiciel\u00a0; Maintenance des Syst\u00e8mes informatiques<\/em><\/p>\n<p><strong>Dipl\u00f4me HND<\/strong><\/p>\n<p>Fili\u00e8re 1\u00a0: Management <em><u>Sp\u00e9cialit\u00e9s\u00a0<\/u>: Assistant manager\u00a0; Human ressources management\u00a0; Logistics and transport\u00a0; <\/em><\/p>\n<p>Fili\u00e8re 2\u00a0: Business and finance <em><u>Sp\u00e9cialit\u00e9s<\/u>\u00a0: Accountancy\u00a0; Banking and finance\u00a0; Insurance\u00a0; International Trade\u00a0; <\/em><\/p>\n<p>Fili\u00e8re 3\u00a0: Home economics and social work <em><u>Sp\u00e9cialit\u00e9s<\/u>\u00a0: Tourism and travel agency management\u00a0; Hotel management and catering<\/em><\/p>\n<p>Fili\u00e8re 4\u00a0: Computer engineering <em><u>Sp\u00e9cialit\u00e9s<\/u>\u00a0: Computer engineering<\/em><\/p>\n<p>Fili\u00e8re 5\u00a0: Education \u00a0<em><u>Sp\u00e9cialit\u00e9s<\/u>\u00a0: Distance and continuing education\u00a0; vocationnal<\/em> \u00a0<em>guidance and counselling\u00a0;<\/em><\/p>\n<p>&nbsp;<\/p>\n<p>&nbsp;<\/p>\n<p>&nbsp;<\/p>\n","protected":false},"excerpt":{"rendered":"<p>&#46;&#46;&#46;<\/p>\n","protected":false},"author":2,"featured_media":0,"parent":1741,"menu_order":0,"comment_status":"closed","ping_status":"closed","template":"","meta":[],"_links":{"self":[{"href":"https:\/\/www.minesup.gov.cm\/index.php\/wp-json\/wp\/v2\/pages\/8060"}],"collection":[{"href":"https:\/\/www.minesup.gov.cm\/index.php\/wp-json\/wp\/v2\/pages"}],"about":[{"href":"https:\/\/www.minesup.gov.cm\/index.php\/wp-json\/wp\/v2\/types\/page"}],"author":[{"embeddable":true,"href":"https:\/\/www.minesup.gov.cm\/index.php\/wp-json\/wp\/v2\/users\/2"}],"replies":[{"embeddable":true,"href":"https:\/\/www.minesup.gov.cm\/index.php\/wp-json\/wp\/v2\/comments?post=8060"}],"version-history":[{"count":0,"href":"https:\/\/www.minesup.gov.cm\/index.php\/wp-json\/wp\/v2\/pages\/8060\/revisions"}],"up":[{"embeddable":true,"href":"https:\/\/www.minesup.gov.cm\/index.php\/wp-json\/wp\/v2\/pages\/1741"}],"wp:attachment":[{"href":"https:\/\/www.minesup.gov.cm\/index.php\/wp-json\/wp\/v2\/media?parent=8060"}],"curies":[{"name":"wp","href":"https:\/\/api.w.org\/{rel}","templated":true}]}}