{"id":8109,"date":"2019-06-25T12:50:39","date_gmt":"2019-06-25T10:50:39","guid":{"rendered":"https:\/\/minesup.gov.cm\/?page_id=8109"},"modified":"2019-06-25T12:50:39","modified_gmt":"2019-06-25T10:50:39","slug":"biaka-university-institute-of-buea-buib","status":"publish","type":"page","link":"https:\/\/www.minesup.gov.cm\/index.php\/region-du-sud-ouest\/biaka-university-institute-of-buea-buib\/","title":{"rendered":"Biaka University Institute of Buea (BUIB)"},"content":{"rendered":"<p><strong>INFORMATIONS D\u2019IDENTIFICATION<\/strong><\/p>\n<p><strong>Nom de l\u2019institution\u00a0<\/strong>: <strong>Biaka University Institute of Buea (BUIB)<\/strong><br \/>\n<strong>Nom du promoteur<\/strong>\u00a0: <strong><em>HONGLA NGO BALOLEGUE Francisca<\/em><\/strong><br \/>\n<strong>R\u00e9gion\u00a0<\/strong>: Sud-Ouest<br \/>\n<strong>D\u00e9partement\u00a0<\/strong>: Fako<br \/>\n<strong>Arrondissement\u00a0<\/strong>: Buea<br \/>\n<strong>Site de localisation\u00a0<\/strong>: <strong>Buea <\/strong>(Bokoko)<br \/>\n<strong>Adresse postale<\/strong>\u00a0: <strong>B.P<\/strong>.\u00a077<br \/>\n<strong>T\u00e9l\u00e9phone\u00a0<\/strong>: +237 677 62 30 66\/ 677 75 94 63<br \/>\n<strong>Email<\/strong>\u00a0:<br \/>\n<strong>Site web<\/strong>\u00a0:<br \/>\n<strong>Adresse dans les r\u00e9seaux sociaux\u00a0<\/strong>:<\/p>\n<p><strong>INFORMATIONS SUR LE STATUT D\u2019ACCR\u00c9DITATION<\/strong><\/p>\n<p><strong>Arr\u00eat\u00e9s portant cr\u00e9ation <\/strong>: N\u00b007\/0019\/MINESUP du <strong>26 f\u00e9vrier 2007<\/strong><br \/>\n<strong>Autorisation d\u2019ouverture<\/strong>\u00a0: N\u00b007\/0020\/MINESUP du 26 f\u00e9vrier 2007<strong> compl\u00e9t\u00e9e par l\u2019arr\u00eat\u00e9<\/strong> N\u00b013\/0050\/MINSUP du 09 janvier 2013<\/p>\n<p><strong>FILI\u00c8RES, SP\u00c9CIALIT\u00c9S ET DIPL\u00d4MES AUTORIS\u00c9S<\/strong><\/p>\n<p><strong>Dipl\u00f4me HND<\/strong><\/p>\n<p><strong><u>Fili\u00e8re 1<\/u><\/strong><strong> : Medical and Biomedical Sciences<\/strong><\/p>\n<p><strong><u>Sp\u00e9cialit\u00e9s<\/u><\/strong><strong> :<\/strong> Nursing &#8211; Medical Laboratory Studies &#8211; Health Care Management &#8211; Nutrition and Dietetics<\/p>\n<p><strong><u>Fili\u00e8re 2<\/u><\/strong><strong> : Education and Professional Development<\/strong><\/p>\n<p><strong><u>Sp\u00e9cialit\u00e9s<\/u><\/strong>:Education (<em><u>Options<\/u><\/em>: Didactics ;Educational Planning and Curriculum; Development ;Educational Management and Administration ;Special Education for the Gifted, the Handicapped)- Vocational Guidance and Student Counseling &#8211; Professional Studies Education.<\/p>\n<p><strong><u>Fili\u00e8re 3<\/u><\/strong><strong> : Business, Finance and Management<\/strong><\/p>\n<p><strong><u>Sp\u00e9cialit\u00e9s<\/u><\/strong><strong>\u00a0<\/strong>: Accountancy &#8211; Banking and Finance &#8211; Marketing &#8211; Insurance &#8211; Management.<\/p>\n<p><strong><u>Fili\u00e8re 4<\/u><\/strong><strong>\u00a0: Home Economics, Tourism and Hotel Management<\/strong><\/p>\n<p><strong><u>Sp\u00e9cialit\u00e9<\/u><\/strong><strong>\u00a0<\/strong>: Tourism and Hotel Management.<\/p>\n<p><strong>Dipl\u00f4me\u00a0:<\/strong> <strong>Licence Professionnelle de l\u2019Universit\u00e9 de Buea<\/strong><\/p>\n<p><strong><u>Fili\u00e8re<\/u><\/strong><strong>\u00a0:<\/strong> <strong>\u00a0Medical and Biomedical Sciences<\/strong><\/p>\n<p><strong><u>Sp\u00e9cialit\u00e9s<\/u><\/strong>\u00a0: <strong>\u00a0<\/strong>Nursing &#8211; Health Care Management &#8211; Nutrition and Dietetics &#8211; Medical Laboratory Studies.<\/p>\n<p>&nbsp;<\/p>\n<p>&nbsp;<\/p>\n","protected":false},"excerpt":{"rendered":"<p>&#46;&#46;&#46;<\/p>\n","protected":false},"author":2,"featured_media":0,"parent":1753,"menu_order":0,"comment_status":"closed","ping_status":"closed","template":"","meta":[],"_links":{"self":[{"href":"https:\/\/www.minesup.gov.cm\/index.php\/wp-json\/wp\/v2\/pages\/8109"}],"collection":[{"href":"https:\/\/www.minesup.gov.cm\/index.php\/wp-json\/wp\/v2\/pages"}],"about":[{"href":"https:\/\/www.minesup.gov.cm\/index.php\/wp-json\/wp\/v2\/types\/page"}],"author":[{"embeddable":true,"href":"https:\/\/www.minesup.gov.cm\/index.php\/wp-json\/wp\/v2\/users\/2"}],"replies":[{"embeddable":true,"href":"https:\/\/www.minesup.gov.cm\/index.php\/wp-json\/wp\/v2\/comments?post=8109"}],"version-history":[{"count":0,"href":"https:\/\/www.minesup.gov.cm\/index.php\/wp-json\/wp\/v2\/pages\/8109\/revisions"}],"up":[{"embeddable":true,"href":"https:\/\/www.minesup.gov.cm\/index.php\/wp-json\/wp\/v2\/pages\/1753"}],"wp:attachment":[{"href":"https:\/\/www.minesup.gov.cm\/index.php\/wp-json\/wp\/v2\/media?parent=8109"}],"curies":[{"name":"wp","href":"https:\/\/api.w.org\/{rel}","templated":true}]}}